{"id":1003,"date":"2023-02-16T04:58:16","date_gmt":"2023-02-16T04:58:16","guid":{"rendered":"https:\/\/tecsecmty.com\/index.php\/producto\/dahua-fullcolorkit-a-kit-de-4-canales-full-color-de-2-megapixeles-con-audio-dvr-cooper-i-wizsense-con-ia-4-camaras-full-color-de-2-megapixeles-con-microfono-integrado-4-ch-1-ip-4-ch-smd-plus\/"},"modified":"2023-03-22T23:22:38","modified_gmt":"2023-03-23T05:22:38","slug":"dahua-fullcolorkit-a-kit-de-4-canales-full-color-de-2-megapixeles-con-audio-dvr-cooper-i-wizsense-con-ia-4-camaras-full-color-de-2-megapixeles-con-microfono-integrado-4-ch-1-ip-4-ch-smd-plus","status":"publish","type":"product","link":"https:\/\/tecsecmty.com\/index.php\/producto\/dahua-fullcolorkit-a-kit-de-4-canales-full-color-de-2-megapixeles-con-audio-dvr-cooper-i-wizsense-con-ia-4-camaras-full-color-de-2-megapixeles-con-microfono-integrado-4-ch-1-ip-4-ch-smd-plus\/","title":{"rendered":"DAHUA FULLCOLORKIT-A &#8211; Kit de 4 Canales Full Color de 2 Megapixeles con Audio\/ DVR Cooper-I WizSense\/ Con IA\/ 4 C\u00e1maras Full color de 2 Megapixeles con Microfono Integrado\/ 4 Ch + 1 IP\/ 4 Ch SMD Plus\/ Accesorios Incluidos\/ Busqueda de Humanos\/ #LoNuevo"},"content":{"rendered":"<div class=\"row aling-items-center padding-bottom-2x\">\n<div class=\"col-lg-12\">\n<h5 class=\"card-title text-center\">Informaci\u00f3n general<\/h5>\n<h5 class=\"ql-align-justify\">La serie Lite es adecuada para usuarios que requieren productos de monitoreo de alta calidad a un precio razonable. Es rentable y ofrece un alto rendimiento, lo que lo convierte en una opci\u00f3n ideal para aplicaciones residenciales y de peque\u00f1as y medianas empresas. Esta serie ofrece una opci\u00f3n de una amplia gama de tecnolog\u00edas como Full-color y Starlight, brindando varias soluciones para diferentes escenarios.<\/h5>\n<h5 class=\"ql-align-justify\"><\/h5>\n<h5 class=\"ql-align-justify\">Dahua Technology, un proveedor de servicios y soluciones de IoT inteligente centrado en video l\u00edder en el mundo, present\u00f3 su nueva serie XVR, la serie Cooper-I con SMD Plus de canal completo m\u00e1x. para beneficiar a los clientes de la actualizaci\u00f3n de IA (la cantidad de canales difiere seg\u00fan el Consulte las especificaciones a continuaci\u00f3n para obtener informaci\u00f3n sobre el n\u00famero de canales). Esta serie ha sido desarrollada para reducir las tasas de falsas alarmas y el costo de la vigilancia humana, brindando as\u00ed un gran valor a los clientes que buscan productos con alarmas precisas para humanos\/veh\u00edculos para elevar el nivel de seguridad de varias instalaciones interiores y exteriores.<\/h5>\n<p><img decoding=\"async\" class=\"overview-center-img-web\" src=\"https:\/\/tvc.mx\/media\/614627\/FULLCOLORKIT-A--Kit-4-Canales-Full-Color-2-Megapixeles-Audio-DVR-Cooper-I-con-IA-H.png\" alt=\"KIT\" \/><\/div>\n<\/div>\n<div class=\"row align-items-center padding-bottom-2x\">\n<div class=\"col-md-5\"><img decoding=\"async\" class=\"d-block m-auto img-thumbnail\" src=\"https:\/\/tvc.mx\/media\/614631\/full-color-dahua.png\" alt=\" Full color\" \/><\/div>\n<div class=\"col-md-7 text-md-left text-center\">\n<h2>A todo color<\/h2>\n<p class=\"text-muted\">\n<h5 class=\"ql-align-justify\">La c\u00e1mara a todo color adopta una lente de gran apertura y un sensor de alto rendimiento. Con una mayor cantidad de luz absorbida y un algoritmo avanzado de procesamiento de im\u00e1genes, la c\u00e1mara proporciona monitoreo de color las 24 horas, los 7 d\u00edas de la semana que recopila informaci\u00f3n clara y v\u00edvida, lo que aumenta significativamente la probabilidad de recopilar evidencia humana, de veh\u00edculos y de eventos v\u00e1lida que se puede usar para un an\u00e1lisis inteligente adicional.<\/h5>\n<p>&nbsp;<\/p>\n<\/div>\n<\/div>\n<hr class=\"padding-bottom-2x\" \/>\n<div class=\"row align-items-center padding-bottom-2x\">\n<div class=\"col-md-5 order-md-2\"><img decoding=\"async\" class=\"d-block m-auto img-thumbnail\" src=\"https:\/\/tvc.mx\/media\/614639\/4-se%C3%B1ales-sobre-1-cable-coaxial-Dahua.png\" alt=\" 4 se\u00f1ales sobre 1 cable coaxial\" \/><\/div>\n<div class=\"col-md-7 order-md-1 text-md-left text-center\">\n<h2>4 Se\u00f1ales sobre cable coaxial<\/h2>\n<p class=\"text-muted\">\n<h5 class=\"ql-align-justify\">La tecnolog\u00eda HDCVI admite la transmisi\u00f3n simult\u00e1nea de 4 se\u00f1ales a trav\u00e9s de 1 cable coaxial, es decir, video, audio*, datos y alimentaci\u00f3n. La transmisi\u00f3n de datos bidireccional permite que la c\u00e1mara HDCVI interact\u00fae con el XVR, como enviar una se\u00f1al de control o activar una alarma. Adem\u00e1s, la tecnolog\u00eda HDCVI es compatible con PoC para la flexibilidadde la construcci\u00f3n.<\/h5>\n<p>&nbsp;<\/p>\n<\/div>\n<\/div>\n<hr class=\"padding-bottom-2x\" \/>\n<div class=\"row align-items-center padding-bottom-2x\">\n<div class=\"col-md-5\"><img decoding=\"async\" class=\"d-block m-auto img-thumbnail\" src=\"https:\/\/tvc.mx\/media\/614651\/IP67-dahua.png\" alt=\" \" \/><\/div>\n<div class=\"col-md-7 text-md-left text-center\">\n<h2>Protecci\u00f3n (IP67, amplio voltaje)<\/h2>\n<p class=\"text-muted\">\n<h5 class=\"ql-align-justify\">IP67: la c\u00e1mara pasa una serie de pruebas estrictas sobre polvo y remojo. Tiene una funci\u00f3n a prueba de polvo y la carcasa puede funcionar normalmente despu\u00e9s de sumergirse en agua a 1 m de profundidad durante 30 minutos.<\/h5>\n<h5 class=\"ql-align-justify\"><\/h5>\n<h5 class=\"ql-align-justify\">Amplio voltaje: la c\u00e1mara permite una tolerancia de voltaje de entrada de \u00b130 % (para algunas fuentes de alimentaci\u00f3n) (amplio rango de voltaje) y se aplica ampliamente en ambientes exteriores con voltaje inestable.<\/h5>\n<p>&nbsp;<\/p>\n<\/div>\n<\/div>\n<hr class=\"padding-bottom-2x\" \/>\n<div class=\"row align-items-center padding-bottom-2x\">\n<div class=\"col-md-5 order-md-2\"><img decoding=\"async\" class=\"d-block m-auto img-thumbnail\" src=\"https:\/\/tvc.mx\/media\/614659\/SMD-plus-Dahua.png\" alt=\" \" \/><\/div>\n<div class=\"col-md-7 order-md-1 text-md-left text-center\">\n<h2>SMD m\u00e1s<\/h2>\n<p class=\"text-muted\">\n<h5 class=\"ql-align-justify\">Con un algoritmo inteligente, la tecnolog\u00eda de detecci\u00f3n de movimiento inteligente de Dahua puede categorizar los objetivos que activan la detecci\u00f3n de movimiento y filtrar la alarma de detecci\u00f3n de movimiento activada por objetivos no afectados para generar una alarma efectiva y precisa.<\/h5>\n<p>&nbsp;<\/p>\n<\/div>\n<\/div>\n<hr class=\"padding-bottom-2x\" \/>\n<div class=\"row align-items-center padding-bottom-2x\">\n<div class=\"col-md-5\"><img decoding=\"async\" class=\"d-block m-auto img-thumbnail\" src=\"https:\/\/tvc.mx\/media\/614667\/FULLCOLORKIT-A--Kit-4-Canales-Full-Color-2-Megapixeles-Audio-DVR-Cooper-I-con-IA-H-caracteristicas-principales.png\" alt=\" \" \/><\/div>\n<div class=\"col-md-7 text-md-left text-center\">\n<h2>Caracter\u00edsticas Principales C\u00e1mara tipo bala<\/h2>\n<p class=\"text-muted\">\n<h5 class=\"ql-align-justify\">\u00b7Im\u00e1genes en color 24\/7, m\u00e1x. 30 fps@1080p<\/h5>\n<h5 class=\"ql-align-justify\">\u00b7 Distancia de iluminaci\u00f3n de 20 m<\/h5>\n<h5 class=\"ql-align-justify\">\u00b7 Super Adapt, WDR real de 130 dB, 3D NR<\/h5>\n<h5 class=\"ql-align-justify\">\u00b7 Micr\u00f3fono incorporado (-A)<\/h5>\n<h5 class=\"ql-align-justify\">\u00b7 Lente fija de 3,6 mm (2,8 mm opcional)<\/h5>\n<h5 class=\"ql-align-justify\">\u00b7 CVI\/CVBS\/AHD\/TVI conmutable<\/h5>\n<h5 class=\"ql-align-justify\">\u00b7 IP67, 12 V CC<\/h5>\n<p>&nbsp;<\/p>\n<\/div>\n<\/div>\n<hr class=\"padding-bottom-2x\" \/>\n<div class=\"row align-items-center padding-bottom-2x\">\n<div class=\"col-md-5 order-md-2\"><img decoding=\"async\" class=\"d-block m-auto img-thumbnail\" src=\"https:\/\/tvc.mx\/media\/614675\/FULLCOLORKIT-A--Kit-4-Canales-Full-Color-2-Megapixeles-Audio-DVR-Cooper-I-con-IA-H-caracteristicas-principales2.png\" alt=\" \" \/><\/div>\n<div class=\"col-md-7 order-md-1 text-md-left text-center\">\n<h2>Caracter\u00edsticas Principales grabador de video digital<\/h2>\n<p class=\"text-muted\">\n<h5 class=\"ql-align-justify\"><strong>\u00b7\u00a0<\/strong>Compresi\u00f3n de video de flujo dual H.265+\/H.265.<\/h5>\n<h5 class=\"ql-align-justify\"><strong>\u00b7\u00a0<\/strong>Soporta codificaci\u00f3n AI de canal completo.<\/h5>\n<h5 class=\"ql-align-justify\"><strong>\u00b7\u00a0<\/strong>Admite entradas de video HDCVI\/AHD\/TVI\/CVBS\/IP.<\/h5>\n<h5 class=\"ql-align-justify\"><strong>\u00b7\u00a0<\/strong>Entradas de c\u00e1mara IP de 5 canales como m\u00e1ximo, cada canal hasta 2MP; Ancho de banda entrante m\u00e1ximo de 20 Mbps.<\/h5>\n<h5 class=\"ql-align-justify\"><strong>\u00b7\u00a0<\/strong>Larga distancia de transmisi\u00f3n por cable coaxial.<\/h5>\n<h5 class=\"ql-align-justify\"><strong>\u00b7\u00a0<\/strong>Transmisi\u00f3n de video de hasta 4 canales (canal anal\u00f3gico) SMD Plus.<\/h5>\n<p>&nbsp;<\/p>\n<\/div>\n<\/div>\n<hr class=\"padding-bottom-2x\" \/>\n<div class=\"row align-items-center padding-bottom-2x\">\n<div class=\"col-md-5\"><img decoding=\"async\" class=\"d-block m-auto img-thumbnail\" src=\"https:\/\/tvc.mx\/media\/614691\/FULLCOLORKIT-A--Kit-4-Canales-Full-Color-2-Megapixeles-Audio-DVR-Cooper-I-con-IA-H-Especificaciones-tecnicas.png\" alt=\" \" \/><\/div>\n<div class=\"col-md-7 text-md-left text-center\">\n<h2>Especificaciones T\u00e9cnicas C\u00e1mara tipo bala<\/h2>\n<p class=\"text-muted\">\n<h5 class=\"ql-align-justify\">\u00b7CMOS de 1\/2,8&#8243;<\/h5>\n<h5 class=\"ql-align-justify\">\u00b7M\u00e1x. Resoluci\u00f3n 1920 (H) x 1080 (v)<\/h5>\n<h5 class=\"ql-align-justify\">\u00b7P\u00edxel 2MP<\/h5>\n<h5 class=\"ql-align-justify\">\u00b7Sistema de escaneo progresivo<\/h5>\n<h5 class=\"ql-align-justify\">\u00b7Velocidad de obturaci\u00f3n electr\u00f3nica:\u00a0PAL: 1\/25 s\u20131\/100 000 s NTSC: 1\/30 s\u20131\/100 000 s<\/h5>\n<h5 class=\"ql-align-justify\">\u00b7Relaci\u00f3n se\u00f1al\/ruido: &gt;65 dB<\/h5>\n<p>&nbsp;<\/p>\n<\/div>\n<\/div>\n<hr class=\"padding-bottom-2x\" \/>\n<div class=\"row align-items-center padding-bottom-2x\">\n<div class=\"col-md-5 order-md-2\"><img decoding=\"async\" class=\"d-block m-auto img-thumbnail\" src=\"https:\/\/tvc.mx\/media\/614711\/FULLCOLORKIT-A--Kit-4-Canales-Full-Color-2-Megapixeles-Audio-DVR-Cooper-I-con-IA-H-Especificaciones-tecnicas1.png\" alt=\" \" \/><\/div>\n<div class=\"col-md-7 order-md-1 text-md-left text-center\">\n<h2>Especificaciones T\u00e9cnicas<\/h2>\n<p class=\"text-muted\">\n<h5>\u00b7Procesador de grado industrial<\/h5>\n<h5>\u00b7Sistema operativo: Linux integrado<\/h5>\n<h5>\u00b7Interfaz de operaci\u00f3n: Web; interfaz gr\u00e1fica de usuario local<\/h5>\n<h5>\u00b74 canales: filtrado secundario para humanos y vehiculos de motor, lo que reduce falsas alarmas causadas por hojas de lluvia y cambios en la iluminaci\u00f3n.<\/h5>\n<\/div>\n<\/div>\n","protected":false},"excerpt":{"rendered":"<p>Informaci\u00f3n general La serie Lite es adecuada para usuarios que requieren productos de monitoreo de alta calidad a un precio razonable. Es rentable y ofrece un alto rendimiento, lo que lo convierte en una opci\u00f3n ideal para aplicaciones residenciales y de peque\u00f1as y medianas empresas.&hellip;<\/p>\n","protected":false},"featured_media":1002,"comment_status":"open","ping_status":"closed","template":"","meta":{"om_disable_all_campaigns":false,"_monsterinsights_skip_tracking":false,"_monsterinsights_sitenote_active":false,"_monsterinsights_sitenote_note":"","_monsterinsights_sitenote_category":0},"product_brand":[],"product_cat":[65],"product_tag":[42,38,66,67,68],"class_list":{"0":"post-1003","1":"product","2":"type-product","3":"status-publish","4":"has-post-thumbnail","6":"product_cat-kit-4-camaras","7":"product_tag-camaras","8":"product_tag-camaras-de-seguridad","9":"product_tag-dahua","10":"product_tag-kits","11":"product_tag-kits-de-camaras","13":"first","14":"instock","15":"sale","16":"taxable","17":"shipping-taxable","18":"purchasable","19":"product-type-simple"},"aioseo_notices":[],"_links":{"self":[{"href":"https:\/\/tecsecmty.com\/index.php\/wp-json\/wp\/v2\/product\/1003","targetHints":{"allow":["GET"]}}],"collection":[{"href":"https:\/\/tecsecmty.com\/index.php\/wp-json\/wp\/v2\/product"}],"about":[{"href":"https:\/\/tecsecmty.com\/index.php\/wp-json\/wp\/v2\/types\/product"}],"replies":[{"embeddable":true,"href":"https:\/\/tecsecmty.com\/index.php\/wp-json\/wp\/v2\/comments?post=1003"}],"version-history":[{"count":0,"href":"https:\/\/tecsecmty.com\/index.php\/wp-json\/wp\/v2\/product\/1003\/revisions"}],"wp:featuredmedia":[{"embeddable":true,"href":"https:\/\/tecsecmty.com\/index.php\/wp-json\/wp\/v2\/media\/1002"}],"wp:attachment":[{"href":"https:\/\/tecsecmty.com\/index.php\/wp-json\/wp\/v2\/media?parent=1003"}],"wp:term":[{"taxonomy":"product_brand","embeddable":true,"href":"https:\/\/tecsecmty.com\/index.php\/wp-json\/wp\/v2\/product_brand?post=1003"},{"taxonomy":"product_cat","embeddable":true,"href":"https:\/\/tecsecmty.com\/index.php\/wp-json\/wp\/v2\/product_cat?post=1003"},{"taxonomy":"product_tag","embeddable":true,"href":"https:\/\/tecsecmty.com\/index.php\/wp-json\/wp\/v2\/product_tag?post=1003"}],"curies":[{"name":"wp","href":"https:\/\/api.w.org\/{rel}","templated":true}]}}