{"id":1013,"date":"2023-02-16T04:58:24","date_gmt":"2023-02-16T04:58:24","guid":{"rendered":"https:\/\/tecsecmty.com\/index.php\/producto\/dahua-kitxvr1b04h-i4b2a51-kit-de-4-canales-de-5-megapixeles-dvr-cooper-i-wizsense-con-ia-h-265-4-camaras-b2a51-metalicas-4-canales-1-ip-o-hasta-5-canales-ip-4-canales-smd-plus-busqueda-de\/"},"modified":"2023-03-22T23:22:56","modified_gmt":"2023-03-23T05:22:56","slug":"dahua-kitxvr1b04h-i4b2a51-kit-de-4-canales-de-5-megapixeles-dvr-cooper-i-wizsense-con-ia-h-265-4-camaras-b2a51-metalicas-4-canales-1-ip-o-hasta-5-canales-ip-4-canales-smd-plus-busqueda-de","status":"publish","type":"product","link":"https:\/\/tecsecmty.com\/index.php\/producto\/dahua-kitxvr1b04h-i4b2a51-kit-de-4-canales-de-5-megapixeles-dvr-cooper-i-wizsense-con-ia-h-265-4-camaras-b2a51-metalicas-4-canales-1-ip-o-hasta-5-canales-ip-4-canales-smd-plus-busqueda-de\/","title":{"rendered":"DAHUA KITXVR1B04H-I+4B2A51 &#8211; Kit de 4 Canales de 5 Megapixeles\/ DVR Cooper-I WizSense\/ Con IA\/ H.265+\/ 4 Camaras B2A51 Metalicas\/ 4 Canales + 1 IP o Hasta 5 Canales IP\/ 4 Canales SMD Plus\/ Busqueda de Humanos y Vehiculos\/ Accesorios Incluidos\/"},"content":{"rendered":"<div class=\"row align-items-center padding-bottom-2x\">\n<div class=\"col-md-5 order-md-2\"><img decoding=\"async\" class=\"d-block m-auto img-thumbnail\" src=\"https:\/\/tvc.mx\/media\/400279\/kit-de-4-canales-de-5-megapixeles-XVR1B04H-I-dahua.png\" alt=\" \" \/><\/div>\n<div class=\"col-md-7 order-md-1 text-md-left text-center\">\n<h2>Caracter\u00edsticas DVR<\/h2>\n<p class=\"text-muted\">\n<p>El\u00a0<strong>XVR1B04H-I<\/strong>\u00a0es un\u00a0DVR\u00a0Cooper\u00a0con\u00a0SMD Plus\u00a0que pertenece a la serie\u00a0WizSense\u00a0con\u00a0Inteligencia Artificial, est\u00e1 dise\u00f1ado para reducir las tasas de falsas alarmas y los costos de vigilancia humana, lo que brinda un gran valor a los clientes en busca de productos con alarma precisa para personas \/ veh\u00edculos para elevar el nivel de seguridad de varias instalaciones interiores y exteriores.\u00a0Este grabador soporta\u00a04\u00a0canales HDCVI 5MP Lite\u00a0m\u00e1s\u00a02 canales Ip\u00a0( 6Mp m\u00e1ximo )\u00a04 canales SMD Plus\u00a0y una\u00a0codificaci\u00f3n inteligente\u00a0en sus 4 canales.<\/p>\n<p>&nbsp;<\/p>\n<\/div>\n<\/div>\n<hr class=\"padding-bottom-2x\" \/>\n<div class=\"row align-items-center padding-bottom-2x\">\n<div class=\"col-md-5\"><img decoding=\"async\" class=\"d-block m-auto img-thumbnail\" src=\"https:\/\/tvc.mx\/media\/400283\/codificacion-de-video-inteligente-dahua.png\" alt=\" \" \/><\/div>\n<div class=\"col-md-7 text-md-left text-center\">\n<h2>Codificaci\u00f3n de Video Inteligente<\/h2>\n<p class=\"text-muted\">\n<p>El grabador\u00a0<strong>XVR1B04H-I<\/strong>\u00a0con su chip de inteligencia artificial permite tener una\u00a0codificaci\u00f3n de video inteligente, realizando el reconocimiento de las personas y veh\u00edculos en movimiento, si no hay personas o veh\u00edculos en la imagen reduce el ancho de banda de inmediato. El c\u00f3dec AI puede\u00a0reducir hasta un 50%\u00a0la tasa de bits y requisitos de almacenamiento sin perder la compatibilidad de decodificaci\u00f3n.<\/p>\n<p>&nbsp;<\/p>\n<\/div>\n<\/div>\n<hr class=\"padding-bottom-2x\" \/>\n<div class=\"row align-items-center padding-bottom-2x\">\n<div class=\"col-md-5 order-md-2\"><img decoding=\"async\" class=\"d-block m-auto img-thumbnail\" src=\"https:\/\/tvc.mx\/media\/400339\/kit-de-4-canales-de-5-megapixeles-4B2A51-dahua.png\" alt=\" \" \/><\/div>\n<div class=\"col-md-7 order-md-1 text-md-left text-center\">\n<h2>Caracter\u00edsticas C\u00e1mara<\/h2>\n<p class=\"text-muted\">\n<p>Experimente video HD de 5MP y la simplicidad de usar cableado existente infraestructura con HDCVI. Caracter\u00edsticas de la c\u00e1mara Cooper serie 5MP HDCVI un dise\u00f1o compacto y ofrece una imagen de alta calidad a un precio asequible. Eso ofrece varios modelos de lentes vari focales \/ fijas con OSD en varios idiomas y salida conmutable HD \/ SD. Su flexibilidad estructural y su alto rendimiento econ\u00f3mico hacen que la c\u00e1mara sea una opci\u00f3n ideal para soluciones SMB.(Negocios peque\u00f1os y medianos)<\/p>\n<p>&nbsp;<\/p>\n<\/div>\n<\/div>\n<hr class=\"padding-bottom-2x\" \/>\n<div class=\"row align-items-center padding-bottom-2x\">\n<div class=\"col-md-5\"><img decoding=\"async\" class=\"d-block m-auto img-thumbnail\" src=\"https:\/\/tvc.mx\/media\/400343\/Smart-IR-Dahua.png\" alt=\" \" \/><\/div>\n<div class=\"col-md-7 text-md-left text-center\">\n<h2>Smart IR<\/h2>\n<p class=\"text-muted\">\n<p>La c\u00e1mara est\u00e1 dise\u00f1ada con iluminaci\u00f3n LED IR microcristalina para una mejor rendimiento con poca luz. Smart IR es una tecnolog\u00eda para garantizar el brillo, uniformidad en la imagen B \/ N con poca iluminaci\u00f3n. IR inteligente exclusivo de Dahua se ajusta a la intensidad de los LED infrarrojos de la c\u00e1mara para compensar la distancia de un objeto, y evita que los LED de infrarrojos sobreexpongan im\u00e1genes como el objeto se acerca a la c\u00e1mara.<\/p>\n<p>&nbsp;<\/p>\n<\/div>\n<\/div>\n<hr class=\"padding-bottom-2x\" \/>\n<div class=\"row align-items-center padding-bottom-2x\">\n<div class=\"col-md-5 order-md-2\"><img decoding=\"async\" class=\"d-block m-auto img-thumbnail\" src=\"https:\/\/tvc.mx\/media\/400347\/tabla-de-compayibilidad-de-HDD-para-equipo-dahua.png\" alt=\" \" \/><\/div>\n<div class=\"col-md-7 order-md-1 text-md-left text-center\">\n<h2>Tabla de compatibilidad HDD<\/h2>\n<p class=\"text-muted\">\n<p>El almacenamiento es parte fundamental de un sistema de videovigilancia por tal motivo te recomendamos revisar nuestra lista de compatibilidad antes de seleccionar un disco duro (HDD).<\/p>\n<p>https:\/\/foro.tvc.mx\/docs\/lista-compatibilidad-hdd<\/p>\n<p>&nbsp;<\/p>\n<\/div>\n<\/div>\n<hr class=\"padding-bottom-2x\" \/>\n<div class=\"row align-items-center padding-bottom-2x\">\n<div class=\"col-md-5\"><img decoding=\"async\" class=\"d-block m-auto img-thumbnail\" src=\"https:\/\/tvc.mx\/media\/400351\/kit-de-4-canales-de-5-megapixeles-KITXVR1B04H-I%2B4B2A51-dahua.png\" alt=\" \" \/><\/div>\n<div class=\"col-md-7 text-md-left text-center\">\n<h2>Principales Caracter\u00edsticas<\/h2>\n<p class=\"text-muted\">\n<p><strong>Principales Caracter\u00edsticas C\u00e1mara<\/strong><\/p>\n<ul>\n<li>Max. 25 fps @ 5MP (salida de video 16: 9)<\/li>\n<li>CVI \/ CVBS \/ AHD \/ TVI conmutable<\/li>\n<li>Lente fija de 3,6 mm (2,8 mm opcional)<\/li>\n<li>M\u00e1x. IR longitud 20 m, IR inteligente<\/li>\n<li>IP67, DC12VV<\/li>\n<li>Aluminio<\/li>\n<li>Lente de c\u00e1mara 3.6 mm<\/li>\n<\/ul>\n<p><strong>Principales Caracter\u00edsticas DVR<\/strong><\/p>\n<ul>\n<li>Compresi\u00f3n de video de doble flujo H.265 + \/ H.265.<\/li>\n<li>Admite codificaci\u00f3n AI de canal completo.<\/li>\n<li>Admite entradas de video HDCVI \/ AHD \/ TVI \/ CVBS \/ IP.<\/li>\n<li>Soporta hasta 5MP Lite en c\u00e1maras HDCVI.<\/li>\n<li>Se pueden agregar hasta 2 c\u00e1maras IP ( 6Mp m\u00e1ximo ).<\/li>\n<li>Larga distancia de transmisi\u00f3n por cable coaxial.<\/li>\n<li>Soporta hasta 4 canales SMD Plus.<\/li>\n<li>Codificaci\u00f3n Inteligente.<\/li>\n<li>Interfaz monitor 1 HDMI, 1 VGA.<\/li>\n<li>Interfaz red 1 puerto RJ-45 (100 MB).<\/li>\n<li>Max. Acceso de usuario 128.<\/li>\n<li>1 puerto SATA, hasta 6 TB de capacidad.<\/li>\n<li>Peso Neto sin Disco Duro\u00a00.57 kg.<\/li>\n<li>Dimensiones 198.3 mm \u00d7 203.4 mm \u00d7 41.5 mm.<\/li>\n<\/ul>\n<p>&nbsp;<\/p>\n<\/div>\n<\/div>\n<hr class=\"padding-bottom-2x\" \/>\n<div class=\"row align-items-center padding-bottom-2x\">\n<div class=\"col-md-5 order-md-2\"><img decoding=\"async\" class=\"d-block m-auto img-thumbnail\" src=\"https:\/\/tvc.mx\/media\/400359\/kit-de-4-canales-de-5-megapixeles-KITXVR1B04H-I%2B4B2A51-dahua-pp-caracteristicas.png\" alt=\" \" \/><\/div>\n<div class=\"col-md-7 order-md-1 text-md-left text-center\">\n<h2>Incluye<\/h2>\n<p class=\"text-muted\">\n<ul>\n<li>1 DVR\u00a0COOPER XVR1B04H-I<\/li>\n<li>4 c\u00e1maras Bullet met\u00e1licas\u00a0COOPER B2A51.<\/li>\n<li>4 rollos de cable siam\u00e9s 18m.<\/li>\n<li>1 Fuente de poder para DVR.<\/li>\n<li>1 Fuente de poder (para 4 c\u00e1maras).<\/li>\n<li>1 Pulpos para 4 c\u00e1maras c\/u.<\/li>\n<\/ul>\n<\/div>\n<\/div>\n","protected":false},"excerpt":{"rendered":"<p>Caracter\u00edsticas DVR El\u00a0XVR1B04H-I\u00a0es un\u00a0DVR\u00a0Cooper\u00a0con\u00a0SMD Plus\u00a0que pertenece a la serie\u00a0WizSense\u00a0con\u00a0Inteligencia Artificial, est\u00e1 dise\u00f1ado para reducir las tasas de falsas alarmas y los costos de vigilancia humana, lo que brinda un gran valor a los clientes en busca de productos con alarma precisa para personas \/ veh\u00edculos&hellip;<\/p>\n","protected":false},"featured_media":1012,"comment_status":"open","ping_status":"closed","template":"","meta":{"om_disable_all_campaigns":false,"_monsterinsights_skip_tracking":false,"_monsterinsights_sitenote_active":false,"_monsterinsights_sitenote_note":"","_monsterinsights_sitenote_category":0},"product_brand":[],"product_cat":[65],"product_tag":[42,38,66,67,68],"class_list":{"0":"post-1013","1":"product","2":"type-product","3":"status-publish","4":"has-post-thumbnail","6":"product_cat-kit-4-camaras","7":"product_tag-camaras","8":"product_tag-camaras-de-seguridad","9":"product_tag-dahua","10":"product_tag-kits","11":"product_tag-kits-de-camaras","13":"first","14":"instock","15":"sale","16":"taxable","17":"shipping-taxable","18":"purchasable","19":"product-type-simple"},"aioseo_notices":[],"_links":{"self":[{"href":"https:\/\/tecsecmty.com\/index.php\/wp-json\/wp\/v2\/product\/1013","targetHints":{"allow":["GET"]}}],"collection":[{"href":"https:\/\/tecsecmty.com\/index.php\/wp-json\/wp\/v2\/product"}],"about":[{"href":"https:\/\/tecsecmty.com\/index.php\/wp-json\/wp\/v2\/types\/product"}],"replies":[{"embeddable":true,"href":"https:\/\/tecsecmty.com\/index.php\/wp-json\/wp\/v2\/comments?post=1013"}],"version-history":[{"count":0,"href":"https:\/\/tecsecmty.com\/index.php\/wp-json\/wp\/v2\/product\/1013\/revisions"}],"wp:featuredmedia":[{"embeddable":true,"href":"https:\/\/tecsecmty.com\/index.php\/wp-json\/wp\/v2\/media\/1012"}],"wp:attachment":[{"href":"https:\/\/tecsecmty.com\/index.php\/wp-json\/wp\/v2\/media?parent=1013"}],"wp:term":[{"taxonomy":"product_brand","embeddable":true,"href":"https:\/\/tecsecmty.com\/index.php\/wp-json\/wp\/v2\/product_brand?post=1013"},{"taxonomy":"product_cat","embeddable":true,"href":"https:\/\/tecsecmty.com\/index.php\/wp-json\/wp\/v2\/product_cat?post=1013"},{"taxonomy":"product_tag","embeddable":true,"href":"https:\/\/tecsecmty.com\/index.php\/wp-json\/wp\/v2\/product_tag?post=1013"}],"curies":[{"name":"wp","href":"https:\/\/api.w.org\/{rel}","templated":true}]}}