{"id":1020,"date":"2023-02-16T05:07:41","date_gmt":"2023-02-16T05:07:41","guid":{"rendered":"https:\/\/tecsecmty.com\/index.php\/producto\/dahua-kitxvr1b08-i8-b1a21-kit-de-8-canales-2-megapixeles-dvr-cooper-i-wizsense-con-ia-h-265-8-camaras-b1a21-1080p-8-canales-2-ip-o-hasta-10-canales-ip-4-canales-smd-plus-busqueda-de-human\/"},"modified":"2023-03-22T23:22:57","modified_gmt":"2023-03-23T05:22:57","slug":"dahua-kitxvr1b08-i8-b1a21-kit-de-8-canales-2-megapixeles-dvr-cooper-i-wizsense-con-ia-h-265-8-camaras-b1a21-1080p-8-canales-2-ip-o-hasta-10-canales-ip-4-canales-smd-plus-busqueda-de-human","status":"publish","type":"product","link":"https:\/\/tecsecmty.com\/index.php\/producto\/dahua-kitxvr1b08-i8-b1a21-kit-de-8-canales-2-megapixeles-dvr-cooper-i-wizsense-con-ia-h-265-8-camaras-b1a21-1080p-8-canales-2-ip-o-hasta-10-canales-ip-4-canales-smd-plus-busqueda-de-human\/","title":{"rendered":"DAHUA KITXVR1B08- I+8-B1A21- Kit de 8 Canales 2 Megapixeles\/ DVR Cooper-I WizSense\/ Con IA\/ H.265+\/ 8 Camaras B1A21 1080p\/ 8 Canales + 2 IP o Hasta 10 Canales IP\/ 4 Canales SMD Plus\/ Busqueda de Humanos y Vehiculos\/ Accesorios Incluidos\/"},"content":{"rendered":"<div class=\"row align-items-center padding-bottom-2x\">\n<div class=\"col-md-5\"><img decoding=\"async\" class=\"d-block m-auto img-thumbnail\" src=\"https:\/\/tvc.mx\/media\/402855\/Dahua-DH-XVR1B08-I%2B8-B2A21-Grabador-8-Canales-Inteligencia-imagen-principal.png\" alt=\" \" \/><\/div>\n<div class=\"col-md-7 text-md-left text-center\">\n<h2>Informaci\u00f3n General del DVR<\/h2>\n<p class=\"text-muted\">\n<p>Este kit de vigilancia est\u00e1 conformado por el grabador COOPER\u00a0<strong>XVR1B08-I<\/strong>, el cual es\u00a0<strong>DVR Cooper<\/strong>\u00a0con\u00a0<strong>SMD Plus<\/strong>\u00a0que pertenece a la serie\u00a0<strong>WizSense<\/strong>\u00a0con\u00a0<strong>Inteligencia Artificial<\/strong>, puede reducir las tasas de falsas alarmas y los costos de vigilancia humana, con alarma precisa para personas y\/o veh\u00edculos. Este grabador soporta\u00a0<strong>8 canales HDCVI 1080MP Lite<\/strong>\u00a0m\u00e1s 2 canales Ip ( 6Mp m\u00e1ximo ) y una\u00a0<strong>codificaci\u00f3n inteligente<\/strong>\u00a0en sus 8 canales.<\/p>\n<p>&nbsp;<\/p>\n<\/div>\n<\/div>\n<hr class=\"padding-bottom-2x\" \/>\n<div class=\"row align-items-center padding-bottom-2x\">\n<div class=\"col-md-5 order-md-2\"><img decoding=\"async\" class=\"d-block m-auto img-thumbnail\" src=\"https:\/\/tvc.mx\/media\/402859\/puerto-extra-dahua.png\" alt=\" \" \/><\/div>\n<div class=\"col-md-7 order-md-1 text-md-left text-center\">\n<h2>Canales IP Adicionales<\/h2>\n<p class=\"text-muted\">\n<p>El\u00a0<strong>KIT1B08-I<\/strong>\u00a0permite la transmisi\u00f3n de 2 canales IP adicionales, los cuales soportan camaras IP de hasta 6MP, adicionales a los canales de c\u00e1maras anal\u00f3gicas.<\/p>\n<p>&nbsp;<\/p>\n<\/div>\n<\/div>\n<hr class=\"padding-bottom-2x\" \/>\n<div class=\"row align-items-center padding-bottom-2x\">\n<div class=\"col-md-5\"><img decoding=\"async\" class=\"d-block m-auto img-thumbnail\" src=\"https:\/\/tvc.mx\/media\/402863\/tabla-de-compayibilidad-de-HDD-para-equipo-dahua.png\" alt=\" \" \/><\/div>\n<div class=\"col-md-7 text-md-left text-center\">\n<h2>Tabla de compatibilidad HDD<\/h2>\n<p class=\"text-muted\">\n<p>Tabla de compatibilidad HDD<\/p>\n<p>El almacenamiento es parte fundamental de un sistema de videovigilancia por tal motivo te recomendamos revisar nuestra lista de compatibilidad antes de seleccionar un disco duro (HDD).<\/p>\n<p>https:\/\/foro.tvc.mx\/docs\/lista-compatibilidad-hdd<\/p>\n<p>&nbsp;<\/p>\n<\/div>\n<\/div>\n<hr class=\"padding-bottom-2x\" \/>\n<div class=\"row align-items-center padding-bottom-2x\">\n<div class=\"col-md-5 order-md-2\"><img decoding=\"async\" class=\"d-block m-auto img-thumbnail\" src=\"https:\/\/tvc.mx\/media\/402867\/Dahua-KIT1B08-I-Grabador-8-Canales-Inteligencia-8-cam--KITCAM.png\" alt=\" \" \/><\/div>\n<div class=\"col-md-7 order-md-1 text-md-left text-center\">\n<h2>Informaci\u00f3n General de las C\u00e1maras<\/h2>\n<p class=\"text-muted\">\n<p>Las c\u00e1maras incluidas en este kit son el modelo\u00a0<strong>B1A21<\/strong>, es una c\u00e1mara de\u00a0<strong>policarbonato<\/strong>\u00a0con tecnolog\u00eda HDCVI,\u00a0proporciona video en alta definici\u00f3n a\u00a0una\u00a0<strong>resoluci\u00f3n<\/strong>\u00a0de\u00a0<strong>1080P<\/strong>, con un lente fijo de 3.6mm el cual proporciona un<strong>\u00a0\u00e1ngulo de visi\u00f3n de\u00a093 grados<\/strong>.<\/p>\n<p>&nbsp;<\/p>\n<\/div>\n<\/div>\n<hr class=\"padding-bottom-2x\" \/>\n<div class=\"row align-items-center padding-bottom-2x\">\n<div class=\"col-md-5\"><img decoding=\"async\" class=\"d-block m-auto img-thumbnail\" src=\"https:\/\/tvc.mx\/media\/402871\/Dahua-KIT1B08-I-Grabador-8-Canales-Inteligencia-8-cam-dist-ut.png\" alt=\" \" \/><\/div>\n<div class=\"col-md-7 text-md-left text-center\">\n<h2>Transmisi\u00f3n a Larga Distancia<\/h2>\n<p class=\"text-muted\">\n<p>Gracias a la tecnolog\u00eda HDCVI propia de Dahua podemos transmitir v\u00eddeo a 1080P a una distancia de hasta\u00a0<strong>800mts<\/strong>\u00a0con\u00a0<strong>cable coaxial RG6<\/strong>\u00a0y hasta\u00a0<strong>300mts<\/strong>\u00a0con\u00a0<strong>cable UTP<\/strong>.<\/p>\n<p>&nbsp;<\/p>\n<\/div>\n<\/div>\n<hr class=\"padding-bottom-2x\" \/>\n<div class=\"row align-items-center padding-bottom-2x\">\n<div class=\"col-md-5 order-md-2\"><img decoding=\"async\" class=\"d-block m-auto img-thumbnail\" src=\"https:\/\/tvc.mx\/media\/402875\/codificacion-h.265-dahua.png\" alt=\" \" \/><\/div>\n<div class=\"col-md-7 order-md-1 text-md-left text-center\">\n<h2>Compresi\u00f3n H.265+<\/h2>\n<p class=\"text-muted\">\n<p>Smart H.265 +\u00a0es la implementaci\u00f3n optimizada del c\u00f3dec H.265 que utiliza una estrategia de codificaci\u00f3n adaptada a la escena, GOP din\u00e1mico, ROI din\u00e1mico,Flexible estructura de referencia multi-trama y reducci\u00f3n inteligente de ruido para ofrecer video de alta calidad sin forzar la red. La tecnolog\u00eda Smart H.265 + reduce la velocidad de bits y los requisitos de almacenamiento hasta en un 70% en comparaci\u00f3n con la compresi\u00f3n est\u00e1ndar de video H.265.<\/p>\n<p>&nbsp;<\/p>\n<\/div>\n<\/div>\n<hr class=\"padding-bottom-2x\" \/>\n<div class=\"row align-items-center padding-bottom-2x\">\n<div class=\"col-md-5\"><img decoding=\"async\" class=\"d-block m-auto img-thumbnail\" src=\"https:\/\/tvc.mx\/media\/402879\/Dahua-KIT1B08-I-Grabador-8-Canales-Inteligencia-8-cam-img-principal.png\" alt=\" \" \/><\/div>\n<div class=\"col-md-7 text-md-left text-center\">\n<h2>Principales Caracter\u00edsticas<\/h2>\n<p class=\"text-muted\">\n<h5><em>PRINCIPALES CARACTER\u00cdSTICAS DEL DVR.<\/em><\/h5>\n<ul>\n<li>Compresi\u00f3n de video de doble flujo H.265 + \/ H.265.<\/li>\n<li>Admite codificaci\u00f3n AI de canal completo.<\/li>\n<li>Admite entradas de video HDCVI \/ AHD \/ TVI \/ CVBS \/ IP.<\/li>\n<li>Soporta hasta 1080P Lite en c\u00e1maras HDCVI.<\/li>\n<li>Se pueden agregar hasta 2 c\u00e1maras IP ( 6Mp m\u00e1ximo ).<\/li>\n<li>Larga distancia de transmisi\u00f3n por cable coaxial.<\/li>\n<li>Soporta hasta 4 canales SMD Plus.<\/li>\n<li>Codificaci\u00f3n Inteligente.<\/li>\n<li>Interfaz monitor 1 HDMI, 1 VGA.<\/li>\n<li>Interfaz red 1 puerto RJ-45 (100 MB).<\/li>\n<li>Max. Acceso de usuario 128.<\/li>\n<li>1 puerto SATA, hasta 6 TB de capacidad.<\/li>\n<li>Peso Neto sin Disco Duro\u00a00.57 kg.<\/li>\n<li>Dimensiones 198 mm \u00d7 202.9 mm \u00d7 41.5 mm..<\/li>\n<\/ul>\n<h5><em>PRINCIPALES CARACTER\u00cdSTICAS DE LA C\u00c1MARA:<\/em><\/h5>\n<ul>\n<li class=\"ql-align-justify\">Bullet HDCVI 1080P.<\/li>\n<li class=\"ql-align-justify\">Formatos compatibles HDCVI\/TVI\/AHD\/CVBS (para cambiar de tecnolog\u00eda es necesario\u00a0<a href=\"https:\/\/www.tvc.mx\/shop\/catalog\/product_info.php?products_id=9583\" target=\"_blank\" rel=\"noopener\">PFM820<\/a><\/li>\n<li class=\"ql-align-justify\">Iluminaci\u00f3n m\u00ednima\u00a00.04Lux \/ F1.85, 30IRE, 0Lux IR encendido.<\/li>\n<li class=\"ql-align-justify\">20 metros de distancia de IR LEDs.<\/li>\n<li class=\"ql-align-justify\">Sensor de Im\u00e1gen 1\/2.7&#8243; CMOS<\/li>\n<li class=\"ql-align-justify\">Lente fijo 3.6mm.<\/li>\n<li class=\"ql-align-justify\">\u00c1ngulo de visi\u00f3n 93\u00ba.<\/li>\n<li class=\"ql-align-justify\">D\u00eda y Noche.<\/li>\n<li class=\"ql-align-justify\">Men\u00fa osd multilenguaje.<\/li>\n<li class=\"ql-align-justify\">BLC, HLC, DWDR.<\/li>\n<li class=\"ql-align-justify\">Reducci\u00f3n de ruido 2D.<\/li>\n<li class=\"ql-align-justify\">Smart IR.<\/li>\n<li class=\"ql-align-justify\">Fuente de alimentaci\u00f3n 12V DC \u00b130%<\/li>\n<li class=\"ql-align-justify\">Consumo de energ\u00eda m\u00e1x 2.7w (12V DC, IR encendido).<\/li>\n<li class=\"ql-align-justify\">Condiciones de operaci\u00f3n\u00a0-40 \u00b0 C ~ + 60 \u00b0 C.<\/li>\n<li class=\"ql-align-justify\">Indice de protecci\u00f3n IP67.<\/li>\n<li class=\"ql-align-justify\">Material Pl\u00e1stico<\/li>\n<li class=\"ql-align-justify\">Dimensiones 70mm\u00d770mm\u00d7149mm<\/li>\n<li class=\"ql-align-justify\">Peso Neto\u00a00.14kg.<\/li>\n<\/ul>\n<\/div>\n<\/div>\n","protected":false},"excerpt":{"rendered":"<p>Informaci\u00f3n General del DVR Este kit de vigilancia est\u00e1 conformado por el grabador COOPER\u00a0XVR1B08-I, el cual es\u00a0DVR Cooper\u00a0con\u00a0SMD Plus\u00a0que pertenece a la serie\u00a0WizSense\u00a0con\u00a0Inteligencia Artificial, puede reducir las tasas de falsas alarmas y los costos de vigilancia humana, con alarma precisa para personas y\/o veh\u00edculos. Este&hellip;<\/p>\n","protected":false},"featured_media":1019,"comment_status":"open","ping_status":"closed","template":"","meta":{"om_disable_all_campaigns":false,"_monsterinsights_skip_tracking":false,"_monsterinsights_sitenote_active":false,"_monsterinsights_sitenote_note":"","_monsterinsights_sitenote_category":0},"product_brand":[],"product_cat":[69],"product_tag":[42,38,66,67,68],"class_list":{"0":"post-1020","1":"product","2":"type-product","3":"status-publish","4":"has-post-thumbnail","6":"product_cat-kits-8-camaras","7":"product_tag-camaras","8":"product_tag-camaras-de-seguridad","9":"product_tag-dahua","10":"product_tag-kits","11":"product_tag-kits-de-camaras","13":"first","14":"instock","15":"sale","16":"taxable","17":"shipping-taxable","18":"purchasable","19":"product-type-simple"},"aioseo_notices":[],"_links":{"self":[{"href":"https:\/\/tecsecmty.com\/index.php\/wp-json\/wp\/v2\/product\/1020","targetHints":{"allow":["GET"]}}],"collection":[{"href":"https:\/\/tecsecmty.com\/index.php\/wp-json\/wp\/v2\/product"}],"about":[{"href":"https:\/\/tecsecmty.com\/index.php\/wp-json\/wp\/v2\/types\/product"}],"replies":[{"embeddable":true,"href":"https:\/\/tecsecmty.com\/index.php\/wp-json\/wp\/v2\/comments?post=1020"}],"version-history":[{"count":0,"href":"https:\/\/tecsecmty.com\/index.php\/wp-json\/wp\/v2\/product\/1020\/revisions"}],"wp:featuredmedia":[{"embeddable":true,"href":"https:\/\/tecsecmty.com\/index.php\/wp-json\/wp\/v2\/media\/1019"}],"wp:attachment":[{"href":"https:\/\/tecsecmty.com\/index.php\/wp-json\/wp\/v2\/media?parent=1020"}],"wp:term":[{"taxonomy":"product_brand","embeddable":true,"href":"https:\/\/tecsecmty.com\/index.php\/wp-json\/wp\/v2\/product_brand?post=1020"},{"taxonomy":"product_cat","embeddable":true,"href":"https:\/\/tecsecmty.com\/index.php\/wp-json\/wp\/v2\/product_cat?post=1020"},{"taxonomy":"product_tag","embeddable":true,"href":"https:\/\/tecsecmty.com\/index.php\/wp-json\/wp\/v2\/product_tag?post=1020"}],"curies":[{"name":"wp","href":"https:\/\/api.w.org\/{rel}","templated":true}]}}