{"id":1894,"date":"2023-02-22T17:54:16","date_gmt":"2023-02-22T23:54:16","guid":{"rendered":"https:\/\/tecsecmty.com\/index.php\/producto\/dahua-ipc-hfw1239s1-led-s4-camara-ip-bullet-full-color-2-megapixeles-lente-de-2-8mm-luz-blanca-de-15-mts-h-265-ip67-poe-dwdr-promofullcolor\/"},"modified":"2023-03-22T23:22:51","modified_gmt":"2023-03-23T05:22:51","slug":"dahua-ipc-hfw1239s1-led-s4-camara-ip-bullet-full-color-2-megapixeles-lente-de-2-8mm-luz-blanca-de-15-mts-h-265-ip67-poe-dwdr-promofullcolor","status":"publish","type":"product","link":"https:\/\/tecsecmty.com\/index.php\/producto\/dahua-ipc-hfw1239s1-led-s4-camara-ip-bullet-full-color-2-megapixeles-lente-de-2-8mm-luz-blanca-de-15-mts-h-265-ip67-poe-dwdr-promofullcolor\/","title":{"rendered":"DAHUA IPC-HFW1239S1-LED-S4 &#8211; C\u00e1mara IP Bullet Full Color 2 Megapixeles\/ Lente de 2.8mm\/ Luz Blanca de 15 Mts\/ H.265\/ IP67\/ PoE\/ DWDR PromoFullColor"},"content":{"rendered":"<div class=\"row aling-items-center padding-bottom-2x\">\n<div class=\"col-lg-12\">\n<h5 class=\"card-title text-center\" style=\"text-align: center\">Informaci\u00f3n General<\/h5>\n<p class=\"ql-align-justify\" style=\"text-align: center\">La c\u00e1mara modelo\u00a0<strong>HFW1239S1-LED-S4\u00a0<\/strong>es una c\u00e1mara bullet de\u00a0<strong>2MP,\u00a0<\/strong>con la cual podemos apreciar una imagen con mayor nitidez, brillo y claridad . Este modelo\u00a0incorpora un lente\u00a0de\u00a02.8 mm dando un \u00e1ngulo de visi\u00f3n de<strong>\u00a0110\u00b0<\/strong>, tecnolog\u00eda\u00a0<strong>Full Color\u00a0<\/strong>esta tecnolog\u00eda nos permite obtener un\u00a0rendimiento excepcional ideal para la visualizaci\u00f3n y reproducci\u00f3n\u00a0de im\u00e1genes bajo condiciones de poca iluminaci\u00f3n.<\/p>\n<p><img decoding=\"async\" class=\"overview-center-img-web aligncenter\" src=\"https:\/\/tvc.mx\/media\/397559\/HFW1239S1-LED-S4camarabulletip2mp.png\" alt=\"\" \/><\/div>\n<\/div>\n<div class=\"row align-items-center padding-bottom-2x\" style=\"text-align: center\">\n<div class=\"col-md-5 order-md-2\"><img decoding=\"async\" class=\"d-block m-auto img-thumbnail\" src=\"https:\/\/tvc.mx\/media\/397563\/full-color-dahua.png\" alt=\" \" \/><\/div>\n<div class=\"col-md-7 order-md-1 text-md-left text-center\">\n<h2>Full Color<\/h2>\n<p class=\"text-muted\">\n<p>Esta tecnolog\u00eda nos permite obtener un\u00a0rendimiento excepcional ideal para la visualizaci\u00f3n y reproducci\u00f3n\u00a0de im\u00e1genes bajo condiciones de poca iluminaci\u00f3n, tanto en condiciones de contraluz extremo como en la obscuridad.<\/p>\n<p>Las c\u00e1maras fullcolor permite una monitorizaci\u00f3n 24\/7, para recopilaci\u00f3n de datos crom\u00e1ticos.<\/p>\n<p>&nbsp;<\/p>\n<\/div>\n<\/div>\n<hr class=\"padding-bottom-2x\" \/>\n<div class=\"row align-items-center padding-bottom-2x\" style=\"text-align: center\">\n<div class=\"col-md-5\"><img decoding=\"async\" class=\"d-block m-auto img-thumbnail\" src=\"https:\/\/tvc.mx\/media\/397567\/WDR-Dahua.png\" alt=\" \" \/><\/div>\n<div class=\"col-md-7 text-md-left text-center\">\n<h2>DWDR<\/h2>\n<p class=\"text-muted\">\n<p class=\"ql-align-justify\">Nuestra c\u00e1mara\u00a0cuenta con DWDR, esta funci\u00f3n\u00a0se encarga de medir, compensar y ajustar la luz en la imagen\u00a0captada para despu\u00e9s combinar los espacios de luces brillantes con los espacios de sombras que hay en una misma toma, creando\u00a0un equilibrio en la imagen final.<\/p>\n<p>&nbsp;<\/p>\n<\/div>\n<\/div>\n<hr class=\"padding-bottom-2x\" \/>\n<div class=\"row align-items-center padding-bottom-2x\" style=\"text-align: center\">\n<div class=\"col-md-5 order-md-2\"><img decoding=\"async\" class=\"d-block m-auto img-thumbnail\" src=\"https:\/\/tvc.mx\/media\/397571\/HLC-dahua.png\" alt=\" \" \/><\/div>\n<div class=\"col-md-7 order-md-1 text-md-left text-center\">\n<h2>HLC (Compensaci\u00f3n de Luz Alta)<\/h2>\n<p class=\"text-muted\">\n<p class=\"ql-align-justify\">Nuestra c\u00e1mara\u00a0cuenta con HLC,\u00a0esta funci\u00f3n\u00a0se encarga eliminar eficazmente el riesgo de exposici\u00f3n y garantizar el video apropiado cuando hay luces fuertes.<\/p>\n<p>&nbsp;<\/p>\n<\/div>\n<\/div>\n<hr class=\"padding-bottom-2x\" \/>\n<div class=\"row align-items-center padding-bottom-2x\" style=\"text-align: center\">\n<div class=\"col-md-5\"><img decoding=\"async\" class=\"d-block m-auto img-thumbnail\" src=\"https:\/\/tvc.mx\/media\/397587\/HFW1239S1-LED-S4camarabulletip2mp-pp-caracteristicas.png\" alt=\" \" \/><\/div>\n<div class=\"col-md-7 text-md-left text-center\">\n<h2>Principales Caracter\u00edsticas<\/h2>\n<p class=\"text-muted\">\n<ul>\n<li class=\"ql-align-justify\">C\u00f3dec H.265, tasa de compresi\u00f3n alta, tasa de bits ultrabaja<\/li>\n<li class=\"ql-align-justify\">LED incorporado<\/li>\n<li class=\"ql-align-justify\">ROI, SMART H.264 \/ H.265<\/li>\n<li class=\"ql-align-justify\">Modo de rotaci\u00f3n, DWDR, 3D DNR, HLC, BLC<\/li>\n<li class=\"ql-align-justify\">Detecci\u00f3n de anomal\u00edas: detecci\u00f3n de movimiento, manipulaci\u00f3n de video, desconexi\u00f3n de red, conflicto de IP, acceso ilegal<\/li>\n<li class=\"ql-align-justify\">Protecci\u00f3n IP67<\/li>\n<\/ul>\n<p>&nbsp;<\/p>\n<\/div>\n<\/div>\n<hr class=\"padding-bottom-2x\" \/>\n<div class=\"row align-items-center padding-bottom-2x\">\n<div class=\"col-md-5 order-md-2\" style=\"text-align: center\"><img decoding=\"async\" class=\"d-block m-auto img-thumbnail\" src=\"https:\/\/tvc.mx\/media\/397599\/HFW1239S1-LED-S4camarabulletip2mp-especificaciones.png\" alt=\" \" \/><\/div>\n<div class=\"col-md-7 order-md-1 text-md-left text-center\">\n<h2 style=\"text-align: center\">Especificaciones<\/h2>\n<p class=\"text-muted\" style=\"text-align: center\">\n<ul>\n<li style=\"text-align: center\">1 \/ 2.7 \u00abCMOS progresivo de 2 megap\u00edxeles<\/li>\n<li style=\"text-align: center\">Distancia del LED: 10m<\/li>\n<li style=\"text-align: center\">Lente fijo de 2.8mm<\/li>\n<li style=\"text-align: center\">\u00a0Pan 110 \u00b0 \u00d7 Inclinaci\u00f3n 59 \u00b0 \u00d7 Diagonal 132 \u00b0<\/li>\n<li style=\"text-align: center\">Compresi\u00f3n de video H.265; H.264; H.264H; H.264B; MJPEG<\/li>\n<li style=\"text-align: center\">BLC \/ HLC<\/li>\n<li style=\"text-align: center\">DWDR<\/li>\n<li style=\"text-align: center\">Reducci\u00f3n de ruido: DNR 3D<\/li>\n<li style=\"text-align: center\">Fuente de alimentaci\u00f3n: 12V DC \/ PoE (802.3af)<\/li>\n<li style=\"text-align: center\">IP67<\/li>\n<li style=\"text-align: center\">Carcasa: Metal + pl\u00e1stico<\/li>\n<\/ul>\n<\/div>\n<\/div>\n","protected":false},"excerpt":{"rendered":"<p>Informaci\u00f3n General La c\u00e1mara modelo\u00a0HFW1239S1-LED-S4\u00a0es una c\u00e1mara bullet de\u00a02MP,\u00a0con la cual podemos apreciar una imagen con mayor nitidez, brillo y claridad . Este modelo\u00a0incorpora un lente\u00a0de\u00a02.8 mm dando un \u00e1ngulo de visi\u00f3n de\u00a0110\u00b0, tecnolog\u00eda\u00a0Full Color\u00a0esta tecnolog\u00eda nos permite obtener un\u00a0rendimiento excepcional ideal para la visualizaci\u00f3n&hellip;<\/p>\n","protected":false},"featured_media":1893,"comment_status":"open","ping_status":"closed","template":"","meta":{"om_disable_all_campaigns":false,"_monsterinsights_skip_tracking":false,"_monsterinsights_sitenote_active":false,"_monsterinsights_sitenote_note":"","_monsterinsights_sitenote_category":0},"product_brand":[],"product_cat":[110],"product_tag":[112,111,42,38,66],"class_list":{"0":"post-1894","1":"product","2":"type-product","3":"status-publish","4":"has-post-thumbnail","6":"product_cat-bullet","7":"product_tag-bala","8":"product_tag-bullet","9":"product_tag-camaras","10":"product_tag-camaras-de-seguridad","11":"product_tag-dahua","13":"first","14":"instock","15":"sale","16":"taxable","17":"shipping-taxable","18":"purchasable","19":"product-type-simple"},"aioseo_notices":[],"_links":{"self":[{"href":"https:\/\/tecsecmty.com\/index.php\/wp-json\/wp\/v2\/product\/1894","targetHints":{"allow":["GET"]}}],"collection":[{"href":"https:\/\/tecsecmty.com\/index.php\/wp-json\/wp\/v2\/product"}],"about":[{"href":"https:\/\/tecsecmty.com\/index.php\/wp-json\/wp\/v2\/types\/product"}],"replies":[{"embeddable":true,"href":"https:\/\/tecsecmty.com\/index.php\/wp-json\/wp\/v2\/comments?post=1894"}],"version-history":[{"count":1,"href":"https:\/\/tecsecmty.com\/index.php\/wp-json\/wp\/v2\/product\/1894\/revisions"}],"predecessor-version":[{"id":2374,"href":"https:\/\/tecsecmty.com\/index.php\/wp-json\/wp\/v2\/product\/1894\/revisions\/2374"}],"wp:featuredmedia":[{"embeddable":true,"href":"https:\/\/tecsecmty.com\/index.php\/wp-json\/wp\/v2\/media\/1893"}],"wp:attachment":[{"href":"https:\/\/tecsecmty.com\/index.php\/wp-json\/wp\/v2\/media?parent=1894"}],"wp:term":[{"taxonomy":"product_brand","embeddable":true,"href":"https:\/\/tecsecmty.com\/index.php\/wp-json\/wp\/v2\/product_brand?post=1894"},{"taxonomy":"product_cat","embeddable":true,"href":"https:\/\/tecsecmty.com\/index.php\/wp-json\/wp\/v2\/product_cat?post=1894"},{"taxonomy":"product_tag","embeddable":true,"href":"https:\/\/tecsecmty.com\/index.php\/wp-json\/wp\/v2\/product_tag?post=1894"}],"curies":[{"name":"wp","href":"https:\/\/api.w.org\/{rel}","templated":true}]}}