{"id":1948,"date":"2023-02-22T17:55:16","date_gmt":"2023-02-22T23:55:16","guid":{"rendered":"https:\/\/tecsecmty.com\/index.php\/producto\/dahua-ipc-hfw3449t1n-as-pv-0360b-camara-ip-bullet-resolucion-de-4-mp-lente-3-6-mm-%e2%88%a2-81-led-40mts-ia-wizsense-det-de-mov-inteligente-prot-perimetral-fullcolor-tioc-poe-wdr\/"},"modified":"2023-03-22T23:22:53","modified_gmt":"2023-03-23T05:22:53","slug":"dahua-ipc-hfw3449t1n-as-pv-0360b-camara-ip-bullet-resolucion-de-4-mp-lente-3-6-mm-81-led-40mts-wizsense-det-de-mov-inteligente-prot-perimetralfullcolor-tioc-poe-wdr","status":"publish","type":"product","link":"https:\/\/tecsecmty.com\/index.php\/producto\/dahua-ipc-hfw3449t1n-as-pv-0360b-camara-ip-bullet-resolucion-de-4-mp-lente-3-6-mm-81-led-40mts-wizsense-det-de-mov-inteligente-prot-perimetralfullcolor-tioc-poe-wdr\/","title":{"rendered":"DAHUA IPC-HFW3449T1N-AS-PV-0360B &#8211; C\u00e1mara IP Bullet Resoluci\u00f3n de 4 MP\/ Lente 3.6 mm\/ \u2222 81\u00b0\/ LED 40mts\/ IA WizSense\/ Det. de Mov. Inteligente\/ Prot. Perimetral\/ FullColor\/ TiOC\/ PoE\/ WDR\/ H.265+\/ IP67\/ Micr\u00f3fono\/ Sirena\/ Estrobos\/ E&amp;S Alarma\/ E&amp;S Audio\/"},"content":{"rendered":"<div class=\"row aling-items-center padding-bottom-2x\">\n<div class=\"col-lg-12\">\n<h5 class=\"card-title text-center\">Informaci\u00f3n General<\/h5>\n<p>Con un algoritmo avanzado de aprendizaje profundo, la c\u00e1mara de red Dahua WizSense admite funciones inteligentes, como la protecci\u00f3n perimetral y la detecci\u00f3n de movimiento inteligente. Adem\u00e1s, con la tecnolog\u00eda Full color,<\/p>\n<p>proporciona un mejor efecto de imagen en condiciones de baja iluminaci\u00f3n.<\/p>\n<p><img decoding=\"async\" class=\"overview-center-img-web\" src=\"https:\/\/tvc.mx\/media\/388131\/Dahua-IPC-HFW3449T1-AS-PV-2-Informacion-general.png\" alt=\"\" \/><\/p>\n<\/div>\n<\/div>\n<div class=\"row align-items-center padding-bottom-2x\">\n<div class=\"col-md-5 order-md-2\"><img decoding=\"async\" class=\"d-block m-auto img-thumbnail\" src=\"https:\/\/tvc.mx\/media\/285311\/Disuasion.png\" alt=\" \" \/><\/div>\n<div class=\"col-md-7 order-md-1 text-md-left text-center\">\n<h2>Disuasi\u00f3n activa de sirena y luz<\/h2>\n<p>La disuasi\u00f3n activa admiten alarma de luz y alarma de voz cuando se produce un evento en el per\u00edmetro, para realizar la disuasi\u00f3n y la intervenci\u00f3n efectiva. La c\u00e1mara est\u00e1 integrada en varias voces para la selecci\u00f3n y admite la importaci\u00f3n de voz personalizada.<\/p>\n<p>&nbsp;<\/p>\n<\/div>\n<\/div>\n<hr class=\"padding-bottom-2x\" \/>\n<div class=\"row align-items-center padding-bottom-2x\">\n<div class=\"col-md-5\"><img decoding=\"async\" class=\"d-block m-auto img-thumbnail\" src=\"https:\/\/tvc.mx\/media\/388151\/full-color-dahua.png\" alt=\" \" \/><\/div>\n<div class=\"col-md-7 text-md-left text-center\">\n<h2>Full Color<\/h2>\n<p>Con un sensor de alto rendimiento y una lente de gran apertura, la tecnolog\u00eda a Full color de Dahua puede mostrar una imagen clara y colorida en un entorno de iluminaci\u00f3n ultra baja. Con esta tecnolog\u00eda de fotosensibilidad, la c\u00e1mara puede<\/p>\n<p>capturar m\u00e1s luz disponible y mostrar detalles de imagen m\u00e1s coloridos.<\/p>\n<p>&nbsp;<\/p>\n<\/div>\n<\/div>\n<hr class=\"padding-bottom-2x\" \/>\n<div class=\"row align-items-center padding-bottom-2x\">\n<div class=\"col-md-5 order-md-2\"><img decoding=\"async\" class=\"d-block m-auto img-thumbnail\" src=\"https:\/\/tvc.mx\/media\/388155\/SMD-plus-Dahua.png\" alt=\" \" \/><\/div>\n<div class=\"col-md-7 order-md-1 text-md-left text-center\">\n<h2>SMD Plus<\/h2>\n<p>Con un algoritmo inteligente, la tecnolog\u00eda de detecci\u00f3n de movimiento inteligente de Dahua puede categorizar los objetivos que activan la detecci\u00f3n de movimiento y filtrar la alarma de detecci\u00f3n de movimiento activada por objetivos no interesados para realizar una alarma efectiva y precisa.<\/p>\n<p>&nbsp;<\/p>\n<\/div>\n<\/div>\n<hr class=\"padding-bottom-2x\" \/>\n<div class=\"row align-items-center padding-bottom-2x\">\n<div class=\"col-md-5\"><img decoding=\"async\" class=\"d-block m-auto img-thumbnail\" src=\"https:\/\/tvc.mx\/media\/388159\/Dahua-IPC-HFW3449T1-AS-PV-2-pp-caracteristicas.png\" alt=\" \" \/><\/div>\n<div class=\"col-md-7 text-md-left text-center\">\n<h2>Principales caracter\u00edsticas<\/h2>\n<ul>\n<li>Salidas m\u00e1x. 4MP (2688 \u00d7 1520) a 30 fps<\/li>\n<li>C\u00f3dec H.265, alta tasa de compresi\u00f3n, baja tasa de bits<\/li>\n<li>Iluminador c\u00e1lido incorporado<\/li>\n<li>ROI<\/li>\n<li>SMART H.264 + \/ H.265 +<\/li>\n<li>Modo de rotaci\u00f3n<\/li>\n<li>WDR<\/li>\n<li>3D NR, HLC, BLC,<\/li>\n<li>Detecci\u00f3n de anomal\u00edas: detecci\u00f3n de movimiento, manipulaci\u00f3n de video, cambio de escena, detecci\u00f3n de audio, sin tarjeta SD, tarjeta SD llena, error de tarjeta SD, desconexi\u00f3n de red, conflicto de IP, acceso ilegal y detecci\u00f3n de voltaje<\/li>\n<\/ul>\n<p>&nbsp;<\/p>\n<\/div>\n<\/div>\n<hr class=\"padding-bottom-2x\" \/>\n<div class=\"row align-items-center padding-bottom-2x\">\n<div class=\"col-md-5 order-md-2\"><img decoding=\"async\" class=\"d-block m-auto img-thumbnail\" src=\"https:\/\/tvc.mx\/media\/388163\/Dahua-IPC-HFW3449T1-AS-PV-2-especificaciones.png\" alt=\" \" \/><\/div>\n<div class=\"col-md-7 order-md-1 text-md-left text-center\">\n<h2>Especificaciones<\/h2>\n<ul>\n<li>CMOS progresivo de 1 \/ 2,7 \u00aby 4 megap\u00edxeles<\/li>\n<li>Distancia de iluminaci\u00f3n 40 m<\/li>\n<li>Iluminador N\u00famero de iluminador: 2 (Luz c\u00e1lida)<\/li>\n<li>Lente fijo de 3.6mm<\/li>\n<li>Tripwire; intrusi\u00f3n (admite la clasificaci\u00f3n y detecci\u00f3n precisa de veh\u00edculos y humanos)<\/li>\n<li>Compresi\u00f3n de video H.265; H.264; H.264H; H.264B; MJPEG<\/li>\n<li>C\u00f3dec inteligente Inteligente H.265 + \/ Inteligente H.264 +<\/li>\n<li>BLC<\/li>\n<li>HLC<\/li>\n<li>WDR real 120 dB<\/li>\n<li>Reducci\u00f3n de ruido 3D NR<\/li>\n<li>Micr\u00f3fono incorporado<\/li>\n<li>Almacenamiento: FTP; SFTP; Tarjeta Micro SD (soporta m\u00e1x. 256 G); NAS<\/li>\n<li>Entrada de audio: 1 canal (puerto RCA)<\/li>\n<li>Salida de audio: 1 canal (puerto RCA)<\/li>\n<li>Entrada de alarma: 1 canal en: 5mA 3V \u2013 5V DC<\/li>\n<li>Salida de alarma:1 canal de salida: 300mA 12V DC<\/li>\n<li>Fuente de alimentaci\u00f3n: 12 V CC \/ PoE (802.3af)<\/li>\n<li>Carcasa: Metal + pl\u00e1stico<\/li>\n<\/ul>\n<\/div>\n<\/div>\n","protected":false},"excerpt":{"rendered":"<p>Informaci\u00f3n General Con un algoritmo avanzado de aprendizaje profundo, la c\u00e1mara de red Dahua WizSense admite funciones inteligentes, como la protecci\u00f3n perimetral y la detecci\u00f3n de movimiento inteligente. Adem\u00e1s, con la tecnolog\u00eda Full color, proporciona un mejor efecto de imagen en condiciones de baja iluminaci\u00f3n.&hellip;<\/p>\n","protected":false},"featured_media":1947,"comment_status":"open","ping_status":"closed","template":"","meta":{"om_disable_all_campaigns":false,"_monsterinsights_skip_tracking":false,"_monsterinsights_sitenote_active":false,"_monsterinsights_sitenote_note":"","_monsterinsights_sitenote_category":0},"product_brand":[],"product_cat":[110],"product_tag":[112,111,42,38,66],"class_list":{"0":"post-1948","1":"product","2":"type-product","3":"status-publish","4":"has-post-thumbnail","6":"product_cat-bullet","7":"product_tag-bala","8":"product_tag-bullet","9":"product_tag-camaras","10":"product_tag-camaras-de-seguridad","11":"product_tag-dahua","13":"first","14":"instock","15":"sale","16":"taxable","17":"shipping-taxable","18":"purchasable","19":"product-type-simple"},"aioseo_notices":[],"_links":{"self":[{"href":"https:\/\/tecsecmty.com\/index.php\/wp-json\/wp\/v2\/product\/1948","targetHints":{"allow":["GET"]}}],"collection":[{"href":"https:\/\/tecsecmty.com\/index.php\/wp-json\/wp\/v2\/product"}],"about":[{"href":"https:\/\/tecsecmty.com\/index.php\/wp-json\/wp\/v2\/types\/product"}],"replies":[{"embeddable":true,"href":"https:\/\/tecsecmty.com\/index.php\/wp-json\/wp\/v2\/comments?post=1948"}],"version-history":[{"count":0,"href":"https:\/\/tecsecmty.com\/index.php\/wp-json\/wp\/v2\/product\/1948\/revisions"}],"wp:featuredmedia":[{"embeddable":true,"href":"https:\/\/tecsecmty.com\/index.php\/wp-json\/wp\/v2\/media\/1947"}],"wp:attachment":[{"href":"https:\/\/tecsecmty.com\/index.php\/wp-json\/wp\/v2\/media?parent=1948"}],"wp:term":[{"taxonomy":"product_brand","embeddable":true,"href":"https:\/\/tecsecmty.com\/index.php\/wp-json\/wp\/v2\/product_brand?post=1948"},{"taxonomy":"product_cat","embeddable":true,"href":"https:\/\/tecsecmty.com\/index.php\/wp-json\/wp\/v2\/product_cat?post=1948"},{"taxonomy":"product_tag","embeddable":true,"href":"https:\/\/tecsecmty.com\/index.php\/wp-json\/wp\/v2\/product_tag?post=1948"}],"curies":[{"name":"wp","href":"https:\/\/api.w.org\/{rel}","templated":true}]}}