{"id":1966,"date":"2023-02-22T17:55:35","date_gmt":"2023-02-22T23:55:35","guid":{"rendered":"https:\/\/tecsecmty.com\/index.php\/producto\/dahua-ipc-hfw5442e-ze-camara-ip-bullet-de-4-megapixeles-color-negro-inteligencia-artificial-h-265-wdr-140-db-lente-motorizado-de-2-7-a-12mm-ir-50-mts-deteccion-de-rostros-proteccia%c2%b3n-p\/"},"modified":"2023-03-22T23:22:54","modified_gmt":"2023-03-23T05:22:54","slug":"dahua-ipc-hfw5442e-ze-camara-ip-bullet-de-4-megapixeles-color-negro-inteligencia-artificial-h-265-wdr-140-db-lente-motorizado-de-2-7-a-12mm-ir-50-mts-deteccion-de-rostros-proteccian-p","status":"publish","type":"product","link":"https:\/\/tecsecmty.com\/index.php\/producto\/dahua-ipc-hfw5442e-ze-camara-ip-bullet-de-4-megapixeles-color-negro-inteligencia-artificial-h-265-wdr-140-db-lente-motorizado-de-2-7-a-12mm-ir-50-mts-deteccion-de-rostros-proteccian-p\/","title":{"rendered":"DAHUA IPC-HFW5442E-ZE &#8211; Camara IP Bullet de 4 Megapixeles\/ Color Negro\/ Inteligencia Artificial\/ H.265+\/ WDR 140 dB\/ Lente Motorizado de 2.7 a 12mm\/ IR 50 Mts\/ Deteccion de Rostros\/ Protecci\u00c3\u00b3n Perimetral\/ Conteo de Personas\/ IP67\/ IK10\/ ePoE\/#Black"},"content":{"rendered":"<div class=\"row aling-items-center padding-bottom-2x\">\n<div class=\"col-lg-12\">\n<h5 class=\"card-title text-center\">Informaci\u00f3n general<\/h5>\n<p class=\"ql-align-justify\">La serie Pro AI contiene funciones de detecci\u00f3n de rostros, protecci\u00f3n perimetral y conteo de personas, impulsadas por algoritmos de inteligencia artificial de aprendizaje profundo, precisi\u00f3n significativamente mejorada. Mientras tanto, la serie cuenta con tecnolog\u00eda IR inteligente y luz de las estrellas. Esta serie est\u00e1 totalmente protegida del polvo y el agua, certificada seg\u00fan IP67 y resistente al vandalismo seg\u00fan la norma IK10.<\/p>\n<p><img decoding=\"async\" class=\"overview-center-img-web\" src=\"https:\/\/tvc.mx\/media\/572275\/DAHUA-IPC-HFW5442E-ZE---Camara-IP-Bullet-4-Megapixeles-Color-Negro-Inteligencia-Artificial-baner-principal.png\" alt=\"Camra IP bullet\" \/><\/p>\n<\/div>\n<\/div>\n<div class=\"row align-items-center padding-bottom-2x\">\n<div class=\"col-md-5\"><img decoding=\"async\" class=\"d-block m-auto img-thumbnail\" src=\"https:\/\/tvc.mx\/media\/572295\/reconocimiento-facial-dahua.png\" alt=\" Detecci\u00f3n de rostro\" \/><\/div>\n<div class=\"col-md-7 text-md-left text-center\">\n<h2>Detecci\u00f3n de rostro<\/h2>\n<p class=\"ql-align-justify\">Face Detection es una aplicaci\u00f3n de software que captura autom\u00e1ticamente rostros desde una imagen digital o un cuadro de video desde una fuente de video. Las c\u00e1maras Dahua utilizan algoritmos avanzados de aprendizaje profundo y est\u00e1n capacitadas por una gran cantidad de fuentes de datos faciales, lo que permite a la c\u00e1mara localizar rostros de manera r\u00e1pida y precisa desde la fuente de video y capturar im\u00e1genes faciales.<\/p>\n<p>&nbsp;<\/p>\n<\/div>\n<\/div>\n<hr class=\"padding-bottom-2x\" \/>\n<div class=\"row align-items-center padding-bottom-2x\">\n<div class=\"col-md-5 order-md-2\"><img decoding=\"async\" class=\"d-block m-auto img-thumbnail\" src=\"https:\/\/tvc.mx\/media\/572303\/Metadatos-dahua.png\" alt=\" Metadatos\" \/><\/div>\n<div class=\"col-md-7 order-md-1 text-md-left text-center\">\n<h2>Metadatos<\/h2>\n<p class=\"ql-align-justify\">Los metadatos son informaci\u00f3n de atributos de caracter\u00edsticas extra\u00edda de un objeto de destino que se puede utilizar para la recuperaci\u00f3n de datos. La c\u00e1mara de detecci\u00f3n de rostros Dahua puede extraer seis atributos faciales y generar los metadatos para su an\u00e1lisis.<\/p>\n<p>&nbsp;<\/p>\n<\/div>\n<\/div>\n<hr class=\"padding-bottom-2x\" \/>\n<div class=\"row align-items-center padding-bottom-2x\">\n<div class=\"col-md-5\"><img decoding=\"async\" class=\"d-block m-auto img-thumbnail\" src=\"https:\/\/tvc.mx\/media\/572311\/proteccion-perimetral-dahua.png\" alt=\" Protecci\u00f3n\" \/><\/div>\n<div class=\"col-md-7 text-md-left text-center\">\n<h2>Protecci\u00f3n Perimetral<\/h2>\n<p class=\"ql-align-justify\">Las funciones de protecci\u00f3n perimetral de Dahua mejoraron significativamente la precisi\u00f3n. La protecci\u00f3n perimetral reduce las falsas alarmas y los requisitos de recuento de p\u00edxeles para la detecci\u00f3n de objetos. La protecci\u00f3n perimetral cuenta con cables trampa personalizados seg\u00fan el tipo de objeto para la automatizaci\u00f3n en \u00e1reas de acceso limitado, como zonas peatonales o exclusivas para veh\u00edculos. Esta combinaci\u00f3n de an\u00e1lisis avanzados de IA y alertas en tiempo real a un escritorio o un cliente m\u00f3vil reduce los requisitos y recursos del sistema, lo que resulta en una mayor eficiencia del sistema de vigilancia.<\/p>\n<p>&nbsp;<\/p>\n<\/div>\n<\/div>\n<hr class=\"padding-bottom-2x\" \/>\n<div class=\"row align-items-center padding-bottom-2x\">\n<div class=\"col-md-5 order-md-2\"><img decoding=\"async\" class=\"d-block m-auto img-thumbnail\" src=\"https:\/\/tvc.mx\/media\/572331\/Conteo-de-personas-Dahua.png\" alt=\" Conteo de personas\" \/><\/div>\n<div class=\"col-md-7 order-md-1 text-md-left text-center\">\n<h2>Conteo de personas<\/h2>\n<p class=\"ql-align-justify\">La funci\u00f3n de conteo de personas utiliza tecnolog\u00eda avanzada de procesamiento de im\u00e1genes para capturar informaci\u00f3n de profundidad desde dentro de las im\u00e1genes. La c\u00e1mara combina esta informaci\u00f3n con algoritmos de aprendizaje profundo para analizar y detectar cuerpos humanos y rastrear objetos de destino en tiempo real. La c\u00e1mara proporciona estad\u00edsticas para la entrada y salida de individuos separados con una precisi\u00f3n de conteo de hasta el 95%.<\/p>\n<p>&nbsp;<\/p>\n<\/div>\n<\/div>\n<hr class=\"padding-bottom-2x\" \/>\n<div class=\"row align-items-center padding-bottom-2x\">\n<div class=\"col-md-5\"><img decoding=\"async\" class=\"d-block m-auto img-thumbnail\" src=\"https:\/\/tvc.mx\/media\/572335\/IP67-IK10-Dahua.png\" alt=\" Protecci\u00f3n\" \/><\/div>\n<div class=\"col-md-7 text-md-left text-center\">\n<h2>Protecci\u00f3n (IP67, IK10, voltaje amplio)<\/h2>\n<p class=\"ql-align-justify\">La c\u00e1mara permite una tolerancia de voltaje de entrada de \u00b1 30%, adecuada para las condiciones m\u00e1s inestables para aplicaciones en exteriores. Su clasificaci\u00f3n de rayos 6KV proporciona una protecci\u00f3n efectiva tanto para la c\u00e1mara como para su estructura contra rayos. Sometida y certificada a rigurosas pruebas de polvo e inmersi\u00f3n (IP67) y pruebas de impacto (IK10), la c\u00e1mara es la opci\u00f3n para su instalaci\u00f3n incluso en los entornos m\u00e1s implacables.<\/p>\n<p>&nbsp;<\/p>\n<\/div>\n<\/div>\n<hr class=\"padding-bottom-2x\" \/>\n<div class=\"row align-items-center padding-bottom-2x\">\n<div class=\"col-md-5 order-md-2\"><img decoding=\"async\" class=\"d-block m-auto img-thumbnail\" src=\"https:\/\/tvc.mx\/media\/572343\/DAHUA-IPC-HFW5442E-ZE---Camara-IP-Bullet-4-Megapixeles-Color-Negro-Inteligencia-Artificial-caracteristicas-principal.png\" alt=\" Camara IP bullet\" \/><\/div>\n<div class=\"col-md-7 order-md-1 text-md-left text-center\">\n<h2>Caracter\u00edsticas Principales<\/h2>\n<p>\u00b7\u00a0CMOS de barrido progresivo de 1 \/ 1,8 \u00aby 4 megap\u00edxeles<\/p>\n<p>\u00b7\u00a0Codificaci\u00f3n de triple flujo H.265 y H.264<\/p>\n<p>\u00b7\u00a025\/30 fps @ 2688 \u00d7 1520, 50\/60 fps @ 1080P (1920 \u00d7 1080)<\/p>\n<p>\u00b7\u00a0WDR (140 dB), d\u00eda \/ noche (ICR), 3D DNR, AWB, AGC, BLC<\/p>\n<p>\u00b7\u00a0Monitoreo de m\u00faltiples redes: visor web, CMS (DSS \/ PSS) y DMSS<\/p>\n<p>\u00b7\u00a02,7 mil\u00edmetros\u00a0&#8211;\u00a0Lente motorizada de 12,0 mm<\/p>\n<p>\u00b7\u00a02\/1 entrada \/ salida de alarma, 1\/1 entrada \/ salida de audio<\/p>\n<p>\u00b7\u00a0Max. LED de infrarrojos Longitud 50 m<\/p>\n<p>\u00b7\u00a0Memoria Micro SD, IP67, IK10<\/p>\n<p>&nbsp;<\/p>\n<\/div>\n<\/div>\n<hr class=\"padding-bottom-2x\" \/>\n<div class=\"row align-items-center padding-bottom-2x\">\n<div class=\"col-md-5\"><img decoding=\"async\" class=\"d-block m-auto img-thumbnail\" src=\"https:\/\/tvc.mx\/media\/572391\/DAHUA-IPC-HFW5442E-ZE---Camara-IP-Bullet-4-Megapixeles-Color-Negro-Inteligencia-Artificial-Especificaciones-tecncinas.png\" alt=\" Dimensiones\" \/><\/div>\n<div class=\"col-md-7 text-md-left text-center\">\n<h2>Especificaciones T\u00e9cnicas<\/h2>\n<ul>\n<li>CMOS de barrido progresivo de 1\/ 1,8&#8243;4 megapixceles 2688<\/li>\n<li>Pixeles efectivos (H) x 1520 (v)<\/li>\n<li>RAM\/ROM 1 GB \/128 GB<\/li>\n<li>Sistema de escaneo progresivo<\/li>\n<li>Velocidad de obturaci\u00f3n electr\u00f3nica; Automatico\/ Manual 1\/3s &#8211; 1\/100000s<\/li>\n<li>Iluminaci\u00f3n m\u00ednima: 0.003 lux @F1.8<\/li>\n<li>Distancia IR; hasta 50m (164 pies)<\/li>\n<li>Led de infrarrojos; 4<\/li>\n<\/ul>\n<\/div>\n<\/div>\n","protected":false},"excerpt":{"rendered":"<p>Informaci\u00f3n general La serie Pro AI contiene funciones de detecci\u00f3n de rostros, protecci\u00f3n perimetral y conteo de personas, impulsadas por algoritmos de inteligencia artificial de aprendizaje profundo, precisi\u00f3n significativamente mejorada. Mientras tanto, la serie cuenta con tecnolog\u00eda IR inteligente y luz de las estrellas. Esta&hellip;<\/p>\n","protected":false},"featured_media":1965,"comment_status":"open","ping_status":"closed","template":"","meta":{"om_disable_all_campaigns":false,"_monsterinsights_skip_tracking":false,"_monsterinsights_sitenote_active":false,"_monsterinsights_sitenote_note":"","_monsterinsights_sitenote_category":0},"product_brand":[],"product_cat":[110],"product_tag":[112,111,42,38,66],"class_list":{"0":"post-1966","1":"product","2":"type-product","3":"status-publish","4":"has-post-thumbnail","6":"product_cat-bullet","7":"product_tag-bala","8":"product_tag-bullet","9":"product_tag-camaras","10":"product_tag-camaras-de-seguridad","11":"product_tag-dahua","13":"first","14":"instock","15":"sale","16":"taxable","17":"shipping-taxable","18":"purchasable","19":"product-type-simple"},"aioseo_notices":[],"_links":{"self":[{"href":"https:\/\/tecsecmty.com\/index.php\/wp-json\/wp\/v2\/product\/1966","targetHints":{"allow":["GET"]}}],"collection":[{"href":"https:\/\/tecsecmty.com\/index.php\/wp-json\/wp\/v2\/product"}],"about":[{"href":"https:\/\/tecsecmty.com\/index.php\/wp-json\/wp\/v2\/types\/product"}],"replies":[{"embeddable":true,"href":"https:\/\/tecsecmty.com\/index.php\/wp-json\/wp\/v2\/comments?post=1966"}],"version-history":[{"count":0,"href":"https:\/\/tecsecmty.com\/index.php\/wp-json\/wp\/v2\/product\/1966\/revisions"}],"wp:featuredmedia":[{"embeddable":true,"href":"https:\/\/tecsecmty.com\/index.php\/wp-json\/wp\/v2\/media\/1965"}],"wp:attachment":[{"href":"https:\/\/tecsecmty.com\/index.php\/wp-json\/wp\/v2\/media?parent=1966"}],"wp:term":[{"taxonomy":"product_brand","embeddable":true,"href":"https:\/\/tecsecmty.com\/index.php\/wp-json\/wp\/v2\/product_brand?post=1966"},{"taxonomy":"product_cat","embeddable":true,"href":"https:\/\/tecsecmty.com\/index.php\/wp-json\/wp\/v2\/product_cat?post=1966"},{"taxonomy":"product_tag","embeddable":true,"href":"https:\/\/tecsecmty.com\/index.php\/wp-json\/wp\/v2\/product_tag?post=1966"}],"curies":[{"name":"wp","href":"https:\/\/api.w.org\/{rel}","templated":true}]}}