{"id":1972,"date":"2023-02-22T17:55:41","date_gmt":"2023-02-22T23:55:41","guid":{"rendered":"https:\/\/tecsecmty.com\/index.php\/producto\/dahua-ipc-hfw5442tn-se-0280b-camara-ip-bullet-resolucion-de-4-mp-lente-2-8-mm-%e2%88%a2-113-ir-50-mts-ia-wizmind-deteccion-facial-proteccion-perimetral-conteo-de-personas-starlight-po\/"},"modified":"2023-03-22T23:22:54","modified_gmt":"2023-03-23T05:22:54","slug":"dahua-ipc-hfw5442tn-se-0280b-camara-ip-bullet-resolucion-de-4-mp-lente-2-8-mm-113-ir-50-mts-ia-wizmind-deteccion-facial-proteccion-perimetral-conteo-de-personas-starlight-po","status":"publish","type":"product","link":"https:\/\/tecsecmty.com\/index.php\/producto\/dahua-ipc-hfw5442tn-se-0280b-camara-ip-bullet-resolucion-de-4-mp-lente-2-8-mm-113-ir-50-mts-ia-wizmind-deteccion-facial-proteccion-perimetral-conteo-de-personas-starlight-po\/","title":{"rendered":"DAHUA IPC-HFW5442TN-SE-0280B &#8211; C\u00e1mara IP Bullet Resoluci\u00f3n de 4 MP\/ Lente 2.8 mm\/ \u2222 113\u00b0\/ IR 50 mts\/ IA WizMind\/ Detecci\u00f3n Facial\/ Protecci\u00f3n Perimetral\/ Conteo de Personas\/ Starlight\/ PoE\/ WDR 140dB\/ H.265\/ IP67\/ IK10\/"},"content":{"rendered":"<div class=\"row aling-items-center padding-bottom-2x\">\n<div class=\"col-lg-12\">\n<h5 class=\"card-title text-center\">Informaci\u00f3n General<\/h5>\n<p>La c\u00e1mara modelo\u00a0<strong>HFW5442T-SE<\/strong>\u00a0es una c\u00e1mara domo de 4MP de resoluci\u00f3n, con la cual podemos apreciar una imagen con mayor nitidez, brillo y claridad . Este modelo incorpora un lente fijo de 2.8 mm, cuenta con funciones especiales como Detecci\u00f3n de Rostros, Conteo de Personas, Protecci\u00f3n Perimetral entre otras.<\/p>\n<p><img decoding=\"async\" class=\"overview-center-img-web\" src=\"https:\/\/tvc.mx\/media\/428335\/HFW5442T-SE-camara-bullet-wiz-mind-protecci%C3%B3n-perimetral.png\" alt=\"\" \/><\/p>\n<\/div>\n<\/div>\n<div class=\"row align-items-center padding-bottom-2x\">\n<div class=\"col-md-5\"><img decoding=\"async\" class=\"d-block m-auto img-thumbnail\" src=\"https:\/\/tvc.mx\/media\/428347\/proteccion-perimetral-dahua.png\" alt=\" \" \/><\/div>\n<div class=\"col-md-7 text-md-left text-center\">\n<h2>Protecci\u00f3n de Perimetro<\/h2>\n<p>Con algoritmo de aprendizaje profundo, tecnolog\u00eda de protecci\u00f3n perimetral Dahua puede reconocer humanos y veh\u00edculos con precisi\u00f3n. En \u00e1reas restringidas (como \u00e1rea peatonal y \u00e1rea del veh\u00edculo), las falsas alarmas de detecci\u00f3n inteligente basadas en el tipo de objetivo (como Tripwire, Intrusi\u00f3n, Movimiento R\u00e1pido, Detecci\u00f3n de estacionamiento, Detecci\u00f3n de merodeo y Detecci\u00f3n de merodeo) son en gran medida reducidas las falsas alarmas.<\/p>\n<p>&nbsp;<\/p>\n<\/div>\n<\/div>\n<hr class=\"padding-bottom-2x\" \/>\n<div class=\"row align-items-center padding-bottom-2x\">\n<div class=\"col-md-5 order-md-2\"><img decoding=\"async\" class=\"d-block m-auto img-thumbnail\" src=\"https:\/\/tvc.mx\/media\/428351\/Conteo-de-personas-Dahua.png\" alt=\" \" \/><\/div>\n<div class=\"col-md-7 order-md-1 text-md-left text-center\">\n<h2>Conteo de Personas<\/h2>\n<p>Con algoritmo de aprendizaje profundo, tecnolog\u00eda de conteo de personas Dahua puede rastrear y procesar objetivos m\u00f3viles del cuerpo humano para darse cuenta de la estad\u00edsticas precisas de ingresar No., dejar No. y en el \u00e1rea No. Trabajar con plataforma de gesti\u00f3n, genera informes anuales \/ mensuales \/ semanales \/ diarios para cumplir con sus requisitos.<\/p>\n<p>&nbsp;<\/p>\n<\/div>\n<\/div>\n<hr class=\"padding-bottom-2x\" \/>\n<div class=\"row align-items-center padding-bottom-2x\">\n<div class=\"col-md-5\"><img decoding=\"async\" class=\"d-block m-auto img-thumbnail\" src=\"https:\/\/tvc.mx\/media\/428355\/WDR-Dahua.png\" alt=\" \" \/><\/div>\n<div class=\"col-md-7 text-md-left text-center\">\n<h2>WDR 140dB<\/h2>\n<p>La c\u00e1mara\u00a0cuenta con\u00a0<strong>WDR de 140dB<\/strong>, esta funci\u00f3n\u00a0se encarga de medir, compensar y ajustar la luz en la imagen\u00a0captada para despu\u00e9s combinar los espacios de luces brillantes con los espacios de sombras que hay en una misma toma, creando\u00a0un equilibrio en la imagen final, al ser de 140 dB significa que capturar una mayor escala de brillo.<\/p>\n<p>&nbsp;<\/p>\n<\/div>\n<\/div>\n<hr class=\"padding-bottom-2x\" \/>\n<div class=\"row align-items-center padding-bottom-2x\">\n<div class=\"col-md-5 order-md-2\"><img decoding=\"async\" class=\"d-block m-auto img-thumbnail\" src=\"https:\/\/tvc.mx\/media\/428359\/HFW5442T-SE-camara-bullet-wiz-mind-protecci%C3%B3n-perimetral-caracteristicas.png\" alt=\" \" \/><\/div>\n<div class=\"col-md-7 order-md-1 text-md-left text-center\">\n<h2>Principales Caracter\u00edsticas<\/h2>\n<ul>\n<li>Codificaci\u00f3n de triple flujo H.265 y H.264<\/li>\n<li>25\/30 fps @ 2688 \u00d7 1520 , 50\/60 fps a 1080P (1920 \u00d7 1080)<\/li>\n<li>WDR (140 dB)<\/li>\n<li>D\u00eda \/ noche (ICR), 3D DNR, AWB, AGC, BLC<\/li>\n<li>Monitoreo de red m\u00faltiple: visor web, CMS (DSS \/ PSS) y DMSS<\/li>\n<li>LED IR<\/li>\n<li>Memoria Micro SD<\/li>\n<li>IP67, IK10<\/li>\n<\/ul>\n<p>&nbsp;<\/p>\n<\/div>\n<\/div>\n<hr class=\"padding-bottom-2x\" \/>\n<div class=\"row align-items-center padding-bottom-2x\">\n<div class=\"col-md-5\"><img decoding=\"async\" class=\"d-block m-auto img-thumbnail\" src=\"https:\/\/tvc.mx\/media\/428363\/HFW5442T-SE-camara-bullet-wiz-mind-protecci%C3%B3n-perimetral-especificaciones.png\" alt=\" \" \/><\/div>\n<div class=\"col-md-7 text-md-left text-center\">\n<h2>Especificaciones<\/h2>\n<ul>\n<li>1 \/ 1.8 \u00ab4 megap\u00edxeles de escaneo progresivo CMOS<\/li>\n<li>Distancia IR hasta 50 m<\/li>\n<li>Lente fijo 2.8mm<\/li>\n<li>Punto de vista H: 113 \u00b0, V: 60 \u00b0<\/li>\n<li>Detecci\u00f3n de rostro: Soporte de captura de imagen facial<\/li>\n<li>Protecci\u00f3n perimetral: Tripwire, intrusi\u00f3n (reconocimiento de veh\u00edculos y personas), movimiento r\u00e1pido, detecci\u00f3n de merodeo, detecci\u00f3n de estacionamiento y reuni\u00f3n de personas)<\/li>\n<li>Cuenta de personas: L\u00ednea de apoyo cruzando \/ Regi\u00f3n \/ En cola contando personas; Admite 4 accesos de detecci\u00f3n independiente, 4 \u00e1reas de detecci\u00f3n independiente<\/li>\n<li>Compresi\u00f3n: H.265, H.264, H.264B, H.264H, MJPEG<\/li>\n<li>BLC \/ HLC \/ WDR (140 dB)<\/li>\n<li>Reducci\u00f3n de ruido DNR 3D<\/li>\n<li>Almacenamiento de borde: NAS; FTP; SFTP Tarjeta micro SD de 256 GB<\/li>\n<li>Fuente de alimentaci\u00f3n DC 12V (\u00b1 30%), PoE (802.3af) (Clase 0)<\/li>\n<li>Protecci\u00f3n de ingreso IP67<\/li>\n<li>Resistencia al vandalismo IK10<\/li>\n<li>Carcasa: Meta<\/li>\n<\/ul>\n<\/div>\n<\/div>\n","protected":false},"excerpt":{"rendered":"<p>Informaci\u00f3n General La c\u00e1mara modelo\u00a0HFW5442T-SE\u00a0es una c\u00e1mara domo de 4MP de resoluci\u00f3n, con la cual podemos apreciar una imagen con mayor nitidez, brillo y claridad . Este modelo incorpora un lente fijo de 2.8 mm, cuenta con funciones especiales como Detecci\u00f3n de Rostros, Conteo de&hellip;<\/p>\n","protected":false},"featured_media":1971,"comment_status":"open","ping_status":"closed","template":"","meta":{"om_disable_all_campaigns":false,"_monsterinsights_skip_tracking":false,"_monsterinsights_sitenote_active":false,"_monsterinsights_sitenote_note":"","_monsterinsights_sitenote_category":0},"product_brand":[],"product_cat":[110],"product_tag":[112,111,42,38,66],"class_list":{"0":"post-1972","1":"product","2":"type-product","3":"status-publish","4":"has-post-thumbnail","6":"product_cat-bullet","7":"product_tag-bala","8":"product_tag-bullet","9":"product_tag-camaras","10":"product_tag-camaras-de-seguridad","11":"product_tag-dahua","13":"first","14":"instock","15":"sale","16":"taxable","17":"shipping-taxable","18":"purchasable","19":"product-type-simple"},"aioseo_notices":[],"_links":{"self":[{"href":"https:\/\/tecsecmty.com\/index.php\/wp-json\/wp\/v2\/product\/1972","targetHints":{"allow":["GET"]}}],"collection":[{"href":"https:\/\/tecsecmty.com\/index.php\/wp-json\/wp\/v2\/product"}],"about":[{"href":"https:\/\/tecsecmty.com\/index.php\/wp-json\/wp\/v2\/types\/product"}],"replies":[{"embeddable":true,"href":"https:\/\/tecsecmty.com\/index.php\/wp-json\/wp\/v2\/comments?post=1972"}],"version-history":[{"count":0,"href":"https:\/\/tecsecmty.com\/index.php\/wp-json\/wp\/v2\/product\/1972\/revisions"}],"wp:featuredmedia":[{"embeddable":true,"href":"https:\/\/tecsecmty.com\/index.php\/wp-json\/wp\/v2\/media\/1971"}],"wp:attachment":[{"href":"https:\/\/tecsecmty.com\/index.php\/wp-json\/wp\/v2\/media?parent=1972"}],"wp:term":[{"taxonomy":"product_brand","embeddable":true,"href":"https:\/\/tecsecmty.com\/index.php\/wp-json\/wp\/v2\/product_brand?post=1972"},{"taxonomy":"product_cat","embeddable":true,"href":"https:\/\/tecsecmty.com\/index.php\/wp-json\/wp\/v2\/product_cat?post=1972"},{"taxonomy":"product_tag","embeddable":true,"href":"https:\/\/tecsecmty.com\/index.php\/wp-json\/wp\/v2\/product_tag?post=1972"}],"curies":[{"name":"wp","href":"https:\/\/api.w.org\/{rel}","templated":true}]}}