{"id":1980,"date":"2023-02-22T17:55:50","date_gmt":"2023-02-22T23:55:50","guid":{"rendered":"https:\/\/tecsecmty.com\/index.php\/producto\/dahua-ipc-hfw5831en-ze-camara-ip-bullet-4k-resolucion-de-8-mp-lente-mot-2-7-a-12mm-%e2%88%a2-110-40-ir-50-mts-ia-wizmind-deteccion-facial-proteccion-perimetral-starlight-epoe-w\/"},"modified":"2023-03-22T23:22:55","modified_gmt":"2023-03-23T05:22:55","slug":"dahua-ipc-hfw5831en-ze-camara-ip-bullet-4k-resolucion-de-8-mp-lente-mot-2-7-a-12mm-110-40-ir-50-mts-ia-wizmind-deteccion-facial-proteccion-perimetral-starlight-epoe-w","status":"publish","type":"product","link":"https:\/\/tecsecmty.com\/index.php\/producto\/dahua-ipc-hfw5831en-ze-camara-ip-bullet-4k-resolucion-de-8-mp-lente-mot-2-7-a-12mm-110-40-ir-50-mts-ia-wizmind-deteccion-facial-proteccion-perimetral-starlight-epoe-w\/","title":{"rendered":"DAHUA IPC-HFW5831EN-ZE &#8211; C\u00e1mara IP Bullet 4K Resoluci\u00f3n de 8 MP\/ Lente Mot. 2.7 a 12mm\/ \u2222 110\u00b0-40\u00b0\/ IR 50 mts\/ IA WizMind\/ Detecci\u00f3n Facial\/ Protecci\u00f3n Perimetral\/ Starlight\/ ePoE\/ WDR\/ H.265+\/ IP67\/ IK10\/"},"content":{"rendered":"<div class=\"row aling-items-center padding-bottom-2x\">\n<div class=\"col-lg-12\">\n<h5 class=\"card-title text-center\">Informaci\u00f3n General<\/h5>\n<p>La c\u00e1mara modelo\u00a0<strong>IPCHDBW5831EZE\u00a0<\/strong>es una c\u00e1mara IP\u00a0bullet Evo-savvy con una resoluci\u00f3n de\u00a08 megap\u00edxeles que nos brinda una excelente calidad de imagen, con tecnolog\u00eda de compresi\u00f3n de video de alta eficiencia\u00a0Smart H265+.\u00a0Incluye\u00a0potentes IR con alcance de hasta 50 metros de distancia, tecnolog\u00eda ePOE por lo que la c\u00e1mara puede ser alimentada a trav\u00e9s del cable ethernet y adem\u00e1s cuenta con ranura micro SD en la cual se le puede colocar una memoria micro SD de hasta 128Gb . La c\u00e1mara se puede instalar en ambientes exteriores debido a su \u00edndice de protecci\u00f3n IP67 e IK10 de resistencia antivand\u00e1lica.<\/p>\n<p><img decoding=\"async\" class=\"overview-center-img-web\" src=\"https:\/\/tvc.mx\/media\/422579\/camara-ip-bullet-4k-8-megapixeles-lente-motorizado-eco-savy-IPC-HFW5831E-ZE-dahua.png\" alt=\"\" \/><\/p>\n<\/div>\n<\/div>\n<div class=\"row align-items-center padding-bottom-2x\">\n<div class=\"col-md-5\"><img decoding=\"async\" class=\"d-block m-auto img-thumbnail\" src=\"https:\/\/tvc.mx\/media\/52737\/3.jpg\" alt=\" \" \/><\/div>\n<div class=\"col-md-7 text-md-left text-center\">\n<h2>ePoE<\/h2>\n<p>La tecnolog\u00eda\u00a0ePoE de Dahua adopta avanzados m\u00e9todos de\u00a0codificaci\u00f3n\u00a0para lograr transmitir hasta\u00a0<strong>800mts<\/strong>\u00a0a una velocidad de\u00a0<strong>10Mbps<\/strong>\u00a0y a\u00a0<strong>300mts\u00a0con<\/strong>\u00a0una velocidad de\u00a0<strong>100Mbps<\/strong>\u00a0por medio de\u00a0cable ethernet\u00a0Cat5 o cable coaxial, adem\u00e1s es compatible con la tecnolog\u00eda de suministro de energ\u00eda PoE y PoC.<\/p>\n<p>Simplifica en gran medida la construcci\u00f3n de la red, teniendo como resultado\u00a0una mayor confiabilidad y menores costos de instalaci\u00f3n y mantenimiento de todo el sistema.<\/p>\n<p>&nbsp;<\/p>\n<\/div>\n<\/div>\n<hr class=\"padding-bottom-2x\" \/>\n<div class=\"row align-items-center padding-bottom-2x\">\n<div class=\"col-md-5 order-md-2\"><img decoding=\"async\" class=\"d-block m-auto img-thumbnail\" src=\"https:\/\/tvc.mx\/media\/52746\/2.png\" alt=\" \" \/><\/div>\n<div class=\"col-md-7 order-md-1 text-md-left text-center\">\n<h2>Tecnolog\u00eda 4K<\/h2>\n<p>La tecnolog\u00eda 4K como un avance revolucionario en la imagen, que mejorar la imagen expresiva de la esencia, permitiendo a los usuarios experimentar la mejor calidad de imagen provocada por lo visual banquete . A los efectos de la vigilancia 4K con cuatro veces el 1080P resoluci\u00f3n, presentada al usuario con m\u00e1s detalles. Debajo de lo mismo escenario al aumentar los p\u00edxeles, reducir el costo de la c\u00e1mara<\/p>\n<p>&nbsp;<\/p>\n<\/div>\n<\/div>\n<hr class=\"padding-bottom-2x\" \/>\n<div class=\"row align-items-center padding-bottom-2x\">\n<div class=\"col-md-5\"><img decoding=\"async\" class=\"d-block m-auto img-thumbnail\" src=\"https:\/\/tvc.mx\/media\/422583\/WDR-Dahua.png\" alt=\" \" \/><\/div>\n<div class=\"col-md-7 text-md-left text-center\">\n<h2>WDR Real 120dB<\/h2>\n<p>La c\u00e1mara\u00a0<strong>IPCHDBW5831EZE\u00a0<\/strong>logra obtener im\u00e1genes n\u00edtidas en escenarios donde hay variaci\u00f3n\u00a0debido a las condiciones de iluminaci\u00f3n\u00a0baja y brillante,la funci\u00f3n\u00a0WDR120dB\u00a0se encarga de medir, compensar y ajustar la luz en la imagen\u00a0captada para despu\u00e9s combinar los espacios de luces brillantes con los espacios de sombras que hay en una misma toma, creando\u00a0un equilibrio en la imagen final.<\/p>\n<p>&nbsp;<\/p>\n<\/div>\n<\/div>\n<hr class=\"padding-bottom-2x\" \/>\n<div class=\"row align-items-center padding-bottom-2x\">\n<div class=\"col-md-5 order-md-2\"><img decoding=\"async\" class=\"d-block m-auto img-thumbnail\" src=\"https:\/\/tvc.mx\/media\/422587\/IVS-Dahua.png\" alt=\" \" \/><\/div>\n<div class=\"col-md-7 order-md-1 text-md-left text-center\">\n<h2>Sistema de v\u00eddeo inteligente (IVS)<\/h2>\n<p>El sistema de v\u00eddeo inteligente (IVS) es un algoritmo que se encuentra embebido en la c\u00e1mara\u00a0<strong>IPCHDBW5831EZE\u00a0<\/strong>el cual tiene como funci\u00f3n auxiliar en el monitoreo ya que ayuda a notificar cuando alguien realiza un cruce de linea (Tripwire) no autorizado, tambi\u00e9n cuando alguien ingresa en una zona no autorizada (zona de intrusi\u00f3n) y de igual forma cuando alg\u00fan objeto es removido o sustra\u00eddo (Objeto olvidado\/removido) en cualquiera de los escenarios mencionados se podr\u00e1 contar con una notificaci\u00f3n instant\u00e1nea.<\/p>\n<p>&nbsp;<\/p>\n<p>&nbsp;<\/p>\n<\/div>\n<\/div>\n<hr class=\"padding-bottom-2x\" \/>\n<div class=\"row align-items-center padding-bottom-2x\">\n<div class=\"col-md-5\"><img decoding=\"async\" class=\"d-block m-auto img-thumbnail\" src=\"https:\/\/tvc.mx\/media\/422591\/codificacion-h.265-dahua.png\" alt=\" \" \/><\/div>\n<div class=\"col-md-7 text-md-left text-center\">\n<h2>Compresi\u00f3n Smart H.265+<\/h2>\n<p>Smart H.265+ es la implementaci\u00f3n optimizada del c\u00f3dec H.265\u00a0que usa una estrategia de codificaci\u00f3n adaptable a la escena, din\u00e1mica GOP, din\u00e1mica\u00a0ROI, estructura de referencia flexible de m\u00faltiples marcos y ruido inteligente\u00a0reducci\u00f3n para ofrecer v\u00eddeos de alta calidad sin forzar la red.\u00a0La tecnolog\u00eda Smart H.265 + reduce la tasa de bits y los requisitos de almacenamiento hasta en un 70% en comparaci\u00f3n con la compresi\u00f3n de v\u00eddeo est\u00e1ndar H.265.<\/p>\n<p>&nbsp;<\/p>\n<\/div>\n<\/div>\n<hr class=\"padding-bottom-2x\" \/>\n<div class=\"row align-items-center padding-bottom-2x\">\n<div class=\"col-md-5 order-md-2\"><img decoding=\"async\" class=\"d-block m-auto img-thumbnail\" src=\"https:\/\/tvc.mx\/media\/52818\/6.png\" alt=\" \" \/><\/div>\n<div class=\"col-md-7 order-md-1 text-md-left text-center\">\n<h2>Ranura micro SD<\/h2>\n<p>La c\u00e1mara\u00a0<strong>IPCHDBW5831EZE<\/strong>\u00a0cuenta con ranura micro SD en la cual se puede insertar una tarjeta de memoria de hasta 128gb (No incluida) Dentro de la cual se podr\u00e1 almacenar v\u00eddeo o im\u00e1genes de v\u00eddeo previamente configurados en la interfaz web de la c\u00e1mara.<\/p>\n<p>&nbsp;<\/p>\n<\/div>\n<\/div>\n<hr class=\"padding-bottom-2x\" \/>\n<div class=\"row align-items-center padding-bottom-2x\">\n<div class=\"col-md-5\"><img decoding=\"async\" class=\"d-block m-auto img-thumbnail\" src=\"https:\/\/tvc.mx\/media\/422595\/camara-ip-bullet-4k-8-megapixeles-lente-motorizado-eco-savy-IPC-HFW5831E-ZE-dahua-caracteristicas.png\" alt=\" \" \/><\/div>\n<div class=\"col-md-7 text-md-left text-center\">\n<h2>Principales Caracteristicas<\/h2>\n<ul>\n<li>\u00a0CMOS STARVIS \u2122 de barrido progresivo de 1 \/ 2,5 \u201dy 8 megap\u00edxeles<\/li>\n<li>Codificaci\u00f3n de doble flujo H.265 y H.264<\/li>\n<li>15 fps a 4K (3840 \u00d7 2160), 25\/30 fps a 3Mp (2304 \u00d7 1296)<\/li>\n<li>D\u00eda \/ Noche (ICR), 3DNR, AWB, AGC, BLC<\/li>\n<li>Monitoreo de red m\u00faltiple: visor web, CMS (DSS \/ PSS) y DMSS<\/li>\n<li>LED IR<\/li>\n<li>Memoria Micro SD<\/li>\n<li>IP67, IK10<\/li>\n<li>PoE<\/li>\n<\/ul>\n<p>&nbsp;<\/p>\n<\/div>\n<\/div>\n<hr class=\"padding-bottom-2x\" \/>\n<div class=\"row align-items-center padding-bottom-2x\">\n<div class=\"col-md-5 order-md-2\"><img decoding=\"async\" class=\"d-block m-auto img-thumbnail\" src=\"https:\/\/tvc.mx\/media\/422623\/camara-ip-bullet-4k-8-megapixeles-lente-motorizado-eco-savy-IPC-HFW5831E-ZE-dahua-especificaciones.png\" alt=\" \" \/><\/div>\n<div class=\"col-md-7 order-md-1 text-md-left text-center\">\n<h2>Especificaciones<\/h2>\n<ul>\n<li>CMOS de barrido progresivo de 1 \/ 2,5 \u201dy 8 megap\u00edxeles<\/li>\n<li>Distancia IR hasta 50 m<\/li>\n<li>LED de infrarrojos\u00a04<\/li>\n<li>Lente motorizado 2,7 mm ~ 12 mm<\/li>\n<li>Zoom \u00f3ptico 4x<\/li>\n<li>Pan: 0\u02da ~ \u030a360\u02da; \u030a Inclinaci\u00f3n: 0\u02da ~ \u030a90\u02da; \u030a Rotaci\u00f3n: 0\u02da ~ \u030a360<\/li>\n<li>IVS: Tripwire, intrusi\u00f3n, objeto abandonado \/ perdido<\/li>\n<li>Funciones inteligentes avanzadas Detecci\u00f3n de rostro<\/li>\n<li>Compresi\u00f3n H.265 + \/ H.265 \/ H.264 + \/ H.264<\/li>\n<li>BLC \/ HLC \/ WDR real 120 dB<\/li>\n<li>Reducci\u00f3n de ruido: 3D DNR<\/li>\n<li>Zoom digital 16x<\/li>\n<li>Fuente de alimentaci\u00f3n DC12V, PoE (802.3af) (Clase 0)<\/li>\n<li>IP67 IK10<\/li>\n<li>Carcasa: Metal<\/li>\n<\/ul>\n<\/div>\n<\/div>\n","protected":false},"excerpt":{"rendered":"<p>Informaci\u00f3n General La c\u00e1mara modelo\u00a0IPCHDBW5831EZE\u00a0es una c\u00e1mara IP\u00a0bullet Evo-savvy con una resoluci\u00f3n de\u00a08 megap\u00edxeles que nos brinda una excelente calidad de imagen, con tecnolog\u00eda de compresi\u00f3n de video de alta eficiencia\u00a0Smart H265+.\u00a0Incluye\u00a0potentes IR con alcance de hasta 50 metros de distancia, tecnolog\u00eda ePOE por lo&hellip;<\/p>\n","protected":false},"featured_media":1979,"comment_status":"open","ping_status":"closed","template":"","meta":{"om_disable_all_campaigns":false,"_monsterinsights_skip_tracking":false,"_monsterinsights_sitenote_active":false,"_monsterinsights_sitenote_note":"","_monsterinsights_sitenote_category":0},"product_brand":[],"product_cat":[110],"product_tag":[112,111,42,38,66],"class_list":{"0":"post-1980","1":"product","2":"type-product","3":"status-publish","4":"has-post-thumbnail","6":"product_cat-bullet","7":"product_tag-bala","8":"product_tag-bullet","9":"product_tag-camaras","10":"product_tag-camaras-de-seguridad","11":"product_tag-dahua","13":"first","14":"instock","15":"sale","16":"taxable","17":"shipping-taxable","18":"purchasable","19":"product-type-simple"},"aioseo_notices":[],"_links":{"self":[{"href":"https:\/\/tecsecmty.com\/index.php\/wp-json\/wp\/v2\/product\/1980","targetHints":{"allow":["GET"]}}],"collection":[{"href":"https:\/\/tecsecmty.com\/index.php\/wp-json\/wp\/v2\/product"}],"about":[{"href":"https:\/\/tecsecmty.com\/index.php\/wp-json\/wp\/v2\/types\/product"}],"replies":[{"embeddable":true,"href":"https:\/\/tecsecmty.com\/index.php\/wp-json\/wp\/v2\/comments?post=1980"}],"version-history":[{"count":0,"href":"https:\/\/tecsecmty.com\/index.php\/wp-json\/wp\/v2\/product\/1980\/revisions"}],"wp:featuredmedia":[{"embeddable":true,"href":"https:\/\/tecsecmty.com\/index.php\/wp-json\/wp\/v2\/media\/1979"}],"wp:attachment":[{"href":"https:\/\/tecsecmty.com\/index.php\/wp-json\/wp\/v2\/media?parent=1980"}],"wp:term":[{"taxonomy":"product_brand","embeddable":true,"href":"https:\/\/tecsecmty.com\/index.php\/wp-json\/wp\/v2\/product_brand?post=1980"},{"taxonomy":"product_cat","embeddable":true,"href":"https:\/\/tecsecmty.com\/index.php\/wp-json\/wp\/v2\/product_cat?post=1980"},{"taxonomy":"product_tag","embeddable":true,"href":"https:\/\/tecsecmty.com\/index.php\/wp-json\/wp\/v2\/product_tag?post=1980"}],"curies":[{"name":"wp","href":"https:\/\/api.w.org\/{rel}","templated":true}]}}