{"id":1993,"date":"2023-02-22T18:07:09","date_gmt":"2023-02-23T00:07:09","guid":{"rendered":"https:\/\/tecsecmty.com\/index.php\/producto\/dahua-ipc-hdbw2231r-zs-camara-ip-domo-antivandalica-de-2-megapixeles-lente-motorizado-de-2-7-13-5-mm-h-265-ir-de-40-mts-wdr-real-ranura-para-microsd-ip67-ik10-poe-videoanaliticos-con-ivs\/"},"modified":"2023-03-22T23:22:47","modified_gmt":"2023-03-23T05:22:47","slug":"dahua-ipc-hdbw2231r-zs-camara-ip-domo-antivandalica-de-2-megapixeles-lente-motorizado-de-2-7-13-5-mm-h-265-ir-de-40-mts-wdr-real-ranura-para-microsd-ip67-ik10-poe-videoanaliticos-con-ivs","status":"publish","type":"product","link":"https:\/\/tecsecmty.com\/index.php\/producto\/dahua-ipc-hdbw2231r-zs-camara-ip-domo-antivandalica-de-2-megapixeles-lente-motorizado-de-2-7-13-5-mm-h-265-ir-de-40-mts-wdr-real-ranura-para-microsd-ip67-ik10-poe-videoanaliticos-con-ivs\/","title":{"rendered":"DAHUA IPC-HDBW2231R-ZS &#8211; C\u00e1mara IP Domo Antivand\u00e1lica de 2 Megap\u00edxeles\/ Lente Motorizado de 2.7-13.5 mm\/ H.265+\/ IR de 40 Mts\/ WDR Real\/ Ranura para MicroSD\/ IP67\/ IK10\/ PoE\/ Videoanaliticos con IVS\/"},"content":{"rendered":"<div class=\"row aling-items-center padding-bottom-2x\">\n<div class=\"col-lg-12\">\n<h5 class=\"card-title text-center\">Informaci\u00f3n General<\/h5>\n<p class=\"ql-align-justify\">Con tecnolog\u00eda de codificaci\u00f3n H.265 mejorada. La c\u00e1mara tiene una capacidad de codificaci\u00f3n de video eficiente, lo que ahorra ancho de banda y espacio de almacenamiento. Esta c\u00e1mara adopta la \u00faltima tecnolog\u00eda starlight y muestra una mejor imagen en color en condiciones de poca iluminaci\u00f3n. Admite almacenamiento de tarjetas SD, funci\u00f3n a prueba de polvo, funci\u00f3n impermeable y funci\u00f3n antivand\u00e1lica, cumpliendo con los est\u00e1ndares de IP67 e IK10<\/p>\n<p><img decoding=\"async\" class=\"overview-center-img-web\" src=\"https:\/\/tvc.mx\/media\/417671\/camara-ip-domo-antivandalica-2-megapixeles-lente-motorizaado-IPC-HDBW2231R-ZS-dahua.png\" alt=\"\" \/><\/div>\n<\/div>\n<div class=\"row align-items-center padding-bottom-2x\">\n<div class=\"col-md-5\"><img decoding=\"async\" class=\"d-block m-auto img-thumbnail\" src=\"https:\/\/tvc.mx\/media\/417675\/Starlight-Dahua.png\" alt=\" \" \/><\/div>\n<div class=\"col-md-7 text-md-left text-center\">\n<h2>Starlight<\/h2>\n<p class=\"text-muted\">\n<p class=\"ql-align-justify\">La tecnolog\u00eda Dahua Starlight puede proporcionar videos n\u00edtidos y coloridos en el entorno de baja iluminancia. Se aplica ampliamente a varios ambientes de baja iluminancia.<\/p>\n<p>&nbsp;<\/p>\n<\/div>\n<\/div>\n<hr class=\"padding-bottom-2x\" \/>\n<div class=\"row align-items-center padding-bottom-2x\">\n<div class=\"col-md-5\"><img decoding=\"async\" class=\"d-block m-auto img-thumbnail\" src=\"https:\/\/tvc.mx\/media\/417683\/WDR-Dahua.png\" alt=\" \" \/><\/div>\n<div class=\"col-md-7 text-md-left text-center\">\n<h2>WDR<\/h2>\n<p class=\"text-muted\">\n<p>Con tecnolog\u00eda avanzada de amplio rango din\u00e1mico (WDR), la c\u00e1mara proporciona detalles claros en un entorno de fuerte brillo, contraste. El \u00e1rea brillante y oscura puede obtener videos n\u00edtidos incluso en alta ambiente de brillo o con sombra de luz de fondo.<\/p>\n<p>&nbsp;<\/p>\n<\/div>\n<\/div>\n<hr class=\"padding-bottom-2x\" \/>\n<div class=\"row align-items-center padding-bottom-2x\">\n<div class=\"col-md-5 order-md-2\"><img decoding=\"async\" class=\"d-block m-auto img-thumbnail\" src=\"https:\/\/tvc.mx\/media\/417687\/camara-ip-domo-antivandalica-2-megapixeles-lente-motorizaado-IPC-HDBW2231R-ZS-dahua-caracteristicas.png\" alt=\" \" \/><\/div>\n<div class=\"col-md-7 order-md-1 text-md-left text-center\">\n<h2>Principales caracter\u00edsticas<\/h2>\n<p class=\"text-muted\">\n<ul>\n<li class=\"ql-align-justify\">Lente motorizado &#8211; Control desde el navegador, NVR o software<\/li>\n<li class=\"ql-align-justify\">WDR &#8211; 120 dB &#8211; Amplio rango din\u00e1mico de la iluminaci\u00f3n<\/li>\n<li class=\"ql-align-justify\">3D-DNR &#8211; Reducci\u00f3n digital de ruido en la imagen<\/li>\n<li class=\"ql-align-justify\">ICR &#8211; Filtro mec\u00e1nico de infrarrojos<\/li>\n<li class=\"ql-align-justify\">BLC &#8211; compensaci\u00f3n configurable de la luz de fondo<\/li>\n<li class=\"ql-align-justify\">HLC &#8211; Compensaci\u00f3n de alta luz (punto)<\/li>\n<li class=\"ql-align-justify\">D-ZOOM &#8211; Zoom digital<\/li>\n<li class=\"ql-align-justify\">Modo d\u00eda\/noche (color\/b&amp;w\/auto)<\/li>\n<li class=\"ql-align-justify\">Zonas de privacidad configurables<\/li>\n<li class=\"ql-align-justify\">Detecci\u00f3n de movimiento<\/li>\n<li class=\"ql-align-justify\">An\u00e1lisis IVS\u00a0:\u00a0intrusi\u00f3n,\u00a0cruzamiento de la l\u00ednea (cable trampa)<\/li>\n<\/ul>\n<p>&nbsp;<\/p>\n<\/div>\n<\/div>\n<hr class=\"padding-bottom-2x\" \/>\n<div class=\"row align-items-center padding-bottom-2x\">\n<div class=\"col-md-5\"><img decoding=\"async\" class=\"d-block m-auto img-thumbnail\" src=\"https:\/\/tvc.mx\/media\/417691\/camara-ip-domo-antivandalica-2-megapixeles-lente-motorizaado-IPC-HDBW2231R-ZS-dahua-especificaciones.png\" alt=\" \" \/><\/div>\n<div class=\"col-md-7 text-md-left text-center\">\n<h2>Especificaciones<\/h2>\n<p class=\"text-muted\">\n<ul>\n<li>1\/2.8\u00a0\u00bb Progressive Scan CMOS<\/li>\n<li>2 megap\u00edxeles<\/li>\n<li>Lente motorizado 2.7mm &#8211; 13.5\u00a0mm<\/li>\n<li>\u00c1ngulo de visi\u00f3n:109\u00a0\u00b0 &#8211; 28\u00a0\u00b0<\/li>\n<li>Rango del iluminador IR:40\u00a0m<\/li>\n<li>Ranura para tarjeta de memoria: Es compatible con tarjetas Micro SD hasta 256GB<\/li>\n<li>M\u00e9todo de compresi\u00f3n de im\u00e1genes:H.265+ \/\u00a0H.265\u00a0\/ H.264+ \/\u00a0H.264\u00a0\/\u00a0MJPEG<\/li>\n<li>Alimentaci\u00f3n: PoE (802.3af),12\u00a0V\u00a0DC\u00a0\/ 530\u00a0mA<\/li>\n<li>Carcasa: Metal<\/li>\n<li>A prueba de vandalismo:IK10<\/li>\n<li>Grado de protecci\u00f3n:IP67<\/li>\n<\/ul>\n<\/div>\n<\/div>\n","protected":false},"excerpt":{"rendered":"<p>Informaci\u00f3n General Con tecnolog\u00eda de codificaci\u00f3n H.265 mejorada. La c\u00e1mara tiene una capacidad de codificaci\u00f3n de video eficiente, lo que ahorra ancho de banda y espacio de almacenamiento. Esta c\u00e1mara adopta la \u00faltima tecnolog\u00eda starlight y muestra una mejor imagen en color en condiciones de&hellip;<\/p>\n","protected":false},"featured_media":2050,"comment_status":"open","ping_status":"closed","template":"","meta":{"om_disable_all_campaigns":false,"_monsterinsights_skip_tracking":false,"_monsterinsights_sitenote_active":false,"_monsterinsights_sitenote_note":"","_monsterinsights_sitenote_category":0},"product_brand":[],"product_cat":[113],"product_tag":[114,42,38,66,115],"class_list":{"0":"post-1993","1":"product","2":"type-product","3":"status-publish","4":"has-post-thumbnail","6":"product_cat-domo-camaras-ip","7":"product_tag-camara-domo","8":"product_tag-camaras","9":"product_tag-camaras-de-seguridad","10":"product_tag-dahua","11":"product_tag-domo","13":"first","14":"instock","15":"sale","16":"taxable","17":"shipping-taxable","18":"purchasable","19":"product-type-simple"},"aioseo_notices":[],"_links":{"self":[{"href":"https:\/\/tecsecmty.com\/index.php\/wp-json\/wp\/v2\/product\/1993","targetHints":{"allow":["GET"]}}],"collection":[{"href":"https:\/\/tecsecmty.com\/index.php\/wp-json\/wp\/v2\/product"}],"about":[{"href":"https:\/\/tecsecmty.com\/index.php\/wp-json\/wp\/v2\/types\/product"}],"replies":[{"embeddable":true,"href":"https:\/\/tecsecmty.com\/index.php\/wp-json\/wp\/v2\/comments?post=1993"}],"version-history":[{"count":0,"href":"https:\/\/tecsecmty.com\/index.php\/wp-json\/wp\/v2\/product\/1993\/revisions"}],"wp:featuredmedia":[{"embeddable":true,"href":"https:\/\/tecsecmty.com\/index.php\/wp-json\/wp\/v2\/media\/2050"}],"wp:attachment":[{"href":"https:\/\/tecsecmty.com\/index.php\/wp-json\/wp\/v2\/media?parent=1993"}],"wp:term":[{"taxonomy":"product_brand","embeddable":true,"href":"https:\/\/tecsecmty.com\/index.php\/wp-json\/wp\/v2\/product_brand?post=1993"},{"taxonomy":"product_cat","embeddable":true,"href":"https:\/\/tecsecmty.com\/index.php\/wp-json\/wp\/v2\/product_cat?post=1993"},{"taxonomy":"product_tag","embeddable":true,"href":"https:\/\/tecsecmty.com\/index.php\/wp-json\/wp\/v2\/product_tag?post=1993"}],"curies":[{"name":"wp","href":"https:\/\/api.w.org\/{rel}","templated":true}]}}