{"id":2003,"date":"2023-02-22T18:07:12","date_gmt":"2023-02-23T00:07:12","guid":{"rendered":"https:\/\/tecsecmty.com\/index.php\/producto\/dahua-ipc-hdbw3441rn-zs-camara-ip-domo-antivandalica-resolucion-de-4-mp-lente-mot-2-7-a-13-5mm-%e2%88%a2-104-27-ir-40-mts-ia-wizsense-deteccion-de-movimiento-inteligente-proteccio\/"},"modified":"2023-03-22T23:22:48","modified_gmt":"2023-03-23T05:22:48","slug":"dahua-ipc-hdbw3441rn-zs-camara-ip-domo-antivandalica-resolucion-de-4-mp-lente-mot-2-7-a-13-5mm-104-27-ir-40-mts-ia-wizsense-deteccion-de-movimiento-inteligente-proteccio","status":"publish","type":"product","link":"https:\/\/tecsecmty.com\/index.php\/producto\/dahua-ipc-hdbw3441rn-zs-camara-ip-domo-antivandalica-resolucion-de-4-mp-lente-mot-2-7-a-13-5mm-104-27-ir-40-mts-ia-wizsense-deteccion-de-movimiento-inteligente-proteccio\/","title":{"rendered":"DAHUA IPC-HDBW3441RN-ZS &#8211; C\u00e1mara IP Domo Antivand\u00e1lica Resoluci\u00f3n de 4 MP\/ Lente Mot. 2.7 a 13.5mm\/ \u2222 104\u00b0-27\u00b0\/ IR 40 mts\/ IA WizSense\/ Detecci\u00f3n de Movimiento Inteligente\/ Protecci\u00f3n Perimetral\/ Starlight\/ PoE\/ WDR\/ H.265+\/ IP67\/ IK10\/ #relampago"},"content":{"rendered":"<div class=\"row aling-items-center padding-bottom-2x\">\n<div class=\"col-lg-12\">\n<h5 class=\"card-title text-center\">Informaci\u00f3n General<\/h5>\n<p class=\"ql-align-justify\">La c\u00e1mara\u00a0<strong>HDBW3441R-ZS<\/strong>\u00a0con resoluci\u00f3n de\u00a0<strong>4MP<\/strong>\u00a0pertenece a la Serie\u00a0<strong>WizSense<\/strong>\u00a0de Dahua, cuenta con algoritmos de aprendizaje profundo orientado a proyectos centr\u00e1ndose en los requisitos del cliente, tambi\u00e9n cuenta con anal\u00edticos IVS como\u00a0<strong>tripwire e intrusi\u00f3n\u00a0<\/strong>( soporta la clasificaci\u00f3n y detecci\u00f3n precisa de veh\u00edculos y humanos). Este modelo incorpora un\u00a0<strong>lente varifocal motorizado<\/strong>\u00a0de 2.7mm &#8211; 13.5mm,\u00a0<strong>Smart IR<\/strong>\u00a0con un alcance de hasta 40 metros,\u00a0<strong>WDR 120dB<\/strong>, alimentaci\u00f3n\u00a0<strong>PoE<\/strong>\u00a0y puede ser utilizada en ambientes exteriores debido a su \u00edndice de protecci\u00f3n\u00a0<strong>IP67<\/strong>\u00a0e\u00a0<strong>IK10<\/strong>.<\/p>\n<p><img decoding=\"async\" class=\"overview-center-img-web\" src=\"https:\/\/tvc.mx\/media\/392975\/Dahua-HDBW3441R-ZS--C%C3%A1mara-Domo-4Mp-WizSense-Lente-Motorizado-H.265plus-Micro-SD-IP67-IK10-PoE-imgpal.png\" alt=\"\" \/><\/p>\n<\/div>\n<\/div>\n<div class=\"row align-items-center padding-bottom-2x\">\n<div class=\"col-md-5 order-md-2\"><img decoding=\"async\" class=\"d-block m-auto img-thumbnail\" src=\"https:\/\/tvc.mx\/media\/392979\/SMD-plus-Dahua.png\" alt=\" \" \/><\/div>\n<div class=\"col-md-7 order-md-1 text-md-left text-center\">\n<h2>SMD Plus<\/h2>\n<p class=\"ql-align-justify\">Basado en un algoritmo de aprendizaje profundo, nuestra c\u00e1mara cuenta con\u00a0<strong>SMD Plus<\/strong>\u00a0puede clasificar de manera efectiva a\u00a0<strong>humanos o veh\u00edculos<\/strong>\u00a0en la escena.<strong>\u00a0Filtra las falsas alarmas<\/strong>\u00a0causadas por hojas, luces, mascotas y otros objetos que no son el objetivo, lo que mejora significativamente la precisi\u00f3n de la alarma. Adem\u00e1s, tambi\u00e9n admite la b\u00fasqueda r\u00e1pida de objetivos a partir de videos grabados, lo que permite a los usuarios rastrear y analizar el historial de datos de objetivos humanos y de veh\u00edculos, mejorar la eficiencia de b\u00fasqueda y ahorrar costos laborales.<\/p>\n<p>&nbsp;<\/p>\n<\/div>\n<\/div>\n<hr class=\"padding-bottom-2x\" \/>\n<div class=\"row align-items-center padding-bottom-2x\">\n<div class=\"col-md-5\"><img decoding=\"async\" class=\"d-block m-auto img-thumbnail\" src=\"https:\/\/tvc.mx\/media\/392983\/Starlight-Dahua.png\" alt=\" \" \/><\/div>\n<div class=\"col-md-7 text-md-left text-center\">\n<h2>Tecnolog\u00eda Starlight<\/h2>\n<p class=\"ql-align-justify\">Otra caracter\u00edstica de nuestra c\u00e1mara\u00a0<strong>HDBW3441R-ZS<\/strong>,es la tecnolog\u00eda\u00a0<strong>Starlight<\/strong>\u00a0nos permite obtener un\u00a0rendimiento excepcional ideal para la visualizaci\u00f3n y reproducci\u00f3n\u00a0de im\u00e1genes bajo condiciones de poca iluminaci\u00f3n, tanto en condiciones de contraluz extremo como en la obscuridad. Incorpora un sensor 1\/3&#8243; CMOS Progresivo de alto rendimiento el cual captura las im\u00e1genes a todo color y\u00a0obtiene un balance entre las zonas m\u00e1s iluminadas y menos iluminadas.<\/p>\n<p>&nbsp;<\/p>\n<\/div>\n<\/div>\n<hr class=\"padding-bottom-2x\" \/>\n<div class=\"row align-items-center padding-bottom-2x\">\n<div class=\"col-md-5 order-md-2\"><img decoding=\"async\" class=\"d-block m-auto img-thumbnail\" src=\"https:\/\/tvc.mx\/media\/392987\/codificacion-h.265-dahua.png\" alt=\" \" \/><\/div>\n<div class=\"col-md-7 order-md-1 text-md-left text-center\">\n<h2>C\u00f3dec Inteligente<\/h2>\n<p class=\"ql-align-justify\"><strong>Smart Codec<\/strong>\u00a0es la implementaci\u00f3n de la compresi\u00f3n del video standard (H.265 &amp; H.264) que usa una estrategia codificada de adaptaci\u00f3n de escenas, se aplica en la reducci\u00f3n inteligente de ruido para ofrecer videos de alta calidad sin forzar la red. La tecnolog\u00eda Smart Codec reduce la tasa de bits y los requisitos de almacenamiento en hasta un 70% en comparaci\u00f3n con la compresi\u00f3n de video est\u00e1ndar.<\/p>\n<p>&nbsp;<\/p>\n<\/div>\n<\/div>\n<hr class=\"padding-bottom-2x\" \/>\n<div class=\"row align-items-center padding-bottom-2x\">\n<div class=\"col-md-5\"><img decoding=\"async\" class=\"d-block m-auto img-thumbnail\" src=\"https:\/\/tvc.mx\/media\/392991\/WDR-Dahua.png\" alt=\" \" \/><\/div>\n<div class=\"col-md-7 text-md-left text-center\">\n<h2>WDR 120dB<\/h2>\n<p class=\"ql-align-justify\">La c\u00e1mara\u00a0<strong>HDBW3441R-ZS<\/strong>\u00a0logra obtener im\u00e1genes n\u00edtidas\u00a0en escenarios donde hay variaci\u00f3n\u00a0en las condiciones de iluminaci\u00f3n ya sea\u00a0baja y\/o brillante, la funci\u00f3n\u00a0WDR120dB\u00a0se encarga de medir, compensar y ajustar la luz en la imagen\u00a0captada para despu\u00e9s\u00a0combinar los espacios de luces brillantes con los espacios de sombras, creando\u00a0un equilibrio en la imagen final.<\/p>\n<p>&nbsp;<\/p>\n<\/div>\n<\/div>\n<hr class=\"padding-bottom-2x\" \/>\n<div class=\"row align-items-center padding-bottom-2x\">\n<div class=\"col-md-5 order-md-2\"><img decoding=\"async\" class=\"d-block m-auto img-thumbnail\" src=\"https:\/\/tvc.mx\/media\/392995\/PoE-Inteligente-Dahua.png\" alt=\" \" \/><\/div>\n<div class=\"col-md-7 order-md-1 text-md-left text-center\">\n<h2>Alimentaci\u00f3n PoE<\/h2>\n<p class=\"ql-align-justify\">La c\u00e1mara\u00a0<strong>HDBW3441R-ZS\u00a0<\/strong>permite ser alimentada a trav\u00e9s de Ethernet (PoE) mediante la norma IEEE 802.3af, con esto se simplifica y abarata la creaci\u00f3n de un suministro el\u00e9ctrico altamente robusto para el CCTV IP.<\/p>\n<p>&nbsp;<\/p>\n<\/div>\n<\/div>\n<hr class=\"padding-bottom-2x\" \/>\n<div class=\"row align-items-center padding-bottom-2x\">\n<div class=\"col-md-5\"><img decoding=\"async\" class=\"d-block m-auto img-thumbnail\" src=\"https:\/\/tvc.mx\/media\/392999\/Region-de-interes-dahua.png\" alt=\" \" \/><\/div>\n<div class=\"col-md-7 text-md-left text-center\">\n<h2>Regi\u00f3n de Interes &#8211; ROI<\/h2>\n<p class=\"ql-align-justify\">Es una funci\u00f3n que nos ayuda a optimizar el ancho de banda de la c\u00e1mara, proporcionando la m\u00e1xima calidad de imagen en el \u00e1rea seleccionada, escena u objeto, al tiempo que reduce el nivel de calidad en las otras zonas, para obtener mejores resultados de calidad y ancho de banda en esta regi\u00f3n de inter\u00e9s.<\/p>\n<p>&nbsp;<\/p>\n<\/div>\n<\/div>\n<hr class=\"padding-bottom-2x\" \/>\n<div class=\"row align-items-center padding-bottom-2x\">\n<div class=\"col-md-5 order-md-2\"><img decoding=\"async\" class=\"d-block m-auto img-thumbnail\" src=\"https:\/\/tvc.mx\/media\/393003\/almacenamiento-microSD-Dahua.png\" alt=\" \" \/><\/div>\n<div class=\"col-md-7 order-md-1 text-md-left text-center\">\n<h2>Almacenamiento en Micro SD<\/h2>\n<p class=\"ql-align-justify\">Nuestra c\u00e1mara\u00a0<strong>HDBW3441R-ZS<\/strong>\u00a0permite el almacenamiento local mediante una ranura donde es posible colocar una memoria\u00a0<strong>Micro SD<\/strong>\u00a0con almacenamiento m\u00e1ximo de hasta\u00a0<strong>256Gb<\/strong>.<\/p>\n<p>&nbsp;<\/p>\n<\/div>\n<\/div>\n<hr class=\"padding-bottom-2x\" \/>\n<div class=\"row align-items-center padding-bottom-2x\">\n<div class=\"col-md-5\"><img decoding=\"async\" class=\"d-block m-auto img-thumbnail\" src=\"https:\/\/tvc.mx\/media\/393007\/Dahua-HDBW3441R-ZS--C%C3%A1mara-Domo-4Mp-WizSense-Lente-Motorizado-H.265plus-Micro-SD-IP67-IK10-PoE-pp-caracteeristicas.png\" alt=\" \" \/><\/div>\n<div class=\"col-md-7 text-md-left text-center\">\n<h2>Principales Caracter\u00edsticas<\/h2>\n<ul>\n<li class=\"ql-align-justify\">Salidas m\u00e1x. 4MP (2688 \u00d7 1520) a 30 fps<\/li>\n<li class=\"ql-align-justify\">C\u00f3dec H.265, alta tasa de compresi\u00f3n, baja tasa de bits<\/li>\n<li class=\"ql-align-justify\">LED IR incorporado<\/li>\n<li class=\"ql-align-justify\">ROI, SMART H.264 + \/ H.265 +<\/li>\n<li class=\"ql-align-justify\">WDR, 3D DNR, HLC, BLC<\/li>\n<li class=\"ql-align-justify\">Detecci\u00f3n inteligente: intrusi\u00f3n, cable trampa<\/li>\n<li class=\"ql-align-justify\">Detecci\u00f3n de anomal\u00edas: detecci\u00f3n de movimiento, manipulaci\u00f3n de video, cambio de escena, sin tarjeta SD, tarjeta SD llena, error de tarjeta SD, desconexi\u00f3n de red, conflicto de IP, acceso ilegal, detecci\u00f3n de voltaje<\/li>\n<li class=\"ql-align-justify\">Protecci\u00f3n IP67, IK10<\/li>\n<li class=\"ql-align-justify\">SMD<\/li>\n<\/ul>\n<p>&nbsp;<\/p>\n<\/div>\n<\/div>\n","protected":false},"excerpt":{"rendered":"<p>Informaci\u00f3n General La c\u00e1mara\u00a0HDBW3441R-ZS\u00a0con resoluci\u00f3n de\u00a04MP\u00a0pertenece a la Serie\u00a0WizSense\u00a0de Dahua, cuenta con algoritmos de aprendizaje profundo orientado a proyectos centr\u00e1ndose en los requisitos del cliente, tambi\u00e9n cuenta con anal\u00edticos IVS como\u00a0tripwire e intrusi\u00f3n\u00a0( soporta la clasificaci\u00f3n y detecci\u00f3n precisa de veh\u00edculos y humanos). Este modelo&hellip;<\/p>\n","protected":false},"featured_media":2060,"comment_status":"open","ping_status":"closed","template":"","meta":{"om_disable_all_campaigns":false,"_monsterinsights_skip_tracking":false,"_monsterinsights_sitenote_active":false,"_monsterinsights_sitenote_note":"","_monsterinsights_sitenote_category":0},"product_brand":[],"product_cat":[113],"product_tag":[114,42,38,66,115],"class_list":{"0":"post-2003","1":"product","2":"type-product","3":"status-publish","4":"has-post-thumbnail","6":"product_cat-domo-camaras-ip","7":"product_tag-camara-domo","8":"product_tag-camaras","9":"product_tag-camaras-de-seguridad","10":"product_tag-dahua","11":"product_tag-domo","13":"first","14":"instock","15":"sale","16":"taxable","17":"shipping-taxable","18":"purchasable","19":"product-type-simple"},"aioseo_notices":[],"_links":{"self":[{"href":"https:\/\/tecsecmty.com\/index.php\/wp-json\/wp\/v2\/product\/2003","targetHints":{"allow":["GET"]}}],"collection":[{"href":"https:\/\/tecsecmty.com\/index.php\/wp-json\/wp\/v2\/product"}],"about":[{"href":"https:\/\/tecsecmty.com\/index.php\/wp-json\/wp\/v2\/types\/product"}],"replies":[{"embeddable":true,"href":"https:\/\/tecsecmty.com\/index.php\/wp-json\/wp\/v2\/comments?post=2003"}],"version-history":[{"count":0,"href":"https:\/\/tecsecmty.com\/index.php\/wp-json\/wp\/v2\/product\/2003\/revisions"}],"wp:featuredmedia":[{"embeddable":true,"href":"https:\/\/tecsecmty.com\/index.php\/wp-json\/wp\/v2\/media\/2060"}],"wp:attachment":[{"href":"https:\/\/tecsecmty.com\/index.php\/wp-json\/wp\/v2\/media?parent=2003"}],"wp:term":[{"taxonomy":"product_brand","embeddable":true,"href":"https:\/\/tecsecmty.com\/index.php\/wp-json\/wp\/v2\/product_brand?post=2003"},{"taxonomy":"product_cat","embeddable":true,"href":"https:\/\/tecsecmty.com\/index.php\/wp-json\/wp\/v2\/product_cat?post=2003"},{"taxonomy":"product_tag","embeddable":true,"href":"https:\/\/tecsecmty.com\/index.php\/wp-json\/wp\/v2\/product_tag?post=2003"}],"curies":[{"name":"wp","href":"https:\/\/api.w.org\/{rel}","templated":true}]}}