{"id":2024,"date":"2023-02-22T18:07:22","date_gmt":"2023-02-23T00:07:22","guid":{"rendered":"https:\/\/tecsecmty.com\/index.php\/producto\/dahua-ipc-hdw2239t-as-led-camara-domo-ip-de-2-megapixeles-full-color-lente-de-2-8-mm-microfono-integrado-leds-para-30-mts-ranura-para-microsd-wdr-real-107-grados-de-apertura-h-265-ip67-poe\/"},"modified":"2023-03-22T23:22:50","modified_gmt":"2023-03-23T05:22:50","slug":"dahua-ipc-hdw2239t-as-led-camara-domo-ip-de-2-megapixeles-full-color-lente-de-2-8-mm-microfono-integrado-leds-para-30-mts-ranura-para-microsd-wdr-real-107-grados-de-apertura-h-265-ip67-poe","status":"publish","type":"product","link":"https:\/\/tecsecmty.com\/index.php\/producto\/dahua-ipc-hdw2239t-as-led-camara-domo-ip-de-2-megapixeles-full-color-lente-de-2-8-mm-microfono-integrado-leds-para-30-mts-ranura-para-microsd-wdr-real-107-grados-de-apertura-h-265-ip67-poe\/","title":{"rendered":"DAHUA IPC-HDW2239T-AS-LED &#8211; Camara Domo IP de 2 Megapixeles\/ Full Color\/ Lente de 2.8 mm\/ Microfono Integrado\/ Leds para 30 Mts\/ Ranura para MicroSD\/ WDR Real\/ 107 Grados de Apertura\/ H.265\/ IP67\/ PoE\/ Analiticos con IVS"},"content":{"rendered":"<div class=\"row aling-items-center padding-bottom-2x\">\n<div class=\"col-lg-12\">\n<h5 class=\"card-title text-center\">Informaci\u00f3n General<\/h5>\n<p>Con tecnolog\u00eda de codificaci\u00f3n H.265 mejorada, la c\u00e1mara de red de la serie Dahua Lite tiene una capacidad de codificaci\u00f3n de video eficiente, lo que ahorra ancho de banda y espacio de almacenamiento. Esta c\u00e1mara adopta la \u00faltima tecnolog\u00eda Starlight y muestra una mejor imagen en color en condiciones de poca iluminaci\u00f3n. Admite almacenamiento en tarjeta SD, a prueba de polvo, a prueba de agua y a prueba de vandalismo, cumpliendo con los est\u00e1ndares de IP67<\/p>\n<p><img decoding=\"async\" class=\"overview-center-img-web\" src=\"https:\/\/tvc.mx\/media\/382607\/Camara-domo-fullcolor-lente-2.8mm-microfono.integrado-IPC-HDW2239T-AS-LED-Dahua.png\" alt=\"\" \/><\/div>\n<\/div>\n<div class=\"row align-items-center padding-bottom-2x\">\n<div class=\"col-md-5 order-md-2\"><img decoding=\"async\" class=\"d-block m-auto img-thumbnail\" src=\"https:\/\/tvc.mx\/media\/382611\/full-color-dahua.png\" alt=\" \" \/><\/div>\n<div class=\"col-md-7 order-md-1 text-md-left text-center\">\n<h2>Full-color<\/h2>\n<p class=\"text-muted\">\n<p>Con sensor de alto rendimiento y lente de gran apertura. La tecnolog\u00eda puede mostrar una imagen clara y colorida en un entorno de iluminaci\u00f3n ultra baja. Con esta tecnolog\u00eda de fotosensibilidad, la c\u00e1mara puede captura m\u00e1s luz disponible y muestra detalles de imagen m\u00e1s coloridos.<\/p>\n<p>&nbsp;<\/p>\n<\/div>\n<\/div>\n<hr class=\"padding-bottom-2x\" \/>\n<div class=\"row align-items-center padding-bottom-2x\">\n<div class=\"col-md-5\"><img decoding=\"async\" class=\"d-block m-auto img-thumbnail\" src=\"https:\/\/tvc.mx\/media\/382615\/WDR-Dahua.png\" alt=\" \" \/><\/div>\n<div class=\"col-md-7 text-md-left text-center\">\n<h2>WDR<\/h2>\n<p class=\"text-muted\">\n<p>Con tecnolog\u00eda avanzada de amplio rango din\u00e1mico (WDR real 120dB). La c\u00e1mara proporciona detalles claros en un entorno de fuerte brillo, contraste. El \u00e1rea brillante y oscura puede obtener videos n\u00edtidos incluso en alta ambiente de brillo o con sombra de luz de fondo.<\/p>\n<p>&nbsp;<\/p>\n<\/div>\n<\/div>\n<hr class=\"padding-bottom-2x\" \/>\n<div class=\"row align-items-center padding-bottom-2x\">\n<div class=\"col-md-5 order-md-2\"><img decoding=\"async\" class=\"d-block m-auto img-thumbnail\" src=\"https:\/\/tvc.mx\/media\/382619\/codificacion-h.265-dahua.png\" alt=\" \" \/><\/div>\n<div class=\"col-md-7 order-md-1 text-md-left text-center\">\n<h2>Smart H.265 + y Smart H.264 +<\/h2>\n<p class=\"text-muted\">\n<p>Con un algoritmo avanzado de control de velocidad adaptativo a la escena, Dahua smart. La tecnolog\u00eda de codificaci\u00f3n se da cuenta de la mayor eficiencia de codificaci\u00f3n que H.265 y H.264, proporciona video de alta calidad y reduce el costo de almacenamiento y transmisi\u00f3n.<\/p>\n<p>&nbsp;<\/p>\n<\/div>\n<\/div>\n<hr class=\"padding-bottom-2x\" \/>\n<div class=\"row align-items-center padding-bottom-2x\">\n<div class=\"col-md-5\"><img decoding=\"async\" class=\"d-block m-auto img-thumbnail\" src=\"https:\/\/tvc.mx\/media\/382723\/Camara-domo-fullcolor-lente-2.8mm-microfono.integrado-IPC-HDW2239T-AS-LED-Dahua-caracteristicas.png\" alt=\" \" \/><\/div>\n<div class=\"col-md-7 text-md-left text-center\">\n<h2>Principales caracter\u00edsticas.<\/h2>\n<p class=\"text-muted\">\n<ul>\n<li>WDR &#8211; 120 dB<\/li>\n<li>3D-DNR<\/li>\n<li>ROI<\/li>\n<li>BLC\/HLC<\/li>\n<li>Posibilidad de cambiar la resoluci\u00f3n, calidad y tasa de bits<\/li>\n<li>Detecci\u00f3n de movimiento<\/li>\n<li>Zonas de privacidad configurables<\/li>\n<li>Mirror<\/li>\n<li>An\u00e1lisis IVS\u00a0:\u00a0intrusi\u00f3n,\u00a0cruzamiento de la l\u00ednea (cable trampa),\u00a0cambio de escenario<\/li>\n<\/ul>\n<p>&nbsp;<\/p>\n<\/div>\n<\/div>\n<hr class=\"padding-bottom-2x\" \/>\n<div class=\"row align-items-center padding-bottom-2x\">\n<div class=\"col-md-5 order-md-2\"><img decoding=\"async\" class=\"d-block m-auto img-thumbnail\" src=\"https:\/\/tvc.mx\/media\/382727\/Camara-domo-fullcolor-lente-2.8mm-microfono.integrado-IPC-HDW2239T-AS-LED-Dahua-especificaciones.png\" alt=\" \" \/><\/div>\n<div class=\"col-md-7 order-md-1 text-md-left text-center\">\n<h2>Especificaciones<\/h2>\n<p class=\"text-muted\">\n<ul>\n<li>1\/2.8\u00a0\u00bb Progressive Scan CMOS<\/li>\n<li>Alcance del iluminador de luz blanca (LED):30\u00a0m<\/li>\n<li>M\u00e9todo de compresi\u00f3n de im\u00e1genes:H.265+ \/\u00a0H.265\u00a0\/ H.264+ \/\u00a0H.264\u00a0\/\u00a0MJPEG<\/li>\n<li>Micr\u00f3fono integrado<\/li>\n<li>Detecci\u00f3n de audio<\/li>\n<li>PoE (802.3af),<\/li>\n<li>12\u00a0V\u00a0DC<\/li>\n<li>Dome &#8211; Metal + Pl\u00e1stico<\/li>\n<li>IP67<\/li>\n<\/ul>\n<p>&nbsp;<\/p>\n<\/div>\n<\/div>\n<hr class=\"padding-bottom-2x\" \/>\n<div class=\"row align-items-center padding-bottom-2x\">\n<div class=\"col-md-5\"><img decoding=\"async\" class=\"d-block m-auto img-thumbnail\" src=\"https:\/\/tvc.mx\/media\/382731\/logo-dahua-negro.png\" alt=\" \" \/><\/div>\n<div class=\"col-md-7 text-md-left text-center\">\n<h2>Incluye<\/h2>\n<p class=\"text-muted\">\n<ul>\n<li>C\u00e1mara domo\u00a0<strong>\u00a0IPC-HDW2239T-AS-LED<\/strong><\/li>\n<li>Base de instalaci\u00f3n<\/li>\n<li>Tornillos<\/li>\n<li>Aditamentos para hacer la conexi\u00f3n aprueba de agua<\/li>\n<li>Manuales<\/li>\n<li>P\u00f3liza de Garant\u00eda<\/li>\n<\/ul>\n<\/div>\n<\/div>\n","protected":false},"excerpt":{"rendered":"<p>Informaci\u00f3n General Con tecnolog\u00eda de codificaci\u00f3n H.265 mejorada, la c\u00e1mara de red de la serie Dahua Lite tiene una capacidad de codificaci\u00f3n de video eficiente, lo que ahorra ancho de banda y espacio de almacenamiento. Esta c\u00e1mara adopta la \u00faltima tecnolog\u00eda Starlight y muestra una&hellip;<\/p>\n","protected":false},"featured_media":2083,"comment_status":"open","ping_status":"closed","template":"","meta":{"om_disable_all_campaigns":false,"_monsterinsights_skip_tracking":false,"_monsterinsights_sitenote_active":false,"_monsterinsights_sitenote_note":"","_monsterinsights_sitenote_category":0},"product_brand":[],"product_cat":[113],"product_tag":[114,42,38,66,115],"class_list":{"0":"post-2024","1":"product","2":"type-product","3":"status-publish","4":"has-post-thumbnail","6":"product_cat-domo-camaras-ip","7":"product_tag-camara-domo","8":"product_tag-camaras","9":"product_tag-camaras-de-seguridad","10":"product_tag-dahua","11":"product_tag-domo","13":"first","14":"instock","15":"sale","16":"taxable","17":"shipping-taxable","18":"purchasable","19":"product-type-simple"},"aioseo_notices":[],"_links":{"self":[{"href":"https:\/\/tecsecmty.com\/index.php\/wp-json\/wp\/v2\/product\/2024","targetHints":{"allow":["GET"]}}],"collection":[{"href":"https:\/\/tecsecmty.com\/index.php\/wp-json\/wp\/v2\/product"}],"about":[{"href":"https:\/\/tecsecmty.com\/index.php\/wp-json\/wp\/v2\/types\/product"}],"replies":[{"embeddable":true,"href":"https:\/\/tecsecmty.com\/index.php\/wp-json\/wp\/v2\/comments?post=2024"}],"version-history":[{"count":0,"href":"https:\/\/tecsecmty.com\/index.php\/wp-json\/wp\/v2\/product\/2024\/revisions"}],"wp:featuredmedia":[{"embeddable":true,"href":"https:\/\/tecsecmty.com\/index.php\/wp-json\/wp\/v2\/media\/2083"}],"wp:attachment":[{"href":"https:\/\/tecsecmty.com\/index.php\/wp-json\/wp\/v2\/media?parent=2024"}],"wp:term":[{"taxonomy":"product_brand","embeddable":true,"href":"https:\/\/tecsecmty.com\/index.php\/wp-json\/wp\/v2\/product_brand?post=2024"},{"taxonomy":"product_cat","embeddable":true,"href":"https:\/\/tecsecmty.com\/index.php\/wp-json\/wp\/v2\/product_cat?post=2024"},{"taxonomy":"product_tag","embeddable":true,"href":"https:\/\/tecsecmty.com\/index.php\/wp-json\/wp\/v2\/product_tag?post=2024"}],"curies":[{"name":"wp","href":"https:\/\/api.w.org\/{rel}","templated":true}]}}