{"id":2147,"date":"2023-02-22T18:30:46","date_gmt":"2023-02-23T00:30:46","guid":{"rendered":"https:\/\/tecsecmty.com\/index.php\/producto\/dahua-dh-sd6al433xa-hnr-ptz-ip-de-4-megapixeles-33x-de-zoom-optico-wizmind-h-265-starlight-laser-de-550-mts-smd-plus-autotracking-ip67-hi-poe-starlight-deteccion-de-rostros-proteccion\/"},"modified":"2023-03-22T23:22:28","modified_gmt":"2023-03-23T05:22:28","slug":"dahua-dh-sd6al433xa-hnr-ptz-ip-de-4-megapixeles-33x-de-zoom-optico-wizmind-h-265-starlight-laser-de-550-mts-smd-plus-autotracking-ip67-hi-poe-starlight-deteccion-de-rostros-proteccion","status":"publish","type":"product","link":"https:\/\/tecsecmty.com\/index.php\/producto\/dahua-dh-sd6al433xa-hnr-ptz-ip-de-4-megapixeles-33x-de-zoom-optico-wizmind-h-265-starlight-laser-de-550-mts-smd-plus-autotracking-ip67-hi-poe-starlight-deteccion-de-rostros-proteccion\/","title":{"rendered":"DAHUA DH-SD6AL433XA-HNR &#8211; PTZ IP de 4 Megapixeles\/ 33x de Zoom Optico\/ WizMind\/ H.265+\/ Starlight\/ Laser de 550 Mts\/ SMD Plus\/ Autotracking\/ IP67\/ Hi-PoE\/ Starlight+\/ Detecci\u00f3n de Rostros\/ Protecci\u00f3n Perimetral #LoNuevo"},"content":{"rendered":"<div class=\"row aling-items-center padding-bottom-2x\">\n<div class=\"col-lg-12\">\n<h5 class=\"card-title text-center\">Informaci\u00f3n General<\/h5>\n<p>C\u00e1mara IP PTZ de 4MP, Hi-PoE, WizMind con Tecnolog\u00eda Starlight+, l\u00e1ser de hasta 550m, Potente zoom \u00f3ptico de 33x y seguimiento autom\u00e1tico basado en aprendizaje profundo y protecci\u00f3n perimetral.<\/p>\n<p><img decoding=\"async\" class=\"overview-center-img-web\" src=\"https:\/\/tvc.mx\/media\/532823\/PTZ_IP_4-MP_33x_Zoom_Optico_WizMind_Starlight_Laser-550m_SMD-Plus_Dahua_DH-SD6AL433XA-HNR_Over-Ppal.png\" alt=\"\" \/><\/div>\n<\/div>\n<div class=\"row align-items-center padding-bottom-2x\">\n<div class=\"col-md-5\"><img decoding=\"async\" class=\"d-block m-auto img-thumbnail\" src=\"https:\/\/tvc.mx\/media\/532943\/Starlight-Dahua.png\" alt=\" \" \/><\/div>\n<div class=\"col-md-7 text-md-left text-center\">\n<h2>Tecnolog\u00eda Starlight<\/h2>\n<p class=\"text-muted\">\n<p class=\"ql-align-justify\">Para aplicaciones desafiantes con poca luz, la luz ultra baja de Starlight de Dahua, la tecnolog\u00eda ofrece la mejor sensibilidad a la luz de su clase, capturando detalles de color con poca luz hasta 0.001 Lux. La c\u00e1mara utiliza un conjunto de caracter\u00edsticas \u00f3pticas. para equilibrar la luz en toda la escena, lo que resulta en im\u00e1genes claras en la oscuridad ambientes.<\/p>\n<p>&nbsp;<\/p>\n<\/div>\n<\/div>\n<hr class=\"padding-bottom-2x\" \/>\n<div class=\"row align-items-center padding-bottom-2x\">\n<div class=\"col-md-5 order-md-2\"><img decoding=\"async\" class=\"d-block m-auto img-thumbnail\" src=\"https:\/\/tvc.mx\/media\/532975\/codificacion-h.265-dahua.png\" alt=\" \" \/><\/div>\n<div class=\"col-md-7 order-md-1 text-md-left text-center\">\n<h2>H.265+<\/h2>\n<p class=\"text-muted\">\n<p class=\"ql-align-justify\">Smart H.265 + es la implementaci\u00f3n optimizada del c\u00f3dec H.265 que utiliza una estrategia de codificaci\u00f3n adaptable a la escena, GOP din\u00e1mico, ROI din\u00e1mico, estructura flexible de referencia multitrama y reducci\u00f3n inteligente de ruido para entregar video de alta calidad sin forzar la red. La tecnolog\u00eda Inteligente H.265 + reduce la velocidad de bits y los requisitos de almacenamiento hasta en 70% en comparaci\u00f3n con la compresi\u00f3n de video H.265 est\u00e1ndar.<\/p>\n<p>&nbsp;<\/p>\n<\/div>\n<\/div>\n<hr class=\"padding-bottom-2x\" \/>\n<div class=\"row align-items-center padding-bottom-2x\">\n<div class=\"col-md-5\"><img decoding=\"async\" class=\"d-block m-auto img-thumbnail\" src=\"https:\/\/tvc.mx\/media\/533091\/Zoom-optico-dahua.png\" alt=\" \" \/><\/div>\n<div class=\"col-md-7 text-md-left text-center\">\n<h2>Zoom \u00d3ptico<\/h2>\n<p class=\"text-muted\">\n<p>No todas las c\u00e1maras proveen el detalle deseado, especialmente si los objetos est\u00e1n a largas distancias.<\/p>\n<p>El Zoom \u00f3ptico funciona haciendo uso de las partes m\u00f3viles del lente de la c\u00e1mara permiti\u00e9ndonos ver detalles esto significa que podemos realizar zoom de la imagen sin perder calidad de la misma. gracias a los 33x con los que cuenta \u00e9ste equipo podemos ver objetos lejanos con gran claridad.<\/p>\n<p>&nbsp;<\/p>\n<\/div>\n<\/div>\n<hr class=\"padding-bottom-2x\" \/>\n<div class=\"row align-items-center padding-bottom-2x\">\n<div class=\"col-md-5 order-md-2\"><img decoding=\"async\" class=\"d-block m-auto img-thumbnail\" src=\"https:\/\/tvc.mx\/media\/533095\/Auto-Traking-dahua.png\" alt=\" \" \/><\/div>\n<div class=\"col-md-7 order-md-1 text-md-left text-center\">\n<h2>Auto Tracking<\/h2>\n<p class=\"text-muted\">\n<p class=\"ql-align-justify\">El seguimiento Autom\u00e1tico en PTZ es una caracter\u00edstica innovadora que transforma las c\u00e1maras PTZ controladas manualmente en sistemas de seguimiento automatizados que mantienen un objeto en movimiento enfocado y centrado en el marco de visi\u00f3n. Sigue al objeto donde las c\u00e1maras estacionarias perder\u00edan el objeto una vez fuera del campo de visi\u00f3n.<\/p>\n<p>&nbsp;<\/p>\n<\/div>\n<\/div>\n<hr class=\"padding-bottom-2x\" \/>\n<div class=\"row align-items-center padding-bottom-2x\">\n<div class=\"col-md-5\"><img decoding=\"async\" class=\"d-block m-auto img-thumbnail\" src=\"https:\/\/tvc.mx\/media\/533059\/PTZ_IP_4-MP_33x_Zoom_Optico_WizMind_Starlight_Laser-550m_SMD-Plus_Dahua_DH-SD6AL433XA-HNR_Over-M-1.png\" alt=\" C\u00e1mara\" \/><\/div>\n<div class=\"col-md-7 text-md-left text-center\">\n<h2>Caracter\u00edsticas Principales<\/h2>\n<p class=\"text-muted\">\n<ul>\n<li>Sensor de imagen: CMOS de 1\/1,8&#8243;<\/li>\n<li>M\u00e1x. Resoluci\u00f3n: 2560 (alto) \u00d7 1440 (alto)<\/li>\n<li>M\u00edn. Iluminaci\u00f3n: Color: 0.001 Lux@F1.5 \/ B\/N: 0.0001 Lux@F1.5 \/ 0 lux (l\u00e1ser encendido)<\/li>\n<li>Distancia de iluminaci\u00f3n: 550 m (1804,46 pies)<\/li>\n<li>Limpiaparabrisas: Incluye<\/li>\n<\/ul>\n<p>&nbsp;<\/p>\n<\/div>\n<\/div>\n<hr class=\"padding-bottom-2x\" \/>\n<div class=\"row align-items-center padding-bottom-2x\">\n<div class=\"col-md-5 order-md-2\"><img decoding=\"async\" class=\"d-block m-auto img-thumbnail\" src=\"https:\/\/tvc.mx\/media\/587123\/Dahua-SD6AL433XA--PTZ-IP--4-Megapixeles-33x--Zoom-Optico-WizMind-H.265%2B.png\" alt=\" Dimensiones\" \/><\/div>\n<div class=\"col-md-7 order-md-1 text-md-left text-center\">\n<h2>Especificaciones T\u00e9cnicas<\/h2>\n<p class=\"text-muted\">\n<ul>\n<li>Longitud focal: 5.8 mm\u2013191.4 mm<\/li>\n<li>Campo de visi\u00f3n: H: 60.1\u00b0\u2013 3.1\u00b0 ; V: 35.3\u00b0\u20131.8\u00b0 ; D: 67.9\u00b0\u2013 3.6\u00b0<\/li>\n<li>Zoom \u00f3ptico: 33x<\/li>\n<li>Zoom digital: 16x<\/li>\n<li>Tour: 8 Tours (hasta 32 presets por Tour)<\/li>\n<li>Idle Motion: Preset\/Tour\/Pattern\/Scanning<\/li>\n<li>Captura inteligente: Admite la captura de im\u00e1genes de personas, veh\u00edculos motorizados y veh\u00edculos no motorizados.<\/li>\n<li>Detecci\u00f3n de rostro: Soporta<\/li>\n<li>SMD Plus: Soporta<\/li>\n<li>Auto Tracking: Soporta<\/li>\n<li>WDR: 120 dB<\/li>\n<li>Estabilizaci\u00f3n de imagen : Electr\u00f3nico<\/li>\n<li>Puerto Ethernet: RJ-45 (10\/100Base-T)<\/li>\n<li>Usuario\/Anfitri\u00f3n: 20 (ancho de banda total 64 MB)<\/li>\n<li>E\/S de audio: 1 (entrada de l\u00ednea; cable desnudo)\/1 (salida de l\u00ednea; cable desnudo)<\/li>\n<li>E\/S de alarma: 7\/2<\/li>\n<li>Temperatura de funcionamiento: \u201340 \u00b0C a +70 \u00b0C (\u201340 \u00b0F a +158 \u00b0F)<\/li>\n<\/ul>\n<\/div>\n<\/div>\n","protected":false},"excerpt":{"rendered":"<p>Informaci\u00f3n General C\u00e1mara IP PTZ de 4MP, Hi-PoE, WizMind con Tecnolog\u00eda Starlight+, l\u00e1ser de hasta 550m, Potente zoom \u00f3ptico de 33x y seguimiento autom\u00e1tico basado en aprendizaje profundo y protecci\u00f3n perimetral. Tecnolog\u00eda Starlight Para aplicaciones desafiantes con poca luz, la luz ultra baja de Starlight&hellip;<\/p>\n","protected":false},"featured_media":2146,"comment_status":"open","ping_status":"closed","template":"","meta":{"om_disable_all_campaigns":false,"_monsterinsights_skip_tracking":false,"_monsterinsights_sitenote_active":false,"_monsterinsights_sitenote_note":"","_monsterinsights_sitenote_category":0},"product_brand":[],"product_cat":[118],"product_tag":[119,42,38,66,55],"class_list":{"0":"post-2147","1":"product","2":"type-product","3":"status-publish","4":"has-post-thumbnail","6":"product_cat-ptz-camaras-ip","7":"product_tag-camara-ptz","8":"product_tag-camaras","9":"product_tag-camaras-de-seguridad","10":"product_tag-dahua","11":"product_tag-ptz","13":"first","14":"instock","15":"sale","16":"taxable","17":"shipping-taxable","18":"purchasable","19":"product-type-simple"},"aioseo_notices":[],"_links":{"self":[{"href":"https:\/\/tecsecmty.com\/index.php\/wp-json\/wp\/v2\/product\/2147","targetHints":{"allow":["GET"]}}],"collection":[{"href":"https:\/\/tecsecmty.com\/index.php\/wp-json\/wp\/v2\/product"}],"about":[{"href":"https:\/\/tecsecmty.com\/index.php\/wp-json\/wp\/v2\/types\/product"}],"replies":[{"embeddable":true,"href":"https:\/\/tecsecmty.com\/index.php\/wp-json\/wp\/v2\/comments?post=2147"}],"version-history":[{"count":0,"href":"https:\/\/tecsecmty.com\/index.php\/wp-json\/wp\/v2\/product\/2147\/revisions"}],"wp:featuredmedia":[{"embeddable":true,"href":"https:\/\/tecsecmty.com\/index.php\/wp-json\/wp\/v2\/media\/2146"}],"wp:attachment":[{"href":"https:\/\/tecsecmty.com\/index.php\/wp-json\/wp\/v2\/media?parent=2147"}],"wp:term":[{"taxonomy":"product_brand","embeddable":true,"href":"https:\/\/tecsecmty.com\/index.php\/wp-json\/wp\/v2\/product_brand?post=2147"},{"taxonomy":"product_cat","embeddable":true,"href":"https:\/\/tecsecmty.com\/index.php\/wp-json\/wp\/v2\/product_cat?post=2147"},{"taxonomy":"product_tag","embeddable":true,"href":"https:\/\/tecsecmty.com\/index.php\/wp-json\/wp\/v2\/product_tag?post=2147"}],"curies":[{"name":"wp","href":"https:\/\/api.w.org\/{rel}","templated":true}]}}