{"id":2157,"date":"2023-02-22T18:31:25","date_gmt":"2023-02-23T00:31:25","guid":{"rendered":"https:\/\/tecsecmty.com\/index.php\/producto\/dahua-sd2a200-gn-a-pv-camara-ip-pt-de-2-megapixeles-full-color-disuasion-activa-lente-fijo-luz-blanca-de-30-metros-ir-de-30-mts-smart-h-265-ranura-para-microsd-audio-bidireccional-con-altavoz\/"},"modified":"2023-03-22T23:23:07","modified_gmt":"2023-03-23T05:23:07","slug":"dahua-sd2a200-gn-a-pv-camara-ip-pt-de-2-megapixeles-full-color-disuasion-activa-lente-fijo-luz-blanca-de-30-metros-ir-de-30-mts-smart-h-265-ranura-para-microsd-audio-bidireccional-con-altavoz","status":"publish","type":"product","link":"https:\/\/tecsecmty.com\/index.php\/producto\/dahua-sd2a200-gn-a-pv-camara-ip-pt-de-2-megapixeles-full-color-disuasion-activa-lente-fijo-luz-blanca-de-30-metros-ir-de-30-mts-smart-h-265-ranura-para-microsd-audio-bidireccional-con-altavoz\/","title":{"rendered":"DAHUA SD2A200-GN-A-PV &#8211; Camara IP PT de 2 Megapixeles Full-Color\/ Disuasi\u00f3n Activa\/ Lente Fijo\/ Luz Blanca de 30 Metros\/ IR de 30 Mts\/ Smart H.265\/ Ranura para MicroSD\/ Audio Bidireccional con Altavoz Integrado\/ IP66\/ PoE\/"},"content":{"rendered":"<div class=\"row aling-items-center padding-bottom-2x\">\n<div class=\"col-lg-12\">\n<h5 class=\"card-title text-center\">Informaci\u00f3n general<\/h5>\n<p>Para satisfacer una amplia gama de situaciones de disparo, esta serie de c\u00e1maras de alto rendimiento presenta funciones como iluminaci\u00f3n inteligente de luz c\u00e1lida e infrarroja, detecci\u00f3n de forma humana y disuasi\u00f3n activa de sirena y luz. Tambi\u00e9n logra la aplicaci\u00f3n de retrospectiva, intervenci\u00f3n y precauci\u00f3n, brindando la conveniencia necesaria en una c\u00e1mara moderna.<\/p>\n<p>Impulsada por la tecnolog\u00eda avanzada de codificaci\u00f3n inteligente H.265, la c\u00e1mara combina precisi\u00f3n y confiabilidad en una c\u00e1mara poderosa, logrando una alta eficiencia de codificaci\u00f3n, produciendo videos sin interrupciones y reduciendo los costos de transmisi\u00f3n y almacenamiento.<\/p>\n<p><img decoding=\"async\" class=\"overview-center-img-web\" src=\"https:\/\/tvc.mx\/media\/385639\/Camara-IP-PT-2---Megapixeles---Full---Color---Disuasion-Activa-Lente---86.png\" alt=\"\" \/><\/div>\n<\/div>\n<div class=\"row align-items-center padding-bottom-2x\">\n<div class=\"col-md-5\"><img decoding=\"async\" class=\"d-block m-auto img-thumbnail\" src=\"https:\/\/tvc.mx\/media\/385651\/disuacion-activa.png\" alt=\" \" \/><\/div>\n<div class=\"col-md-7 text-md-left text-center\">\n<h2>Disuasi\u00f3n activa de sirena y luz<\/h2>\n<p class=\"text-muted\">\n<p>La c\u00e1mara de red DAHUA de disuasi\u00f3n activa admiten alarma de luz y alarma de voz cuando se produce un evento en el per\u00edmetro, para realizar la disuasi\u00f3n y la intervenci\u00f3n efectiva. La c\u00e1mara est\u00e1 integrada en varias voces para la selecci\u00f3n y admite la importaci\u00f3n de voz personalizada.<\/p>\n<p>&nbsp;<\/p>\n<\/div>\n<\/div>\n<hr class=\"padding-bottom-2x\" \/>\n<div class=\"row align-items-center padding-bottom-2x\">\n<div class=\"col-md-5 order-md-2\"><img decoding=\"async\" class=\"d-block m-auto img-thumbnail\" src=\"https:\/\/tvc.mx\/media\/385655\/IVS-Dahua.png\" alt=\" \" \/><\/div>\n<div class=\"col-md-7 order-md-1 text-md-left text-center\">\n<h2>IVS<\/h2>\n<p class=\"text-muted\">\n<p>Con an\u00e1lisis de video inteligente incorporado, la c\u00e1mara tiene la capacidad de detectar y analizar objetos en movimiento para mejorar la videovigilancia. La c\u00e1mara proporciona inteligencia est\u00e1ndar opcional en el borde que permite la detecci\u00f3n de m\u00faltiples comportamientos de objetos, como la detecci\u00f3n de movimiento. IVS tambi\u00e9n admite el an\u00e1lisis de tripwire, lo que permite que la c\u00e1mara detecte cu\u00e1ndo se ha cruzado una l\u00ednea predeterminada.<\/p>\n<p>&nbsp;<\/p>\n<\/div>\n<\/div>\n<hr class=\"padding-bottom-2x\" \/>\n<div class=\"row align-items-center padding-bottom-2x\">\n<div class=\"col-md-5\"><img decoding=\"async\" class=\"d-block m-auto img-thumbnail\" src=\"https:\/\/tvc.mx\/media\/385659\/WDR-Dahua.png\" alt=\" \" \/><\/div>\n<div class=\"col-md-7 text-md-left text-center\">\n<h2>Amplio rango din\u00e1mico<\/h2>\n<p class=\"text-muted\">\n<p>La c\u00e1mara logra im\u00e1genes v\u00edvidas, incluso en las condiciones de iluminaci\u00f3n de contraste m\u00e1s intenso, utilizando la tecnolog\u00eda de rango din\u00e1mico amplio (WDR) l\u00edder en la industria. Para aplicaciones con condiciones de luz brillante y baja que cambian r\u00e1pidamente, WDR optimiza las \u00e1reas brillantes y oscuras de una escena al mismo tiempo para proporcionar video utilizable.<\/p>\n<p>&nbsp;<\/p>\n<\/div>\n<\/div>\n<hr class=\"padding-bottom-2x\" \/>\n<div class=\"row align-items-center padding-bottom-2x\">\n<div class=\"col-md-5 order-md-2\"><img decoding=\"async\" class=\"d-block m-auto img-thumbnail\" src=\"https:\/\/tvc.mx\/media\/385663\/Dahua-sd2a500-gn-a-pv-camara-IP-pt-5mp-FULL-COLOR-pp-caracteristicas.png\" alt=\" \" \/><\/div>\n<div class=\"col-md-7 order-md-1 text-md-left text-center\">\n<h2>Caracter\u00edsticas<\/h2>\n<p class=\"text-muted\">\n<ul>\n<li>2 megap\u00edxeles<\/li>\n<li>Detecci\u00f3n humana<\/li>\n<li>Tripwire, intrusi\u00f3n<\/li>\n<li>Codificaci\u00f3n H.265<\/li>\n<li>PoE<\/li>\n<li>Audio bidireccional<\/li>\n<li>Alarma de luz y sonido<\/li>\n<li>IR y luz blanca<\/li>\n<li>tres modos de vista nocturna<\/li>\n<li>IP66<\/li>\n<\/ul>\n<p>&nbsp;<\/p>\n<\/div>\n<\/div>\n<hr class=\"padding-bottom-2x\" \/>\n<div class=\"row align-items-center padding-bottom-2x\">\n<div class=\"col-md-5\"><img decoding=\"async\" class=\"d-block m-auto img-thumbnail\" src=\"https:\/\/tvc.mx\/media\/385667\/Dahua-sd2a500-gn-a-pv-camara-IP-pt-5mp-FULL-COLOR-especificaciones.png\" alt=\" \" \/><\/div>\n<div class=\"col-md-7 text-md-left text-center\">\n<h2>Especificaciones<\/h2>\n<p class=\"text-muted\">\n<ul>\n<li>CMOS de 1 \/ 2,8 \u00ab<\/li>\n<li>1Led de luz infrarroja<\/li>\n<li>2 Led de luz blanca<\/li>\n<li>Distancia de Iluminaci\u00f3n: 30 m IR, 30 m luz blanca<\/li>\n<li>Longitud focal 4.0 mm<\/li>\n<li>Distancia de enfoque cercana 0.3 m<\/li>\n<li>Panor\u00e1mica: 0 \u00b0 a 345 \u00b0 Inclinaci\u00f3n: 0 \u00b0 a + 80 \u00b0<\/li>\n<li>HLC\/BLC<\/li>\n<li>DWDR<\/li>\n<li>Reducci\u00f3n de ruido 2D \/ 3D<\/li>\n<li>Almacenamiento: FTP; Tarjeta micro SD (512 GB)<\/li>\n<li>Micr\u00f3fono incorporado<\/li>\n<li>Altavoz incorporado<\/li>\n<li>12 VCC \/ 1,5 A \u00b1 10% PoE (802.3af)<\/li>\n<li>IP66<\/li>\n<\/ul>\n<\/div>\n<\/div>\n","protected":false},"excerpt":{"rendered":"<p>Informaci\u00f3n general Para satisfacer una amplia gama de situaciones de disparo, esta serie de c\u00e1maras de alto rendimiento presenta funciones como iluminaci\u00f3n inteligente de luz c\u00e1lida e infrarroja, detecci\u00f3n de forma humana y disuasi\u00f3n activa de sirena y luz. Tambi\u00e9n logra la aplicaci\u00f3n de retrospectiva,&hellip;<\/p>\n","protected":false},"featured_media":2156,"comment_status":"open","ping_status":"closed","template":"","meta":{"om_disable_all_campaigns":false,"_monsterinsights_skip_tracking":false,"_monsterinsights_sitenote_active":false,"_monsterinsights_sitenote_note":"","_monsterinsights_sitenote_category":0},"product_brand":[],"product_cat":[118],"product_tag":[119,42,38,66,55],"class_list":{"0":"post-2157","1":"product","2":"type-product","3":"status-publish","4":"has-post-thumbnail","6":"product_cat-ptz-camaras-ip","7":"product_tag-camara-ptz","8":"product_tag-camaras","9":"product_tag-camaras-de-seguridad","10":"product_tag-dahua","11":"product_tag-ptz","13":"first","14":"instock","15":"sale","16":"taxable","17":"shipping-taxable","18":"purchasable","19":"product-type-simple"},"aioseo_notices":[],"_links":{"self":[{"href":"https:\/\/tecsecmty.com\/index.php\/wp-json\/wp\/v2\/product\/2157","targetHints":{"allow":["GET"]}}],"collection":[{"href":"https:\/\/tecsecmty.com\/index.php\/wp-json\/wp\/v2\/product"}],"about":[{"href":"https:\/\/tecsecmty.com\/index.php\/wp-json\/wp\/v2\/types\/product"}],"replies":[{"embeddable":true,"href":"https:\/\/tecsecmty.com\/index.php\/wp-json\/wp\/v2\/comments?post=2157"}],"version-history":[{"count":0,"href":"https:\/\/tecsecmty.com\/index.php\/wp-json\/wp\/v2\/product\/2157\/revisions"}],"wp:featuredmedia":[{"embeddable":true,"href":"https:\/\/tecsecmty.com\/index.php\/wp-json\/wp\/v2\/media\/2156"}],"wp:attachment":[{"href":"https:\/\/tecsecmty.com\/index.php\/wp-json\/wp\/v2\/media?parent=2157"}],"wp:term":[{"taxonomy":"product_brand","embeddable":true,"href":"https:\/\/tecsecmty.com\/index.php\/wp-json\/wp\/v2\/product_brand?post=2157"},{"taxonomy":"product_cat","embeddable":true,"href":"https:\/\/tecsecmty.com\/index.php\/wp-json\/wp\/v2\/product_cat?post=2157"},{"taxonomy":"product_tag","embeddable":true,"href":"https:\/\/tecsecmty.com\/index.php\/wp-json\/wp\/v2\/product_tag?post=2157"}],"curies":[{"name":"wp","href":"https:\/\/api.w.org\/{rel}","templated":true}]}}