{"id":2192,"date":"2023-02-22T18:32:04","date_gmt":"2023-02-23T00:32:04","guid":{"rendered":"https:\/\/tecsecmty.com\/index.php\/producto\/dahua-ptz83440-hnf-pa-camara-ip-ptz-punta-de-poste-de-4-megapixeles-40x-de-zoom-optico-wizmind-ir-de-350-metros-con-ia-reconocimiento-facial-proteccion-perimetral-auto-tracking-metadatos-si\/"},"modified":"2023-03-22T23:23:07","modified_gmt":"2023-03-23T05:23:07","slug":"dahua-ptz83440-hnf-pa-camara-ip-ptz-punta-de-poste-de-4-megapixeles-40x-de-zoom-optico-wizmind-ir-de-350-metros-con-ia-reconocimiento-facial-proteccion-perimetral-auto-tracking-metadatos-si","status":"publish","type":"product","link":"https:\/\/tecsecmty.com\/index.php\/producto\/dahua-ptz83440-hnf-pa-camara-ip-ptz-punta-de-poste-de-4-megapixeles-40x-de-zoom-optico-wizmind-ir-de-350-metros-con-ia-reconocimiento-facial-proteccion-perimetral-auto-tracking-metadatos-si\/","title":{"rendered":"Dahua PTZ83440-HNF-PA &#8211; Camara IP PTZ Punta de Poste de 4 Megapixeles\/ 40x de Zoom Optico\/ WizMind\/ IR de 350 Metros\/ con IA\/ Reconocimiento Facial\/ Protecci\u00f3n Perimetral\/ Auto Tracking\/ Metadatos\/ Sistema de Posicionamiento IA\/ #LoNuevo"},"content":{"rendered":"<div class=\"row aling-items-center padding-bottom-2x\">\n<div class=\"col-lg-12\">\n<h5 class=\"card-title text-center\">Informaci\u00f3n General<\/h5>\n<p>La c\u00e1mara de red Dahua PTZ WizMind adopta algoritmos avanzados de aprendizaje profundo de CNN para respaldar la protecci\u00f3n perimetral con alta precisi\u00f3n. Esta c\u00e1mara posee un amplio rango de monitoreo y un algoritmo PFA que siempre puede presentar una imagen clara y enfocada mientras se hace zoom. La c\u00e1mara tiene un excelente rendimiento con poca luz gracias a la \u00faltima tecnolog\u00eda Starlight. La c\u00e1mara est\u00e1 equipada con control suave, imagen de alta calidad y buena protecci\u00f3n, lo que le permite cumplir con la mayor\u00eda de los requisitos de las aplicaciones de videovigilancia.<\/p>\n<p><img decoding=\"async\" class=\"overview-center-img-web\" src=\"https:\/\/tvc.mx\/media\/474752\/camara-ptz-bullet-4-megapixeles-starlight-proteccion-perimetral-PTZ83440-HNF-PA-Dahua.png\" alt=\"\" \/><\/div>\n<\/div>\n<div class=\"row align-items-center padding-bottom-2x\">\n<div class=\"col-md-5\"><img decoding=\"async\" class=\"d-block m-auto img-thumbnail\" src=\"https:\/\/tvc.mx\/media\/474754\/proteccion-perimetral-dahua.png\" alt=\" \" \/><\/div>\n<div class=\"col-md-7 text-md-left text-center\">\n<h2>Protecci\u00f3n perimetral<\/h2>\n<p class=\"text-muted\">\n<p>Filtra autom\u00e1ticamente las falsas alarmas causadas por animales, hojas susurrantes, luces brillantes, etc. Permite que el sistema act\u00fae como reconocimiento secundario de los objetivos. Mejora la precisi\u00f3n de la alarma.<\/p>\n<p>&nbsp;<\/p>\n<\/div>\n<\/div>\n<hr class=\"padding-bottom-2x\" \/>\n<div class=\"row align-items-center padding-bottom-2x\">\n<div class=\"col-md-5 order-md-2\"><img decoding=\"async\" class=\"d-block m-auto img-thumbnail\" src=\"https:\/\/tvc.mx\/media\/474756\/Starlight-Dahua.png\" alt=\" \" \/><\/div>\n<div class=\"col-md-7 order-md-1 text-md-left text-center\">\n<h2>Tecnolog\u00eda Starlight<\/h2>\n<p class=\"text-muted\">\n<p>Para aplicaciones desafiantes con poca luz, la tecnolog\u00eda de luz ultrabaja Starlight de Dahua ofrece la mejor sensibilidad a la luz de su clase, capturando detalles de color con poca luz hasta 0.005 Lux. La c\u00e1mara utiliza un conjunto de funciones \u00f3pticas para equilibrar la luz en toda la escena, lo que da como resultado im\u00e1genes claras en entornos oscuros.<\/p>\n<p>&nbsp;<\/p>\n<\/div>\n<\/div>\n<hr class=\"padding-bottom-2x\" \/>\n<div class=\"row align-items-center padding-bottom-2x\">\n<div class=\"col-md-5\"><img decoding=\"async\" class=\"d-block m-auto img-thumbnail\" src=\"https:\/\/tvc.mx\/media\/474758\/PFA-Dahua.png\" alt=\" \" \/><\/div>\n<div class=\"col-md-7 text-md-left text-center\">\n<h2>Tecnolog\u00eda PFA<\/h2>\n<p class=\"text-muted\">\n<p>La tecnolog\u00eda PFA ha introducido de manera innovadora nuevos m\u00e9todos de juicio para garantizar la precisi\u00f3n y la previsibilidad de la direcci\u00f3n del ajuste de la distancia del sujeto. El resultado es un conjunto de algoritmos de enfoque avanzados. PFA garantiza la claridad de la imagen durante todo el proceso de zoom y acorta el tiempo de enfoque. La realizaci\u00f3n de la tecnolog\u00eda PFA mejora sustancialmente la experiencia del usuario y aumenta el valor del producto.<\/p>\n<p>&nbsp;<\/p>\n<\/div>\n<\/div>\n<hr class=\"padding-bottom-2x\" \/>\n<div class=\"row align-items-center padding-bottom-2x\">\n<div class=\"col-md-5\"><img decoding=\"async\" class=\"d-block m-auto img-thumbnail\" src=\"https:\/\/tvc.mx\/media\/474760\/codificacion-h.265-dahua.png\" alt=\" \" \/><\/div>\n<div class=\"col-md-7 text-md-left text-center\">\n<h2>Inteligente H.265 +<\/h2>\n<p class=\"text-muted\">\n<p>Smart H.265+ es la implementaci\u00f3n optimizada del c\u00f3dec H.265 que utiliza una estrategia de codificaci\u00f3n adaptable a la escena, GOP din\u00e1mico, ROI din\u00e1mico, estructura de referencia de m\u00faltiples fotogramas flexible y reducci\u00f3n de ruido inteligente para ofrecer video de alta calidad sin sobrecargar la red. La tecnolog\u00eda Smart H.265+ reduce la tasa de bits y los requisitos de almacenamiento hasta en un 70 % en comparaci\u00f3n con la compresi\u00f3n de video est\u00e1ndar H.265.<\/p>\n<p>&nbsp;<\/p>\n<\/div>\n<\/div>\n<hr class=\"padding-bottom-2x\" \/>\n<div class=\"row align-items-center padding-bottom-2x\">\n<div class=\"col-md-5 order-md-2\"><img decoding=\"async\" class=\"d-block m-auto img-thumbnail\" src=\"https:\/\/tvc.mx\/media\/474762\/camara-ptz-bullet-4-megapixeles-starlight-proteccion-perimetral-PTZ83440-HNF-PA-Dahua-caracteristicas.png\" alt=\" \" \/><\/div>\n<div class=\"col-md-7 order-md-1 text-md-left text-center\">\n<h2>Principales Caracter\u00edsticas<\/h2>\n<p class=\"text-muted\">\n<ul>\n<li>Potente zoom \u00f3ptico<\/li>\n<li>Tecnolog\u00eda Starlight<\/li>\n<li>IR Inteligente<\/li>\n<li>Protecci\u00f3n perimetral<\/li>\n<li>Metadatos de v\u00eddeo<\/li>\n<li>Reconocimiento facial<\/li>\n<li>Seguimiento autom\u00e1tico<\/li>\n<\/ul>\n<p>&nbsp;<\/p>\n<\/div>\n<\/div>\n<hr class=\"padding-bottom-2x\" \/>\n<div class=\"row align-items-center padding-bottom-2x\">\n<div class=\"col-md-5\"><img decoding=\"async\" class=\"d-block m-auto img-thumbnail\" src=\"https:\/\/tvc.mx\/media\/474764\/camara-ptz-bullet-4-megapixeles-starlight-proteccion-perimetral-PTZ83440-HNF-PA-Dahua-especificaciones.png\" alt=\" \" \/><\/div>\n<div class=\"col-md-7 text-md-left text-center\">\n<h2>Especificaciones<\/h2>\n<p class=\"text-muted\">\n<ul>\n<li>CMOS de 1\/1,8&#8243;<\/li>\n<li>4 megap\u00edxeles<\/li>\n<li>Distancia de iluminaci\u00f3n 350 m<\/li>\n<li>Longitud focal 5.5 mm\u2013220 mm<\/li>\n<li>Zoom \u00f3ptico 40\u00d7<\/li>\n<li>Pan: 0\u00b0 a 360\u00b0 sin fin Tilt: \u201345\u00b0 a +90\u00b0<\/li>\n<li>Admite la captura y extracci\u00f3n de atributos de im\u00e1genes de cuerpos Metadatos de v\u00eddeo humanos, rostros humanos, veh\u00edculos motorizados y no motorizados.<\/li>\n<li>IVS (Protecci\u00f3n Perimetral): Tripwire e intrusi\u00f3n. Admite la activaci\u00f3n de alarmas por tipos de objetivos (humanos y veh\u00edculos). Admite el filtrado de falsas alarmas causadas por animales, hojas susurrantes, luces brillantes, etc.<\/li>\n<li>Compresi\u00f3n: H.264; H.264H; H.265; MJPEG (Transmisi\u00f3n secundaria); Elegante H.265+; Inteligente H.264+<\/li>\n<li>D\u00eda\/Noche autom\u00e1tico (ICR); Color; B\/N<\/li>\n<li>WDR real 120dB<\/li>\n<li>Reducci\u00f3n de ruido NR 2D; NR 3D<\/li>\n<li>Zoom digital 16\u00d7<\/li>\n<li>Almacenamiento: tarjeta Micro SD m\u00e1x. 256 G<\/li>\n<li>Fuente de alimentaci\u00f3n 36 V CC, 5 A \u00b1 25 %<\/li>\n<li>Protecci\u00f3n IP67<\/li>\n<\/ul>\n<\/div>\n<\/div>\n","protected":false},"excerpt":{"rendered":"<p>Informaci\u00f3n General La c\u00e1mara de red Dahua PTZ WizMind adopta algoritmos avanzados de aprendizaje profundo de CNN para respaldar la protecci\u00f3n perimetral con alta precisi\u00f3n. Esta c\u00e1mara posee un amplio rango de monitoreo y un algoritmo PFA que siempre puede presentar una imagen clara y&hellip;<\/p>\n","protected":false},"featured_media":2191,"comment_status":"open","ping_status":"closed","template":"","meta":{"om_disable_all_campaigns":false,"_monsterinsights_skip_tracking":false,"_monsterinsights_sitenote_active":false,"_monsterinsights_sitenote_note":"","_monsterinsights_sitenote_category":0},"product_brand":[],"product_cat":[118],"product_tag":[119,42,38,66,55],"class_list":{"0":"post-2192","1":"product","2":"type-product","3":"status-publish","4":"has-post-thumbnail","6":"product_cat-ptz-camaras-ip","7":"product_tag-camara-ptz","8":"product_tag-camaras","9":"product_tag-camaras-de-seguridad","10":"product_tag-dahua","11":"product_tag-ptz","13":"first","14":"instock","15":"sale","16":"taxable","17":"shipping-taxable","18":"purchasable","19":"product-type-simple"},"aioseo_notices":[],"_links":{"self":[{"href":"https:\/\/tecsecmty.com\/index.php\/wp-json\/wp\/v2\/product\/2192","targetHints":{"allow":["GET"]}}],"collection":[{"href":"https:\/\/tecsecmty.com\/index.php\/wp-json\/wp\/v2\/product"}],"about":[{"href":"https:\/\/tecsecmty.com\/index.php\/wp-json\/wp\/v2\/types\/product"}],"replies":[{"embeddable":true,"href":"https:\/\/tecsecmty.com\/index.php\/wp-json\/wp\/v2\/comments?post=2192"}],"version-history":[{"count":0,"href":"https:\/\/tecsecmty.com\/index.php\/wp-json\/wp\/v2\/product\/2192\/revisions"}],"wp:featuredmedia":[{"embeddable":true,"href":"https:\/\/tecsecmty.com\/index.php\/wp-json\/wp\/v2\/media\/2191"}],"wp:attachment":[{"href":"https:\/\/tecsecmty.com\/index.php\/wp-json\/wp\/v2\/media?parent=2192"}],"wp:term":[{"taxonomy":"product_brand","embeddable":true,"href":"https:\/\/tecsecmty.com\/index.php\/wp-json\/wp\/v2\/product_brand?post=2192"},{"taxonomy":"product_cat","embeddable":true,"href":"https:\/\/tecsecmty.com\/index.php\/wp-json\/wp\/v2\/product_cat?post=2192"},{"taxonomy":"product_tag","embeddable":true,"href":"https:\/\/tecsecmty.com\/index.php\/wp-json\/wp\/v2\/product_tag?post=2192"}],"curies":[{"name":"wp","href":"https:\/\/api.w.org\/{rel}","templated":true}]}}