{"id":2238,"date":"2023-02-22T18:57:21","date_gmt":"2023-02-23T00:57:21","guid":{"rendered":"https:\/\/tecsecmty.com\/index.php\/producto\/dahua-dh-ipc-hum4231s-l5-camara-ip-pinhole-de-2-megapixeles-lente-de-3-6-mm-h-265-wdr-de-120-db-microfono-integrado-1-entrada-y-salida-de-audio\/"},"modified":"2023-03-22T23:22:25","modified_gmt":"2023-03-23T05:22:25","slug":"dahua-dh-ipc-hum4231s-l5-camara-ip-pinhole-de-2-megapixeles-lente-de-3-6-mm-h-265-wdr-de-120-db-microfono-integrado-1-entrada-y-salida-de-audio","status":"publish","type":"product","link":"https:\/\/tecsecmty.com\/index.php\/producto\/dahua-dh-ipc-hum4231s-l5-camara-ip-pinhole-de-2-megapixeles-lente-de-3-6-mm-h-265-wdr-de-120-db-microfono-integrado-1-entrada-y-salida-de-audio\/","title":{"rendered":"DAHUA DH-IPC-HUM4231S-L5 &#8211; Camara IP Pinhole de 2 Megapixeles\/ Lente de 3.6 mm\/ H.265+\/ WDR de 120 dB\/ Microfono Integrado\/ 1 Entrada y Salida de Audio\/"},"content":{"rendered":"<div class=\"row aling-items-center padding-bottom-2x\">\n<div class=\"col-lg-12\">\n<h5 class=\"card-title text-center\">Informaci\u00f3n general<\/h5>\n<h5 class=\"ql-align-justify\">La c\u00e1mara de red de la serie Dahua Pinhole incluye una c\u00e1mara integral y una c\u00e1mara separada. La c\u00e1mara separada puede funcionar con diferentes lentes para cumplir con los requisitos en diferentes escenas de instalaci\u00f3n. La c\u00e1mara de la serie Pinhole se aplica ampliamente en escenas ocultas o peque\u00f1as, como bancos y pantallas publicitarias.<\/h5>\n<p><img decoding=\"async\" class=\"overview-center-img-web\" src=\"https:\/\/tvc.mx\/media\/577111\/DAHUA-DH-IPC-HUM4231S-L5-Camara-IP-Pinhole-2-Megapixeles-Lente-3.6-mm-H-banner-principal.png\" alt=\"Camara IP\" \/><\/div>\n<\/div>\n<div class=\"row align-items-center padding-bottom-2x\">\n<div class=\"col-md-5\"><img decoding=\"async\" class=\"d-block m-auto img-thumbnail\" src=\"https:\/\/tvc.mx\/media\/577139\/WDR-Dahua.png\" alt=\" WDR\" \/><\/div>\n<div class=\"col-md-7 text-md-left text-center\">\n<h2>WDR<\/h2>\n<p class=\"text-muted\">\n<p class=\"ql-align-justify\">Con la tecnolog\u00eda avanzada de amplio rango din\u00e1mico (WDR), la c\u00e1mara de red Dahua proporciona detalles claros en un entorno de fuerte contraste de brillo. El \u00e1rea brillante y oscura puede obtener un video claro incluso en entornos de alto brillo o con sombra de luz de fondo.<\/p>\n<p>&nbsp;<\/p>\n<\/div>\n<\/div>\n<hr class=\"padding-bottom-2x\" \/>\n<div class=\"row align-items-center padding-bottom-2x\">\n<div class=\"col-md-5 order-md-2\"><img decoding=\"async\" class=\"d-block m-auto img-thumbnail\" src=\"https:\/\/tvc.mx\/media\/577147\/IVS-Dahua.png\" alt=\" IVS\" \/><\/div>\n<div class=\"col-md-7 order-md-1 text-md-left text-center\">\n<h2>IVS<\/h2>\n<p class=\"text-muted\">\n<p>Con un algoritmo de video avanzado, la tecnolog\u00eda Dahua IVS admite funciones inteligentes, como tripwire e intrusi\u00f3n.<\/p>\n<p>&nbsp;<\/p>\n<\/div>\n<\/div>\n<hr class=\"padding-bottom-2x\" \/>\n<div class=\"row align-items-center padding-bottom-2x\">\n<div class=\"col-md-5\"><img decoding=\"async\" class=\"d-block m-auto img-thumbnail\" src=\"https:\/\/tvc.mx\/media\/577167\/DAHUA-DH-IPC-HUM4231S-L5-Camara-IP-Pinhole-2-Megapixeles-Lente-3-caracteristicas-principales.png\" alt=\" camara de red\" \/><\/div>\n<div class=\"col-md-7 text-md-left text-center\">\n<h2>Caracter\u00edsticas Principales<\/h2>\n<p class=\"text-muted\">\n<ul>\n<li class=\"ql-align-justify\">Sensor de imagen CMOS de 1\/3&#8243; de 2 MP, baja luminancia e imagen de alta definici\u00f3n.<\/li>\n<li class=\"ql-align-justify\">Salidas m\u00e1x. 2 MP (1920 \u00d7 1080) a 25\/30 fps.<\/li>\n<li class=\"ql-align-justify\">C\u00f3dec H.265, alta tasa de compresi\u00f3n, tasa de bits ultrabaja.<\/li>\n<li class=\"ql-align-justify\">ROI, SMART H.264 +\/H.265+, codificaci\u00f3n flexible, aplicable a varios entornos de almacenamiento y ancho de banda.<\/li>\n<li class=\"ql-align-justify\">Modo de rotaci\u00f3n, WDR, 3D NR, HLC, BLC, marca de agua digital, aplicable a varias escenas de monitoreo.<\/li>\n<li class=\"ql-align-justify\">Monitoreo inteligente: Intrusi\u00f3n y cable trampa.<\/li>\n<li class=\"ql-align-justify\">Detecci\u00f3n de anomal\u00edas: detecci\u00f3n de movimiento, manipulaci\u00f3n de video, cambio de escena, detecci\u00f3n de audio, desconexi\u00f3n de red, conflicto de IP, acceso ilegal y detecci\u00f3n de voltaje.<\/li>\n<li class=\"ql-align-justify\">Fuente de alimentaci\u00f3n de 12 V CC.<\/li>\n<\/ul>\n<p>&nbsp;<\/p>\n<\/div>\n<\/div>\n<hr class=\"padding-bottom-2x\" \/>\n<div class=\"row align-items-center padding-bottom-2x\">\n<div class=\"col-md-5\"><img decoding=\"async\" class=\"d-block m-auto img-thumbnail\" src=\"https:\/\/tvc.mx\/media\/577299\/DAHUA-DH-IPC-HUM4231S-L5-Camara-IP-Pinhole-2-Megapixeles-Lente-3-especificaciones.png\" alt=\" Dimensiones\" \/><\/div>\n<div class=\"col-md-7 text-md-left text-center\">\n<h2>Especificaciones T\u00e9cnicas<\/h2>\n<p class=\"text-muted\">\n<p>CMOS de 1\/3&#8243;<\/p>\n<p>M\u00e1x. resoluci\u00f3n 1920(H) x 1080 (v)<\/p>\n<p>ROM 128 MB<\/p>\n<p>RAM 128 MB<\/p>\n<p>Sistema de escaneo: progresivo<\/p>\n<p>Velocidad de obturaci\u00f3n electr\u00f3nica: Automatico\/ Manual 1\/3s &#8211; 1\/100000 s<\/p>\n<p>M\u00edn. iluminaci\u00f3n:\u00a00,01 lux a F1,6 (color, 30 IRE) 0,001 lux a F1,6 (B\/N, 30 IRE)<\/p>\n<\/div>\n<\/div>\n","protected":false},"excerpt":{"rendered":"<p>Informaci\u00f3n general La c\u00e1mara de red de la serie Dahua Pinhole incluye una c\u00e1mara integral y una c\u00e1mara separada. La c\u00e1mara separada puede funcionar con diferentes lentes para cumplir con los requisitos en diferentes escenas de instalaci\u00f3n. La c\u00e1mara de la serie Pinhole se aplica&hellip;<\/p>\n","protected":false},"featured_media":2237,"comment_status":"open","ping_status":"closed","template":"","meta":{"om_disable_all_campaigns":false,"_monsterinsights_skip_tracking":false,"_monsterinsights_sitenote_active":false,"_monsterinsights_sitenote_note":"","_monsterinsights_sitenote_category":0},"product_brand":[],"product_cat":[124],"product_tag":[127,126,125,38,66],"class_list":{"0":"post-2238","1":"product","2":"type-product","3":"status-publish","4":"has-post-thumbnail","6":"product_cat-cubo-mini","7":"product_tag-camara-cubo","8":"product_tag-camara-mini","9":"product_tag-camara-pinhole","10":"product_tag-camaras-de-seguridad","11":"product_tag-dahua","13":"first","14":"instock","15":"sale","16":"taxable","17":"shipping-taxable","18":"purchasable","19":"product-type-simple"},"aioseo_notices":[],"_links":{"self":[{"href":"https:\/\/tecsecmty.com\/index.php\/wp-json\/wp\/v2\/product\/2238","targetHints":{"allow":["GET"]}}],"collection":[{"href":"https:\/\/tecsecmty.com\/index.php\/wp-json\/wp\/v2\/product"}],"about":[{"href":"https:\/\/tecsecmty.com\/index.php\/wp-json\/wp\/v2\/types\/product"}],"replies":[{"embeddable":true,"href":"https:\/\/tecsecmty.com\/index.php\/wp-json\/wp\/v2\/comments?post=2238"}],"version-history":[{"count":0,"href":"https:\/\/tecsecmty.com\/index.php\/wp-json\/wp\/v2\/product\/2238\/revisions"}],"wp:featuredmedia":[{"embeddable":true,"href":"https:\/\/tecsecmty.com\/index.php\/wp-json\/wp\/v2\/media\/2237"}],"wp:attachment":[{"href":"https:\/\/tecsecmty.com\/index.php\/wp-json\/wp\/v2\/media?parent=2238"}],"wp:term":[{"taxonomy":"product_brand","embeddable":true,"href":"https:\/\/tecsecmty.com\/index.php\/wp-json\/wp\/v2\/product_brand?post=2238"},{"taxonomy":"product_cat","embeddable":true,"href":"https:\/\/tecsecmty.com\/index.php\/wp-json\/wp\/v2\/product_cat?post=2238"},{"taxonomy":"product_tag","embeddable":true,"href":"https:\/\/tecsecmty.com\/index.php\/wp-json\/wp\/v2\/product_tag?post=2238"}],"curies":[{"name":"wp","href":"https:\/\/api.w.org\/{rel}","templated":true}]}}