{"id":2263,"date":"2023-02-22T18:57:55","date_gmt":"2023-02-23T00:57:55","guid":{"rendered":"https:\/\/tecsecmty.com\/index.php\/producto\/dahua-ipc-pdbw5831-b360-camara-ip-domo-multisensor-panoramico-de-2-megapixel-4-lentes-h265-lentes-motorizados-2-7-mm-a-12-mm-ir-30-mts-microsd-ip67-ik10-panoramicas\/"},"modified":"2023-03-22T23:22:55","modified_gmt":"2023-03-23T05:22:55","slug":"dahua-ipc-pdbw5831-b360-camara-ip-domo-multisensor-panoramico-de-2-megapixel-4-lentes-h265-lentes-motorizados-2-7-mm-a-12-mm-ir-30-mts-microsd-ip67-ik10-panoramicas","status":"publish","type":"product","link":"https:\/\/tecsecmty.com\/index.php\/producto\/dahua-ipc-pdbw5831-b360-camara-ip-domo-multisensor-panoramico-de-2-megapixel-4-lentes-h265-lentes-motorizados-2-7-mm-a-12-mm-ir-30-mts-microsd-ip67-ik10-panoramicas\/","title":{"rendered":"DAHUA IPC-PDBW5831-B360 &#8211; Camara IP Domo MultiSensor Panoramico de 2 Megapixel\/ 4 Lentes\/ H265+\/ Lentes Motorizados 2.7 mm a 12 mm\/ IR 30 Mts\/ MicroSD\/ IP67\/ IK10 #Panor\u00e1micas"},"content":{"rendered":"<div class=\"row aling-items-center padding-bottom-2x\">\n<div class=\"col-lg-12\">\n<h5 class=\"card-title text-center\">Principales Caracter\u00edsticas<\/h5>\n<p>C\u00e1mara domo IP\u00a0multisensor\u00a0panor\u00e1mico de\u00a02 Mp,cuenta con\u00a04 lentes de 2mp cada uno que trabajan en conjunto para crear una imagen de diferentes puntos. Con esta c\u00e1mara panor\u00e1mica puede reemplazar varias c\u00e1maras de un solo sensor, cubriendo la misma \u00e1rea.<\/p>\n<p>Tiene un alcance de visi\u00f3n nocturna de 30mts gracias a sus\u00a08 IR Leds, adem\u00e1s puede ser utilizada en ambientes exteriores debido a su \u00edndice de protecci\u00f3n<strong>\u00a0IP67<\/strong>\u00a0y su \u00edndice antiv\u00e1dalico\u00a0<strong>IK10<\/strong>.<\/p>\n<p><img decoding=\"async\" class=\"overview-center-img-web\" src=\"https:\/\/tvc.mx\/media\/483720\/camara-ip-domo-multisensor-panoramico-2-megapixeles-4-lentes-IPC-PDBW5831-B360-Dahua.png\" alt=\"\" \/><\/div>\n<\/div>\n<div class=\"row align-items-center padding-bottom-2x\">\n<div class=\"col-md-5\"><img decoding=\"async\" class=\"d-block m-auto img-thumbnail\" src=\"https:\/\/tvc.mx\/media\/483722\/4-camaras-dahua.png\" alt=\" \" \/><\/div>\n<div class=\"col-md-7 text-md-left text-center\">\n<h2>4 Lentes<\/h2>\n<p class=\"text-muted\">\n<p>4 c\u00e1maras en una sola instalaci\u00f3n, con este equipo se ahorra mano de obra y tiempo ya que podemos vigilar 4 puntos distintos, simult\u00e1neamente.<\/p>\n<p>Sus lentes pueden ajustarse al punto que mas convenga los IR se mueven autom\u00e1tico con los lentes y se ajustan al \u00e1ngulo mas optimo seg\u00fan la posici\u00f3n de la lente.<\/p>\n<p>&nbsp;<\/p>\n<\/div>\n<\/div>\n<hr class=\"padding-bottom-2x\" \/>\n<div class=\"row align-items-center padding-bottom-2x\">\n<div class=\"col-md-5 order-md-2\"><img decoding=\"async\" class=\"d-block m-auto img-thumbnail\" src=\"https:\/\/tvc.mx\/media\/483724\/WDR-Dahua.png\" alt=\" \" \/><\/div>\n<div class=\"col-md-7 order-md-1 text-md-left text-center\">\n<h2>WDR Real<\/h2>\n<p class=\"text-muted\">\n<p class=\"ql-align-justify\">La c\u00e1mara\u00a0logra obtener im\u00e1genes n\u00edtdas en escenarios donde hay variaci\u00f3n\u00a0en las condiciones de iluminaci\u00f3n ya sea\u00a0baja y\/o brillante,la funci\u00f3n\u00a0<strong>WDR real120dB<\/strong>\u00a0se encarga de medir, compensar y ajustar la luz en la imagen\u00a0captada para despues combinar los espacios de luces brillantes con los espacios de sombras,creando\u00a0un equilibrio en la imagen final.<\/p>\n<p>&nbsp;<\/p>\n<\/div>\n<\/div>\n<hr class=\"padding-bottom-2x\" \/>\n<div class=\"row align-items-center padding-bottom-2x\">\n<div class=\"col-md-5\"><img decoding=\"async\" class=\"d-block m-auto img-thumbnail\" src=\"https:\/\/tvc.mx\/media\/483726\/3DNR-dahua.png\" alt=\" \" \/><\/div>\n<div class=\"col-md-7 text-md-left text-center\">\n<h2>3DNR Reducci\u00f3n de Ruido<\/h2>\n<p class=\"text-muted\">\n<p class=\"ql-align-justify\"><strong>3DNR<\/strong>\u00a0es una tecnolog\u00eda de reducci\u00f3n de ruido que detecta y elimina ruidos aleatorios al comparar dos cuadros secuenciales, permitiendo una notable reducci\u00f3n del ruido con un ligero impacto hasta la nitidez, especialmente en condiciones de iluminaci\u00f3n limitadas. Adem\u00e1s, el\u00a0<strong>3DNR<\/strong>\u00a0disminuye efectivamente el ancho de banda y ahorra espacio de almacenamiento.<\/p>\n<p>&nbsp;<\/p>\n<\/div>\n<\/div>\n<hr class=\"padding-bottom-2x\" \/>\n<div class=\"row align-items-center padding-bottom-2x\">\n<div class=\"col-md-5 order-md-2\"><img decoding=\"async\" class=\"d-block m-auto img-thumbnail\" src=\"https:\/\/tvc.mx\/media\/483728\/IP67-IK10-Dahua.png\" alt=\" \" \/><\/div>\n<div class=\"col-md-7 order-md-1 text-md-left text-center\">\n<h2>Protecci\u00f3n al ambiente exterior<\/h2>\n<p class=\"text-muted\">\n<p class=\"ql-align-justify\">La c\u00e1mara cuenta con tolerancia l\u00edquidos y golpes, adecuada para las condiciones inestables para aplicaciones en exteriores.\u00a0Sometido y certificado a pruebas rigurosas de polvo e inmersi\u00f3n (\u00a0<strong>IP67<\/strong>) y pruebas de impacto ( I<strong>K10<\/strong>).<\/p>\n<p>&nbsp;<\/p>\n<\/div>\n<\/div>\n<hr class=\"padding-bottom-2x\" \/>\n<div class=\"row align-items-center padding-bottom-2x\">\n<div class=\"col-md-5\"><img decoding=\"async\" class=\"d-block m-auto img-thumbnail\" src=\"https:\/\/tvc.mx\/media\/483730\/camara-ip-domo-multisensor-panoramico-2-megapixeles-4-lentes-IPC-PDBW5831-B360-Dahua-caracteristicas.png\" alt=\" \" \/><\/div>\n<div class=\"col-md-7 text-md-left text-center\">\n<h2>Principales Caracteristicas<\/h2>\n<p class=\"text-muted\">\n<ul>\n<li>Formato de compresi\u00f3n H.265\/H.264 con stream dual<\/li>\n<li>Soporta detecci\u00f3n inteligente<\/li>\n<li>Tecnolog\u00eda starlight<\/li>\n<li>WDR real 140dB, modo d\u00eda\/noche con filtro ICR, 3D-NR, AWB, AGC, BLC<\/li>\n<li>Supervisi\u00f3n m\u00faltiple remota: navegador web, CMS (DSS\/PSS) y DMSS<\/li>\n<li>Iluminaci\u00f3n infrarroja\u00a0de hasta 30 metros de alcance<\/li>\n<li>Ranura MicroSD<\/li>\n<li>IP67, IK10<\/li>\n<\/ul>\n<p>&nbsp;<\/p>\n<\/div>\n<\/div>\n<hr class=\"padding-bottom-2x\" \/>\n<div class=\"row align-items-center padding-bottom-2x\">\n<div class=\"col-md-5 order-md-2\"><img decoding=\"async\" class=\"d-block m-auto img-thumbnail\" src=\"https:\/\/tvc.mx\/media\/483732\/camara-ip-domo-multisensor-panoramico-2-megapixeles-4-lentes-IPC-PDBW5831-B360-Dahua-especificacionespng.png\" alt=\" \" \/><\/div>\n<div class=\"col-md-7 order-md-1 text-md-left text-center\">\n<h2>Especificaciones<\/h2>\n<p class=\"text-muted\">\n<ul>\n<li>Cuatro CMOS de escaneo progresivo de 1 \/ 2.8 \u00aby 2 megap\u00edxeles<\/li>\n<li>Distancia IR Distancia hasta 30 m<\/li>\n<li>LEDs IR 8<\/li>\n<li>Lente Motorizado 2.7mm &#8211; 12 mm<\/li>\n<li>Detecci\u00f3n de movimiento, manipulaci\u00f3n de video, cambio de escena, desconexi\u00f3n de red, conflicto de direcci\u00f3n IP, acceso ilegal, anomal\u00eda de almacenamiento<\/li>\n<li>IVS: Tripwire, Intrusion<\/li>\n<li>Compresi\u00f3n H.265 \/ H.264 \/ H.264B \/ H.264H \/ MJPEG<\/li>\n<li>C\u00f3dec inteligente Soporte H.265 + \/ H.264 +<\/li>\n<li>Modo BLC BLC \/ HLC \/ WDR (140dB)<\/li>\n<li>Reducci\u00f3n de ruido DNR 3D<\/li>\n<li>Zoom digital 16x<\/li>\n<li>Almacenamiento de borde: Tarjeta SD Mirco 256GB<\/li>\n<li>Interfaz de audio: 1\/1 canal de entrada \/ salida<\/li>\n<li>RS485 1 puerto<\/li>\n<li>Fuente de alimentaci\u00f3n AC24V, PoE + (802.3at) (Clase 4)<\/li>\n<li>Protecci\u00f3n de ingreso IP67<\/li>\n<li>Resistencia al vandalismo IK10<\/li>\n<\/ul>\n<\/div>\n<\/div>\n","protected":false},"excerpt":{"rendered":"<p>Principales Caracter\u00edsticas C\u00e1mara domo IP\u00a0multisensor\u00a0panor\u00e1mico de\u00a02 Mp,cuenta con\u00a04 lentes de 2mp cada uno que trabajan en conjunto para crear una imagen de diferentes puntos. Con esta c\u00e1mara panor\u00e1mica puede reemplazar varias c\u00e1maras de un solo sensor, cubriendo la misma \u00e1rea. Tiene un alcance de visi\u00f3n&hellip;<\/p>\n","protected":false},"featured_media":2262,"comment_status":"open","ping_status":"closed","template":"","meta":{"om_disable_all_campaigns":false,"_monsterinsights_skip_tracking":false,"_monsterinsights_sitenote_active":false,"_monsterinsights_sitenote_note":"","_monsterinsights_sitenote_category":0},"product_brand":[],"product_cat":[128],"product_tag":[130,129,38,66],"class_list":{"0":"post-2263","1":"product","2":"type-product","3":"status-publish","4":"has-post-thumbnail","6":"product_cat-fisheye-360","7":"product_tag-camara-360","8":"product_tag-camara-fisheye","9":"product_tag-camaras-de-seguridad","10":"product_tag-dahua","12":"first","13":"instock","14":"sale","15":"taxable","16":"shipping-taxable","17":"purchasable","18":"product-type-simple"},"aioseo_notices":[],"_links":{"self":[{"href":"https:\/\/tecsecmty.com\/index.php\/wp-json\/wp\/v2\/product\/2263","targetHints":{"allow":["GET"]}}],"collection":[{"href":"https:\/\/tecsecmty.com\/index.php\/wp-json\/wp\/v2\/product"}],"about":[{"href":"https:\/\/tecsecmty.com\/index.php\/wp-json\/wp\/v2\/types\/product"}],"replies":[{"embeddable":true,"href":"https:\/\/tecsecmty.com\/index.php\/wp-json\/wp\/v2\/comments?post=2263"}],"version-history":[{"count":0,"href":"https:\/\/tecsecmty.com\/index.php\/wp-json\/wp\/v2\/product\/2263\/revisions"}],"wp:featuredmedia":[{"embeddable":true,"href":"https:\/\/tecsecmty.com\/index.php\/wp-json\/wp\/v2\/media\/2262"}],"wp:attachment":[{"href":"https:\/\/tecsecmty.com\/index.php\/wp-json\/wp\/v2\/media?parent=2263"}],"wp:term":[{"taxonomy":"product_brand","embeddable":true,"href":"https:\/\/tecsecmty.com\/index.php\/wp-json\/wp\/v2\/product_brand?post=2263"},{"taxonomy":"product_cat","embeddable":true,"href":"https:\/\/tecsecmty.com\/index.php\/wp-json\/wp\/v2\/product_cat?post=2263"},{"taxonomy":"product_tag","embeddable":true,"href":"https:\/\/tecsecmty.com\/index.php\/wp-json\/wp\/v2\/product_tag?post=2263"}],"curies":[{"name":"wp","href":"https:\/\/api.w.org\/{rel}","templated":true}]}}