{"id":2279,"date":"2023-02-22T18:58:13","date_gmt":"2023-02-23T00:58:13","guid":{"rendered":"https:\/\/tecsecmty.com\/index.php\/producto\/dahua-ipc-hfw7442hn-zfr-camara-ip-bullet-resolucion-de-4-mp-lente-mot-2-7-a-12mm-%e2%88%a2-114-47-ir-60-mts-ia-wizmind-reconocimiento-facial-metadatos-de-video-conteo-de-personas\/"},"modified":"2023-03-22T23:22:55","modified_gmt":"2023-03-23T05:22:55","slug":"dahua-ipc-hfw7442hn-zfr","status":"publish","type":"product","link":"https:\/\/tecsecmty.com\/index.php\/producto\/dahua-ipc-hfw7442hn-zfr\/","title":{"rendered":"DAHUA IPC-HFW7442HN-ZFR &#8211; Camara IP Bullet Resolucion de 4 MP\/ Lente Mot. 2.7 a 12mm\/  114-47\/ IR 60 mts\/ IA WizMind\/ Reconocimiento Facial\/ Metadatos de Video\/ Conteo de Personas\/ Starlight\/ ePoE\/ WDR 140dB\/ H.265\/ IP67\/ IK10\/Alarma\/ S Audio\/"},"content":{"rendered":"<div class=\"row aling-items-center padding-bottom-2x\">\n<div class=\"col-lg-12\">\n<h5 class=\"card-title text-center\">Informaci\u00f3n General<\/h5>\n<p>La c\u00e1mara puede reconocer con precisi\u00f3n a personas, veh\u00edculos y veh\u00edculos no motorizados, rostros, ANPR y vivacidad. Esta c\u00e1mara de la serie tiene un efecto de versi\u00f3n nocturna ultra Stralight y funciona con un flujo ultrabajo. Admite la funci\u00f3n a prueba de polvo, la funci\u00f3n a prueba de agua y la funcion a prueba de vandalismo, cumpliendo con los est\u00e1ndares IP67 e IK10.<\/p>\n<p><img decoding=\"async\" class=\"overview-center-img-web\" src=\"https:\/\/tvc.mx\/media\/431727\/camara-ip-bullet-4-megapixeles-com-reconocimiento-facial-IPC-HFW7442HN-ZFR-dahua-imgpp.png\" alt=\"\" \/><\/p>\n<\/div>\n<\/div>\n<div class=\"row align-items-center padding-bottom-2x\">\n<div class=\"col-md-5\"><img decoding=\"async\" class=\"d-block m-auto img-thumbnail\" src=\"https:\/\/tvc.mx\/media\/431923\/reconocimiento-facial-dahua.png\" alt=\" \" \/><\/div>\n<div class=\"col-md-7 text-md-left text-center\">\n<h2>Detecci\u00f3n de rostro<\/h2>\n<p>La tecnolog\u00eda de detecci\u00f3n de rostro de Dahua puede detectar el rostro en la imagen. Con el algoritmo de aprendizaje profundo, la tecnolog\u00eda admite la detecci\u00f3n, el seguimiento, la captura y la selecci\u00f3n de la mejor imagen de la cara, y luego genera una instant\u00e1nea de la cara.<\/p>\n<p>&nbsp;<\/p>\n<\/div>\n<\/div>\n<hr class=\"padding-bottom-2x\" \/>\n<div class=\"row align-items-center padding-bottom-2x\">\n<div class=\"col-md-5 order-md-2\"><img decoding=\"async\" class=\"d-block m-auto img-thumbnail\" src=\"https:\/\/tvc.mx\/media\/431931\/Metadatos-dahua.png\" alt=\" \" \/><\/div>\n<div class=\"col-md-7 order-md-1 text-md-left text-center\">\n<h2>Metadatos de video<\/h2>\n<p>Con el algoritmo de aprendizaje profundo, la tecnolog\u00eda de metadatos de video de Dahua puede detectar, rastrear, capturar veh\u00edculos, veh\u00edculos no motorizado y personas, y seleccionar las mejores im\u00e1genes y extraer atributos.<\/p>\n<p>&nbsp;<\/p>\n<\/div>\n<\/div>\n<hr class=\"padding-bottom-2x\" \/>\n<div class=\"row align-items-center padding-bottom-2x\">\n<div class=\"col-md-5\"><img decoding=\"async\" class=\"d-block m-auto img-thumbnail\" src=\"https:\/\/tvc.mx\/media\/431939\/Conteo-de-personas-Dahua.png\" alt=\" \" \/><\/div>\n<div class=\"col-md-7 text-md-left text-center\">\n<h2>Conteo de personas<\/h2>\n<p>Con el algoritmo de aprendizaje profundo, la tecnolog\u00eda de conteo de personas de Dahua puede rastrear y procesar los objetivos del cuerpo humano en movimiento para obtener estad\u00edsticas precisas de ingresar NO., dejar No. y En el \u00e1rea No. Trabajando con la plataforma de administraci\u00f3n, genera informes para cumplir con sus requisitos.<\/p>\n<p>&nbsp;<\/p>\n<\/div>\n<\/div>\n<hr class=\"padding-bottom-2x\" \/>\n<div class=\"row align-items-center padding-bottom-2x\">\n<div class=\"col-md-5 order-md-2\"><img decoding=\"async\" class=\"d-block m-auto img-thumbnail\" src=\"https:\/\/tvc.mx\/media\/431943\/PoE-Inteligente-Dahua.png\" alt=\" \" \/><\/div>\n<div class=\"col-md-7 order-md-1 text-md-left text-center\">\n<h2>ePoE<\/h2>\n<p>La tecnolog\u00eda ePoE de Dahua proporciona una nueva forma de lograr la transmisi\u00f3n a larga distancia entre la c\u00e1mara IP y el conmutador de red. Permite un dise\u00f1o del sistema de vigilancia mas flexible, mejora la confiabilidad y ahorra costos de construcci\u00f3n y cableado.<\/p>\n<p>&nbsp;<\/p>\n<\/div>\n<\/div>\n<hr class=\"padding-bottom-2x\" \/>\n<div class=\"row align-items-center padding-bottom-2x\">\n<div class=\"col-md-5\"><img decoding=\"async\" class=\"d-block m-auto img-thumbnail\" src=\"https:\/\/tvc.mx\/media\/431959\/proteccion-perimetral-dahua.png\" alt=\" \" \/><\/div>\n<div class=\"col-md-7 text-md-left text-center\">\n<h2>Protecci\u00f3n perimetral<\/h2>\n<p>Con el algoritmo de aprendizaje profundo, la tecnolog\u00eda de protecci\u00f3n perimetral de Dahua puede reconocer a personas y veh\u00edculos con precisi\u00f3n, en \u00e1rea restringidas, las falsas alarmas de detecci\u00f3n inteligente basadas en el tipo de objetivo se reducen en gran medida.<\/p>\n<p>&nbsp;<\/p>\n<\/div>\n<\/div>\n<hr class=\"padding-bottom-2x\" \/>\n<div class=\"row align-items-center padding-bottom-2x\">\n<div class=\"col-md-5 order-md-2\"><img decoding=\"async\" class=\"d-block m-auto img-thumbnail\" src=\"https:\/\/tvc.mx\/media\/431963\/camara-ip-bullet-4-megapixeles-com-reconocimiento-facial-IPC-HFW7442HN-ZFR-dahua-caracteristicas.png\" alt=\" \" \/><\/div>\n<div class=\"col-md-7 order-md-1 text-md-left text-center\">\n<h2>Principales Caracter\u00edsticas<\/h2>\n<ul>\n<li>Codificaci\u00f3n\u00a0H.264\u00a0\/\u00a0H.265,\u00a0alta\u00a0relaci\u00f3n\u00a0de\u00a0compresi\u00f3n<\/li>\n<li>3D\u00a0NR,\u00a0AWB,\u00a0HLC,\u00a0BLC<\/li>\n<li>ROI,\u00a0SVC,\u00a0SMART\u00a0H.264\u00a0+\u00a0\/\u00a0H.265\u00a0+,\u00a0codificaci\u00f3n\u00a0flexible,\u00a0aplicable\u00a0a\u00a0varios\u00a0entornos\u00a0de\u00a0almacenamiento\u00a0y\u00a0ancho\u00a0de\u00a0banda<\/li>\n<li>Con\u00a0un\u00a0algoritmo\u00a0de\u00a0aprendizaje\u00a0profundo,\u00a0es\u00a0compatible\u00a0con\u00a0el\u00a0conteo\u00a0de\u00a0personas,\u00a0la\u00a0detecci\u00f3n\u00a0de\u00a0rostros,\u00a0la\u00a0protecci\u00f3n\u00a0del\u00a0per\u00edmetro,\u00a0etc.<\/li>\n<li>\u00a0Alarma:\u00a03\u00a0entradas,\u00a02\u00a0salidas;\u00a0audio:\u00a01\u00a0entrada,\u00a01\u00a0salida;\u00a0RS\u2011485;\u00a0BNC<\/li>\n<li>Cinco\u00a0transmisiones\u00a0para\u00a0video\u00a0HD\u00a0de\u00a0tres\u00a0canales<\/li>\n<li>Grado\u00a0de\u00a0protecci\u00f3n\u00a0IP67,\u00a0IK10<\/li>\n<li>F\u00e1cil\u00a0de\u00a0instalar<\/li>\n<\/ul>\n<p>&nbsp;<\/p>\n<\/div>\n<\/div>\n<hr class=\"padding-bottom-2x\" \/>\n<div class=\"row align-items-center padding-bottom-2x\">\n<div class=\"col-md-5\"><img decoding=\"async\" class=\"d-block m-auto img-thumbnail\" src=\"https:\/\/tvc.mx\/media\/431975\/camara-ip-bullet-4-megapixeles-com-reconocimiento-facial-IPC-HFW7442HN-ZFR-dahua-especificaciones.png\" alt=\" \" \/><\/div>\n<div class=\"col-md-7 text-md-left text-center\">\n<h2>Especificaciones<\/h2>\n<ul>\n<li>CMOS\u00a0progresivo\u00a0de\u00a01\u00a0\/\u00a01.8\u00a0\u00ab4\u00a0megap\u00edxeles<\/li>\n<li>Distancia\u00a0de\u00a0iluminaci\u00f3n 60\u00a0m<\/li>\n<li>Lente Varifocal\u00a0motorizado: 2.7\u00a0mm\u00a0\u2013\u00a012\u00a0mm<\/li>\n<li>IVS: Objeto\u00a0abandonado,\u00a0objeto\u00a0en\u00a0movimiento<\/li>\n<li>Tripwire,\u00a0intrusi\u00f3n,\u00a0movimiento\u00a0r\u00e1pido\u00a0(las\u00a0tres\u00a0funciones\u00a0apoyan\u00a0la\u00a0clasificaci\u00f3n\u00a0y\u00a0detecci\u00f3n\u00a0precisa\u00a0de\u00a0veh\u00edculos\u00a0y\u00a0humanos);\u00a0detecci\u00f3n\u00a0de\u00a0estacionamiento,\u00a0detecci\u00f3n\u00a0de\u00a0merodeo\u00a0y\u00a0reuni\u00f3n\u00a0de\u00a0personas.<\/li>\n<li>Detecci\u00f3n\u00a0de\u00a0rostros,\u00a0seguimiento,\u00a0prioridad,\u00a0instant\u00e1nea,\u00a0carga\u00a0de\u00a0im\u00e1genes\u00a0instant\u00e1neas\u00a0optimizadas;\u00a0cara realce,\u00a0exposici\u00f3n\u00a0facial,\u00a0extracto\u00a0de\u00a0atributo\u00a0facial,\u00a06\u00a0atributos\u00a0y\u00a08\u00a0expresiones<\/li>\n<li>Compresi\u00f3n\u00a0de\u00a0video: H.265,\u00a0H.264,\u00a0H.264H,\u00a0H.264B,\u00a0MJPEG\u00a0(solo\u00a0compatible\u00a0con\u00a0subflujo)<\/li>\n<li>BLC, HLC, WDR 140\u00a0dB<\/li>\n<li>Reducci\u00f3n\u00a0de\u00a0ruido 3D\u00a0NR<\/li>\n<li>Almacenamiento: FTP;\u00a0Tarjeta\u00a0Micro\u00a0SD\u00a0(256\u00a0G);\u00a0NAS;\u00a0SFTP<\/li>\n<li>Fuente\u00a0de\u00a0alimentaci\u00f3n: 12\u00a0V\u00a0CC\u00a0\/\u00a024\u00a0V\u00a0CA\u00a0\/\u00a0PoE\u00a0+\u00a0(802.3at);\u00a0ePoE<\/li>\n<li>IP67,\u00a0IK10<\/li>\n<li>Carcasa: Metal\u00a0+\u00a0Pl\u00e1stico<\/li>\n<\/ul>\n<\/div>\n<\/div>\n","protected":false},"excerpt":{"rendered":"<p>Informaci\u00f3n General La c\u00e1mara puede reconocer con precisi\u00f3n a personas, veh\u00edculos y veh\u00edculos no motorizados, rostros, ANPR y vivacidad. Esta c\u00e1mara de la serie tiene un efecto de versi\u00f3n nocturna ultra Stralight y funciona con un flujo ultrabajo. Admite la funci\u00f3n a prueba de polvo,&hellip;<\/p>\n","protected":false},"featured_media":2278,"comment_status":"open","ping_status":"closed","template":"","meta":{"om_disable_all_campaigns":false,"_monsterinsights_skip_tracking":false,"_monsterinsights_sitenote_active":false,"_monsterinsights_sitenote_note":"","_monsterinsights_sitenote_category":0},"product_brand":[],"product_cat":[137],"product_tag":[140,38,66,138,139],"class_list":{"0":"post-2279","1":"product","2":"type-product","3":"status-publish","4":"has-post-thumbnail","6":"product_cat-reconocimiento-facial","7":"product_tag-camara-reconociento-facial","8":"product_tag-camaras-de-seguridad","9":"product_tag-dahua","10":"product_tag-facial","11":"product_tag-reconomiento","13":"first","14":"instock","15":"sale","16":"taxable","17":"shipping-taxable","18":"purchasable","19":"product-type-simple"},"aioseo_notices":[],"_links":{"self":[{"href":"https:\/\/tecsecmty.com\/index.php\/wp-json\/wp\/v2\/product\/2279","targetHints":{"allow":["GET"]}}],"collection":[{"href":"https:\/\/tecsecmty.com\/index.php\/wp-json\/wp\/v2\/product"}],"about":[{"href":"https:\/\/tecsecmty.com\/index.php\/wp-json\/wp\/v2\/types\/product"}],"replies":[{"embeddable":true,"href":"https:\/\/tecsecmty.com\/index.php\/wp-json\/wp\/v2\/comments?post=2279"}],"version-history":[{"count":3,"href":"https:\/\/tecsecmty.com\/index.php\/wp-json\/wp\/v2\/product\/2279\/revisions"}],"predecessor-version":[{"id":12662,"href":"https:\/\/tecsecmty.com\/index.php\/wp-json\/wp\/v2\/product\/2279\/revisions\/12662"}],"wp:featuredmedia":[{"embeddable":true,"href":"https:\/\/tecsecmty.com\/index.php\/wp-json\/wp\/v2\/media\/2278"}],"wp:attachment":[{"href":"https:\/\/tecsecmty.com\/index.php\/wp-json\/wp\/v2\/media?parent=2279"}],"wp:term":[{"taxonomy":"product_brand","embeddable":true,"href":"https:\/\/tecsecmty.com\/index.php\/wp-json\/wp\/v2\/product_brand?post=2279"},{"taxonomy":"product_cat","embeddable":true,"href":"https:\/\/tecsecmty.com\/index.php\/wp-json\/wp\/v2\/product_cat?post=2279"},{"taxonomy":"product_tag","embeddable":true,"href":"https:\/\/tecsecmty.com\/index.php\/wp-json\/wp\/v2\/product_tag?post=2279"}],"curies":[{"name":"wp","href":"https:\/\/api.w.org\/{rel}","templated":true}]}}