{"id":2289,"date":"2023-02-22T18:58:25","date_gmt":"2023-02-23T00:58:25","guid":{"rendered":"https:\/\/tecsecmty.com\/index.php\/producto\/dahua-tpc-bf5421p-tb13f8-htm-camara-ip-bullet-termica-lente-dual-soporta-medicion-de-temperatura-corporal-precision-de-medicion-3-grados-con-blackbody-lente-termico-13mm-400-x-300-uncool\/"},"modified":"2023-03-22T23:23:09","modified_gmt":"2023-03-23T05:23:09","slug":"dahua-tpc-bf5421p-tb13f8-htm-camara-ip-bullet-termica-lente-dual-soporta-medicion-de-temperatura-corporal-precision-de-medicion-3-grados-con-blackbody-lente-termico-13mm-400-x-300-uncool","status":"publish","type":"product","link":"https:\/\/tecsecmty.com\/index.php\/producto\/dahua-tpc-bf5421p-tb13f8-htm-camara-ip-bullet-termica-lente-dual-soporta-medicion-de-temperatura-corporal-precision-de-medicion-3-grados-con-blackbody-lente-termico-13mm-400-x-300-uncool\/","title":{"rendered":"DAHUA TPC-BF5421P-TB13F8-HTM &#8211; C\u00e1mara IP Bullet T\u00e9rmica Lente Dual\/ Soporta Medici\u00f3n de Temperatura Corporal\/ Precisi\u00f3n de medici\u00f3n +-.3 Grados con Blackbody\/ Lente T\u00e9rmico 13mm\/ 400 \u00d7 300 uncooled VO\/ Lente \u00d3ptico de 8mm\/ IP67\/ PoE\/ ePoE"},"content":{"rendered":"<h5 class=\"card-title text-center\">Informaci\u00f3n General<\/h5>\n<p>La soluci\u00f3n Termogr\u00e1fica, nos permite crear un ambiente preventivo y de vigilancia oportuno para la detecci\u00f3n de temperaturas de personas, generadas por diferentes circunstancias.<\/p>\n<p>Es posible ver mediante la interfaz VMS la imagen termogr\u00e1fica, adicionalmente es capaz de administrar dispositivos Dahua como c\u00e1maras, grabadores, control de acceso.<\/p>\n<p><img decoding=\"async\" class=\"overview-center-img-web\" src=\"https:\/\/tvc.mx\/media\/495124\/BF5421-C%C3%A1mara-T%C3%A9rmica-%281%29.png\" alt=\"\" \/><\/p>\n","protected":false},"excerpt":{"rendered":"<p>Informaci\u00f3n General La soluci\u00f3n Termogr\u00e1fica, nos permite crear un ambiente preventivo y de vigilancia oportuno para la detecci\u00f3n de temperaturas de personas, generadas por diferentes circunstancias. Es posible ver mediante la interfaz VMS la imagen termogr\u00e1fica, adicionalmente es capaz de administrar dispositivos Dahua como c\u00e1maras,&hellip;<\/p>\n","protected":false},"featured_media":2288,"comment_status":"open","ping_status":"closed","template":"","meta":{"om_disable_all_campaigns":false,"_monsterinsights_skip_tracking":false,"_monsterinsights_sitenote_active":false,"_monsterinsights_sitenote_note":"","_monsterinsights_sitenote_category":0},"product_brand":[],"product_cat":[141],"product_tag":[143,38,66,142],"class_list":{"0":"post-2289","1":"product","2":"type-product","3":"status-publish","4":"has-post-thumbnail","6":"product_cat-termicas","7":"product_tag-camara-termica","8":"product_tag-camaras-de-seguridad","9":"product_tag-dahua","10":"product_tag-termica","12":"first","13":"instock","14":"sale","15":"taxable","16":"shipping-taxable","17":"purchasable","18":"product-type-simple"},"aioseo_notices":[],"_links":{"self":[{"href":"https:\/\/tecsecmty.com\/index.php\/wp-json\/wp\/v2\/product\/2289","targetHints":{"allow":["GET"]}}],"collection":[{"href":"https:\/\/tecsecmty.com\/index.php\/wp-json\/wp\/v2\/product"}],"about":[{"href":"https:\/\/tecsecmty.com\/index.php\/wp-json\/wp\/v2\/types\/product"}],"replies":[{"embeddable":true,"href":"https:\/\/tecsecmty.com\/index.php\/wp-json\/wp\/v2\/comments?post=2289"}],"version-history":[{"count":0,"href":"https:\/\/tecsecmty.com\/index.php\/wp-json\/wp\/v2\/product\/2289\/revisions"}],"wp:featuredmedia":[{"embeddable":true,"href":"https:\/\/tecsecmty.com\/index.php\/wp-json\/wp\/v2\/media\/2288"}],"wp:attachment":[{"href":"https:\/\/tecsecmty.com\/index.php\/wp-json\/wp\/v2\/media?parent=2289"}],"wp:term":[{"taxonomy":"product_brand","embeddable":true,"href":"https:\/\/tecsecmty.com\/index.php\/wp-json\/wp\/v2\/product_brand?post=2289"},{"taxonomy":"product_cat","embeddable":true,"href":"https:\/\/tecsecmty.com\/index.php\/wp-json\/wp\/v2\/product_cat?post=2289"},{"taxonomy":"product_tag","embeddable":true,"href":"https:\/\/tecsecmty.com\/index.php\/wp-json\/wp\/v2\/product_tag?post=2289"}],"curies":[{"name":"wp","href":"https:\/\/api.w.org\/{rel}","templated":true}]}}