{"id":2293,"date":"2023-02-22T18:58:29","date_gmt":"2023-02-23T00:58:29","guid":{"rendered":"https:\/\/tecsecmty.com\/index.php\/producto\/dahua-tpcbf5300a19-camara-ip-bullet-termica-lente-19-mm-h264-ivs-ip67-poe-micro-sd-ofertasaaa\/"},"modified":"2023-03-22T23:23:10","modified_gmt":"2023-03-23T05:23:10","slug":"dahua-tpcbf5300a19-camara-ip-bullet-termica-lente-19-mm-h264-ivs-ip67-poe-micro-sd-ofertasaaa","status":"publish","type":"product","link":"https:\/\/tecsecmty.com\/index.php\/producto\/dahua-tpcbf5300a19-camara-ip-bullet-termica-lente-19-mm-h264-ivs-ip67-poe-micro-sd-ofertasaaa\/","title":{"rendered":"DAHUA TPCBF5300A19 &#8211; C\u00e1mara IP Bullet T\u00e9rmica \/ Lente 19 mm \/ H264 \/ IVS \/ IP67 \/ PoE \/ MICRO SD\/ #OfertasAAA"},"content":{"rendered":"<div class=\"row aling-items-center padding-bottom-2x\">\n<div class=\"col-lg-12\">\n<h5 class=\"card-title text-center\">Informaci\u00f3n General<\/h5>\n<p>La c\u00e1mara modelo\u00a0<strong>TPCBF5300A19\u00a0<\/strong>es una c\u00e1mara t\u00e9rmica Dahua, captura im\u00e1genes de video vigilancia en grandes distancias en aplicaciones en el exterior para ofrecer diferentes tipos de soluciones, perimetrales, industria el\u00e9ctrica y aplicaciones de seguridad. Est\u00e1 dise\u00f1ada para encontrar fuentes de calor, capaz de ofrecer im\u00e1genes altamente detalladas y amplio conjunto de caracter\u00edsticas.<\/p>\n<p>Cuenta con \u00edndice de protecci\u00f3n IP67, ranura micro SD para 128GB, lente fijo de 19mm, funciones inteligentes, medici\u00f3n de temperatura entre otras funciones.<\/p>\n<p><strong>NOTA: EQUIPO SOBRE PEDIDO, FAVOR DE REVISAR EL TIEMPO DE ENTREGA CON SU EJECUTIVO DE CUENTA.<\/strong><\/p>\n<p><img decoding=\"async\" class=\"overview-center-img-web\" src=\"https:\/\/tvc.mx\/media\/42555\/PPAL.png\" alt=\"\" \/><\/div>\n<\/div>\n<div class=\"row aling-items-center padding-bottom-2x\">\n<div class=\"col-lg-12\">\n<h5 class=\"card-title text-center\">Anal\u00edticos incorporados en la c\u00e1mara (IVS)<\/h5>\n<p>Esta c\u00e1mara cuenta con sistema de video inteligente (IVS). Tiene la capacidad de detectar, analizar e identificar objetos en movimiento para mejorar el an\u00e1lisis de video. Se puede utilizar para formar un sistema de detecci\u00f3n de intrusos en el per\u00edmetro y act\u00faa como una pared invisible.<\/p>\n<p><img decoding=\"async\" class=\"overview-center-img-web\" src=\"https:\/\/tvc.mx\/media\/42558\/IVS.png\" alt=\"\" \/><\/div>\n<\/div>\n<div class=\"row aling-items-center padding-bottom-2x\">\n<div class=\"col-lg-12\">\n<h5 class=\"card-title text-center\">Tecnolog\u00eda Vox sin refrigerar<\/h5>\n<p>Esta c\u00e1mara utiliza sensores con tecnolog\u00eda Vox sin refrigerar.Dado su peque\u00f1o tama\u00f1o y excelente desempe\u00f1o, son una soluci\u00f3n de costo-efectividad ideal para la seguridad t\u00e9rmica.<\/p>\n<p><img decoding=\"async\" class=\"overview-center-img-web\" src=\"https:\/\/tvc.mx\/media\/42570\/sensor-vox.png\" alt=\"\" \/><\/div>\n<\/div>\n<div class=\"row aling-items-center padding-bottom-2x\">\n<div class=\"col-lg-12\">\n<h5 class=\"card-title text-center\">Alta Sensibilidad T\u00e9rmica<\/h5>\n<p>La alta sensibilidad t\u00e9rmica (&lt;40 mK) permite a la c\u00e1mara capturar m\u00e1s im\u00e1genes, detalles e informaci\u00f3n de diferencia de temperatura proporcionando medicion de temperatura precisa en largas distancias.<\/p>\n<p><img decoding=\"async\" class=\"overview-center-img-web\" src=\"https:\/\/tvc.mx\/media\/42576\/SENSI.png\" alt=\"\" \/><\/div>\n<\/div>\n<div class=\"row aling-items-center padding-bottom-2x\">\n<div class=\"col-lg-12\">\n<h5 class=\"card-title text-center\">Principales Caracter\u00edsticas<\/h5>\n<ul>\n<li>Pixeles efectivos 336(H)x256(V).<\/li>\n<li>Compresi\u00f3n de video H264\/MJPEG.<\/li>\n<li>Interfaz de video PAL \/ NTSC.<\/li>\n<li>Medici\u00f3n de temperatura.<\/li>\n<li>Paleta de colores.<\/li>\n<li>Lente fijo 19mm.<\/li>\n<li>\u00c1ngulo de visi\u00f3n 17\u00b0 * 13\u00b0.<\/li>\n<li>Regi\u00f3n de Inter\u00e9s (ROI) 4 zonas.<\/li>\n<li>Detecci\u00f3n de movimiento 4 zonas.<\/li>\n<li>M\u00e1scaras de privacidad 4 \u00e1reas.<\/li>\n<li>IVS (tripwire, intrusi\u00f3n, objeto abandonado\/perdido, detecci\u00f3n de objeto (personas\/veh\u00edculos).<\/li>\n<li>Puerto Ethernet\u00a0RJ-45 (10\/100Base-T).<\/li>\n<li>ONVIF PSIA CGI.<\/li>\n<li>M\u00e1x acceso de usuarios 20.<\/li>\n<li>Ranura micro SD (hasta 128GB, No incluye tarjeta SD).<\/li>\n<li>1 Entrada de audio.<\/li>\n<li>2 Entradas de alarma\/1 salida.<\/li>\n<li>Fuente de alimentaci\u00f3n 24V AC \u00b125%\/DC12V\/POE.<\/li>\n<li>Consumo de energ\u00eda m\u00e1x. 7W.<\/li>\n<li>Condiciones de operaci\u00f3n\u00a0-40\u00b0C ~ +60\u00b0C.<\/li>\n<li>Indice de protecci\u00f3n IP67.<\/li>\n<li>Dimensiones\u00a029.1cm\u00d7 10.3cm\u00d7 9.7cm.<\/li>\n<li>Material metal.<\/li>\n<li>Peso 1.37kg.<\/li>\n<\/ul>\n<p><img decoding=\"async\" class=\"overview-center-img-web\" src=\"https:\/\/tvc.mx\/media\/42582\/principalcaracimg.png\" alt=\"\" \/><\/div>\n<\/div>\n","protected":false},"excerpt":{"rendered":"<p>Informaci\u00f3n General La c\u00e1mara modelo\u00a0TPCBF5300A19\u00a0es una c\u00e1mara t\u00e9rmica Dahua, captura im\u00e1genes de video vigilancia en grandes distancias en aplicaciones en el exterior para ofrecer diferentes tipos de soluciones, perimetrales, industria el\u00e9ctrica y aplicaciones de seguridad. Est\u00e1 dise\u00f1ada para encontrar fuentes de calor, capaz de ofrecer&hellip;<\/p>\n","protected":false},"featured_media":2292,"comment_status":"open","ping_status":"closed","template":"","meta":{"om_disable_all_campaigns":false,"_monsterinsights_skip_tracking":false,"_monsterinsights_sitenote_active":false,"_monsterinsights_sitenote_note":"","_monsterinsights_sitenote_category":0},"product_brand":[],"product_cat":[141],"product_tag":[143,38,66,142],"class_list":{"0":"post-2293","1":"product","2":"type-product","3":"status-publish","4":"has-post-thumbnail","6":"product_cat-termicas","7":"product_tag-camara-termica","8":"product_tag-camaras-de-seguridad","9":"product_tag-dahua","10":"product_tag-termica","12":"first","13":"instock","14":"sale","15":"taxable","16":"shipping-taxable","17":"purchasable","18":"product-type-simple"},"aioseo_notices":[],"_links":{"self":[{"href":"https:\/\/tecsecmty.com\/index.php\/wp-json\/wp\/v2\/product\/2293","targetHints":{"allow":["GET"]}}],"collection":[{"href":"https:\/\/tecsecmty.com\/index.php\/wp-json\/wp\/v2\/product"}],"about":[{"href":"https:\/\/tecsecmty.com\/index.php\/wp-json\/wp\/v2\/types\/product"}],"replies":[{"embeddable":true,"href":"https:\/\/tecsecmty.com\/index.php\/wp-json\/wp\/v2\/comments?post=2293"}],"version-history":[{"count":0,"href":"https:\/\/tecsecmty.com\/index.php\/wp-json\/wp\/v2\/product\/2293\/revisions"}],"wp:featuredmedia":[{"embeddable":true,"href":"https:\/\/tecsecmty.com\/index.php\/wp-json\/wp\/v2\/media\/2292"}],"wp:attachment":[{"href":"https:\/\/tecsecmty.com\/index.php\/wp-json\/wp\/v2\/media?parent=2293"}],"wp:term":[{"taxonomy":"product_brand","embeddable":true,"href":"https:\/\/tecsecmty.com\/index.php\/wp-json\/wp\/v2\/product_brand?post=2293"},{"taxonomy":"product_cat","embeddable":true,"href":"https:\/\/tecsecmty.com\/index.php\/wp-json\/wp\/v2\/product_cat?post=2293"},{"taxonomy":"product_tag","embeddable":true,"href":"https:\/\/tecsecmty.com\/index.php\/wp-json\/wp\/v2\/product_tag?post=2293"}],"curies":[{"name":"wp","href":"https:\/\/api.w.org\/{rel}","templated":true}]}}