{"id":2295,"date":"2023-02-22T18:58:31","date_gmt":"2023-02-23T00:58:31","guid":{"rendered":"https:\/\/tecsecmty.com\/index.php\/producto\/imou-bullet-2c-4mp-ipc-f42n-0280b-imou-camara-bullet-wifi-de-4-megapixeles-h-265-deteccion-de-humanos-lente-de-2-8-mm-microfono-integrado-ip67-ir-de-30-mts-notificaciones-de-alarmas-compat\/"},"modified":"2023-03-22T23:23:30","modified_gmt":"2023-03-23T05:23:30","slug":"imou-bullet-2c-4mp-ipc-f42n-0280b-imou-camara-bullet-wifi-de-4-megapixeles-h-265-deteccion-de-humanos-lente-de-2-8-mm-microfono-integrado-ip67-ir-de-30-mts-notificaciones-de-alarmas-compat","status":"publish","type":"product","link":"https:\/\/tecsecmty.com\/index.php\/producto\/imou-bullet-2c-4mp-ipc-f42n-0280b-imou-camara-bullet-wifi-de-4-megapixeles-h-265-deteccion-de-humanos-lente-de-2-8-mm-microfono-integrado-ip67-ir-de-30-mts-notificaciones-de-alarmas-compat\/","title":{"rendered":"IMOU BULLET 2C 4MP (IPC-F42N-0280B-imou) &#8211; Camara Bullet Wifi de 4 Megapixeles\/ H.265\/ Detecci\u00f3n de Humanos\/ Lente de 2.8 mm\/ Microfono Integrado\/ IP67\/ IR de 30 Mts\/ Notificaciones de Alarmas\/ Compatible con Almacenamiento en la Nube\/"},"content":{"rendered":"<div class=\"row aling-items-center padding-bottom-2x\">\n<div class=\"col-lg-12\">\n<h5 class=\"card-title text-center\">Informaci\u00f3n General<\/h5>\n<p>La c\u00e1mara\u00a0ofrece monitoreo en vivo de\u00a0<strong>4MP<\/strong>\u00a0, asegurando que todos los rincones de su hogar est\u00e9n completamente cubiertos. Admite visi\u00f3n nocturna ofreciendo una claridad ,incluso en la oscuridad completa. Con certificaci\u00f3n IP67, la c\u00e1mara se puede utilizar al aire libre en diferentes condiciones clim\u00e1ticas. Con micr\u00f3fono incorporado la c\u00e1mara permite capturar los sonidos claramente mientras monitoreamos.<\/p>\n<p><img decoding=\"async\" class=\"overview-center-img-web\" src=\"https:\/\/tvc.mx\/media\/460197\/camara-bulleet-wifi-4-megapixeles-deteccion-humanos-microfono-integrado-IMOU-BULLET-2C-4MP.png\" alt=\"C\u00e1mara wifi\" \/><\/div>\n<\/div>\n<div class=\"row align-items-center padding-bottom-2x\">\n<div class=\"col-md-5\"><img decoding=\"async\" class=\"d-block m-auto img-thumbnail\" src=\"https:\/\/tvc.mx\/media\/460200\/vision-nocturna-imou.png\" alt=\" comparaci\u00f3n nocturna\" \/><\/div>\n<div class=\"col-md-7 text-md-left text-center\">\n<h2>Visi\u00f3n Nocturna Inteligente<\/h2>\n<p class=\"text-muted\">\n<p>La c\u00e1mara nos permite obtener una excelente en ambientes con poca iluminaci\u00f3n, ya que alcanza hasta 30mts de visi\u00f3n nocturna proporcionando im\u00e1genes claras en blanco y negro, incluso en la oscuridad total.<\/p>\n<p>&nbsp;<\/p>\n<\/div>\n<\/div>\n<hr class=\"padding-bottom-2x\" \/>\n<div class=\"row align-items-center padding-bottom-2x\">\n<div class=\"col-md-5 order-md-2\"><img decoding=\"async\" class=\"d-block m-auto img-thumbnail\" src=\"https:\/\/tvc.mx\/media\/460203\/compresion-de-video.png\" alt=\" \" \/><\/div>\n<div class=\"col-md-7 order-md-1 text-md-left text-center\">\n<h2>Video de 4MP y compresi\u00f3n de Video H.265<\/h2>\n<p class=\"text-muted\">\n<p>El sensor de\u00a0<strong>4MP<\/strong>\u00a0y los algoritmos de\u00a0<strong>infrarrojos avanzados<\/strong>\u00a0proporcionan un video n\u00edtido tanto de d\u00eda como de noche.\u00a0La\u00a0<strong>compresi\u00f3n H.265<\/strong>\u00a0de vanguardia\u00a0<strong>reduce el ancho de banda<\/strong>\u00a0de la red\u00a0<strong>y<\/strong>\u00a0el uso de\u00a0<strong>almacenamiento<\/strong>\u00a0en un\u00a0<strong>50%<\/strong>\u00a0con la misma calidad de video.<\/p>\n<p>&nbsp;<\/p>\n<\/div>\n<\/div>\n<hr class=\"padding-bottom-2x\" \/>\n<div class=\"row align-items-center padding-bottom-2x\">\n<div class=\"col-md-5\"><img decoding=\"async\" class=\"d-block m-auto img-thumbnail\" src=\"https:\/\/tvc.mx\/media\/460206\/dtecci%C3%B3n-humana-imou.png\" alt=\" \" \/><\/div>\n<div class=\"col-md-7 text-md-left text-center\">\n<h2>Detecci\u00f3n de Humanos<\/h2>\n<p class=\"text-muted\">\n<p>Cuenta con una poderosa tecnolog\u00eda de proceso de im\u00e1genes, que encuentra r\u00e1pidamente objetivos humanos, e inmediatamente env\u00eda una notificaci\u00f3n a su smartphone, permitiendo monitorear lo que alertas reales sin recibir molestas falsas alarmas.<\/p>\n<p>&nbsp;<\/p>\n<\/div>\n<\/div>\n<hr class=\"padding-bottom-2x\" \/>\n<div class=\"row align-items-center padding-bottom-2x\">\n<div class=\"col-md-5 order-md-2\"><img decoding=\"async\" class=\"d-block m-auto img-thumbnail\" src=\"https:\/\/tvc.mx\/media\/460209\/boton-de-reset-bullet-imou.png\" alt=\" \" \/><\/div>\n<div class=\"col-md-7 order-md-1 text-md-left text-center\">\n<h2>Bot\u00f3n de reset externo<\/h2>\n<p class=\"text-muted\">\n<p>Con bot\u00f3n de f\u00e1cil acceso resistente al agua haciendo la operaci\u00f3n mas conveniente, basta con presionar 2 veces para entrar al modo AP soft o mantenga presionado por 10 segundos para resetear la c\u00e1mara.<\/p>\n<p>&nbsp;<\/p>\n<\/div>\n<\/div>\n<hr class=\"padding-bottom-2x\" \/>\n<div class=\"row align-items-center padding-bottom-2x\">\n<div class=\"col-md-5\"><img decoding=\"async\" class=\"d-block m-auto img-thumbnail\" src=\"https:\/\/tvc.mx\/media\/460212\/camara-bulleet-wifi-4-megapixeles-deteccion-humanos-microfono-integrado-IMOU-BULLET-2C-4MP-caracteristicas.png\" alt=\" \" \/><\/div>\n<div class=\"col-md-7 text-md-left text-center\">\n<h2>Principales Caracter\u00edsticas<\/h2>\n<p class=\"text-muted\">\n<ul>\n<li>4MP(2560*1440\uff09<\/li>\n<li>H.265\/H.264<\/li>\n<li>IP67 Resistente al agua<\/li>\n<li>Visi\u00f3n Nocturna<\/li>\n<li>Micr\u00f3fono incorporado<\/li>\n<li>Detecci\u00f3n de humanos<\/li>\n<li>Zoom de alarma configurable y programable<\/li>\n<li>Alertas en el m\u00f3vil<\/li>\n<li>16X Zoom digital<\/li>\n<li>Imou Life App: iOS, Android<\/li>\n<li>Almacenamiento en la nube<\/li>\n<li>Ranura para tarjetas MicroSD ( hasta 256GB)<\/li>\n<li>Conexi\u00f3n WiFi (2,4GHz)<\/li>\n<li>DC 12V0.5A alimentaci\u00f3n<\/li>\n<li>1 x 100Mbps puerto ethernet<\/li>\n<li>Peso:240g (0,51lb)<\/li>\n<li>Funcionamiento entre: -30\u00b0C to +60\u00b0C<\/li>\n<\/ul>\n<p>&nbsp;<\/p>\n<\/div>\n<\/div>\n<hr class=\"padding-bottom-2x\" \/>\n<div class=\"row align-items-center padding-bottom-2x\"><\/div>\n","protected":false},"excerpt":{"rendered":"<p>Informaci\u00f3n General La c\u00e1mara\u00a0ofrece monitoreo en vivo de\u00a04MP\u00a0, asegurando que todos los rincones de su hogar est\u00e9n completamente cubiertos. Admite visi\u00f3n nocturna ofreciendo una claridad ,incluso en la oscuridad completa. Con certificaci\u00f3n IP67, la c\u00e1mara se puede utilizar al aire libre en diferentes condiciones clim\u00e1ticas.&hellip;<\/p>\n","protected":false},"featured_media":2294,"comment_status":"open","ping_status":"closed","template":"","meta":{"om_disable_all_campaigns":false,"_monsterinsights_skip_tracking":false,"_monsterinsights_sitenote_active":false,"_monsterinsights_sitenote_note":"","_monsterinsights_sitenote_category":0},"product_brand":[],"product_cat":[144],"product_tag":[147,38,145,146],"class_list":{"0":"post-2295","1":"product","2":"type-product","3":"status-publish","4":"has-post-thumbnail","6":"product_cat-imou","7":"product_tag-camara-imou","8":"product_tag-camaras-de-seguridad","9":"product_tag-imou","10":"product_tag-wifi","12":"first","13":"instock","14":"sale","15":"taxable","16":"shipping-taxable","17":"purchasable","18":"product-type-simple"},"aioseo_notices":[],"_links":{"self":[{"href":"https:\/\/tecsecmty.com\/index.php\/wp-json\/wp\/v2\/product\/2295","targetHints":{"allow":["GET"]}}],"collection":[{"href":"https:\/\/tecsecmty.com\/index.php\/wp-json\/wp\/v2\/product"}],"about":[{"href":"https:\/\/tecsecmty.com\/index.php\/wp-json\/wp\/v2\/types\/product"}],"replies":[{"embeddable":true,"href":"https:\/\/tecsecmty.com\/index.php\/wp-json\/wp\/v2\/comments?post=2295"}],"version-history":[{"count":0,"href":"https:\/\/tecsecmty.com\/index.php\/wp-json\/wp\/v2\/product\/2295\/revisions"}],"wp:featuredmedia":[{"embeddable":true,"href":"https:\/\/tecsecmty.com\/index.php\/wp-json\/wp\/v2\/media\/2294"}],"wp:attachment":[{"href":"https:\/\/tecsecmty.com\/index.php\/wp-json\/wp\/v2\/media?parent=2295"}],"wp:term":[{"taxonomy":"product_brand","embeddable":true,"href":"https:\/\/tecsecmty.com\/index.php\/wp-json\/wp\/v2\/product_brand?post=2295"},{"taxonomy":"product_cat","embeddable":true,"href":"https:\/\/tecsecmty.com\/index.php\/wp-json\/wp\/v2\/product_cat?post=2295"},{"taxonomy":"product_tag","embeddable":true,"href":"https:\/\/tecsecmty.com\/index.php\/wp-json\/wp\/v2\/product_tag?post=2295"}],"curies":[{"name":"wp","href":"https:\/\/api.w.org\/{rel}","templated":true}]}}