{"id":2303,"date":"2023-02-22T18:58:41","date_gmt":"2023-02-23T00:58:41","guid":{"rendered":"https:\/\/tecsecmty.com\/index.php\/producto\/imou-chime-timbre-o-campana-wifi-para-videotimbres-de-puerta-bocina-integrada-multiples-tonos-interior\/"},"modified":"2023-03-22T23:23:30","modified_gmt":"2023-03-23T05:23:30","slug":"imou-chime-timbre-o-campana-wifi-para-videotimbres-de-puerta-bocina-integrada-multiples-tonos-interior","status":"publish","type":"product","link":"https:\/\/tecsecmty.com\/index.php\/producto\/imou-chime-timbre-o-campana-wifi-para-videotimbres-de-puerta-bocina-integrada-multiples-tonos-interior\/","title":{"rendered":"IMOU CHIME &#8211; Timbre o campana WiFi\/ Para Videotimbres de Puerta\/ Bocina integrada\/ Multiples Tonos\/ Interior"},"content":{"rendered":"<div class=\"row aling-items-center padding-bottom-2x\">\n<div class=\"col-lg-12\">\n<h5 class=\"card-title text-center\">Informaci\u00f3n General<\/h5>\n<p><strong>IMOU Chime<\/strong>\u00a0nos permite obtener avisos, ideal para el hogar, oficina, tienda y\/o boutique.<\/p>\n<p>Con su dise\u00f1o se adapta a cualquier entorno haciendo simple su la instalaci\u00f3n, el funcionamiento en combinaci\u00f3n con la plataforma IMOU le permite a cualquier persona usarla de forma simple y eficaz.<\/p>\n<p>*<em>Este accesorio es adicional para los door bells y para su funcionamiento requiere vincularlo con los mismos.<\/em><\/p>\n<ul>\n<li>IMO3830001<\/li>\n<li>IMO3830002<\/li>\n<\/ul>\n<p><img decoding=\"async\" class=\"overview-center-img-web\" src=\"https:\/\/tvc.mx\/media\/416767\/imou-chime-timbre-o-campana-WiFi-para-videotimbres-de-puerta.png\" alt=\"\" \/><\/div>\n<\/div>\n<div class=\"row align-items-center padding-bottom-2x\">\n<div class=\"col-md-5 order-md-2\"><img decoding=\"async\" class=\"d-block m-auto img-thumbnail\" src=\"https:\/\/tvc.mx\/media\/416771\/aplicaciones-imou-chiem.png\" alt=\" \" \/><\/div>\n<div class=\"col-md-7 order-md-1 text-md-left text-center\">\n<h2>Aplicaci\u00f3n<\/h2>\n<p class=\"text-muted\">\n<p>Chime emite instant\u00e1neamente alertas de audio personalizables cuando su Doorbell captura las llamadas de los visitantes.<\/p>\n<p>&nbsp;<\/p>\n<\/div>\n<\/div>\n<hr class=\"padding-bottom-2x\" \/>\n<div class=\"row align-items-center padding-bottom-2x\">\n<div class=\"col-md-5\"><img decoding=\"async\" class=\"d-block m-auto img-thumbnail\" src=\"https:\/\/tvc.mx\/media\/416775\/instalcion-sencilla-HTI-UC320-dahua.png\" alt=\" \" \/><\/div>\n<div class=\"col-md-7 text-md-left text-center\">\n<h2>Facil Instalaci\u00f3n<\/h2>\n<p class=\"text-muted\">\n<p>F\u00e1cil de instalar y seguro, se necesita un contacto en pared para su instalaci\u00f3n.<\/p>\n<p>&nbsp;<\/p>\n<\/div>\n<\/div>\n<hr class=\"padding-bottom-2x\" \/>\n<div class=\"row align-items-center padding-bottom-2x\">\n<div class=\"col-md-5 order-md-2\"><img decoding=\"async\" class=\"d-block m-auto img-thumbnail\" src=\"https:\/\/tvc.mx\/media\/416779\/imou-chime-timbre-o-campana-WiFi-para-videotimbres-de-puerta-caracteristicas.png\" alt=\" \" \/><\/div>\n<div class=\"col-md-7 order-md-1 text-md-left text-center\">\n<h2>Caracter\u00edsticas<\/h2>\n<p class=\"text-muted\">\n<ul>\n<li>Tonos de llamada m\u00faltiple<\/li>\n<li>Aplicaci\u00f3n m\u00f3vil Imou<\/li>\n<li>Plug &amp; Play<\/li>\n<li>F\u00e1cil de instalar (conexi\u00f3n Wi-Fi)<\/li>\n<\/ul>\n<p>&nbsp;<\/p>\n<\/div>\n<\/div>\n<hr class=\"padding-bottom-2x\" \/>\n<div class=\"row align-items-center padding-bottom-2x\">\n<div class=\"col-md-5\"><img decoding=\"async\" class=\"d-block m-auto img-thumbnail\" src=\"https:\/\/tvc.mx\/media\/416783\/logo-imou.png\" alt=\" \" \/><\/div>\n<div class=\"col-md-7 text-md-left text-center\">\n<h2>Incluye<\/h2>\n<p class=\"text-muted\">\n<ul>\n<li>Chime<\/li>\n<li>Plug de corriente<\/li>\n<li>Gu\u00eda r\u00e1pida<\/li>\n<\/ul>\n<\/div>\n<\/div>\n","protected":false},"excerpt":{"rendered":"<p>Informaci\u00f3n General IMOU Chime\u00a0nos permite obtener avisos, ideal para el hogar, oficina, tienda y\/o boutique. Con su dise\u00f1o se adapta a cualquier entorno haciendo simple su la instalaci\u00f3n, el funcionamiento en combinaci\u00f3n con la plataforma IMOU le permite a cualquier persona usarla de forma simple&hellip;<\/p>\n","protected":false},"featured_media":2302,"comment_status":"open","ping_status":"closed","template":"","meta":{"om_disable_all_campaigns":false,"_monsterinsights_skip_tracking":false,"_monsterinsights_sitenote_active":false,"_monsterinsights_sitenote_note":"","_monsterinsights_sitenote_category":0},"product_brand":[],"product_cat":[144],"product_tag":[147,38,145,146],"class_list":{"0":"post-2303","1":"product","2":"type-product","3":"status-publish","4":"has-post-thumbnail","6":"product_cat-imou","7":"product_tag-camara-imou","8":"product_tag-camaras-de-seguridad","9":"product_tag-imou","10":"product_tag-wifi","12":"first","13":"instock","14":"sale","15":"taxable","16":"shipping-taxable","17":"purchasable","18":"product-type-simple"},"aioseo_notices":[],"_links":{"self":[{"href":"https:\/\/tecsecmty.com\/index.php\/wp-json\/wp\/v2\/product\/2303","targetHints":{"allow":["GET"]}}],"collection":[{"href":"https:\/\/tecsecmty.com\/index.php\/wp-json\/wp\/v2\/product"}],"about":[{"href":"https:\/\/tecsecmty.com\/index.php\/wp-json\/wp\/v2\/types\/product"}],"replies":[{"embeddable":true,"href":"https:\/\/tecsecmty.com\/index.php\/wp-json\/wp\/v2\/comments?post=2303"}],"version-history":[{"count":0,"href":"https:\/\/tecsecmty.com\/index.php\/wp-json\/wp\/v2\/product\/2303\/revisions"}],"wp:featuredmedia":[{"embeddable":true,"href":"https:\/\/tecsecmty.com\/index.php\/wp-json\/wp\/v2\/media\/2302"}],"wp:attachment":[{"href":"https:\/\/tecsecmty.com\/index.php\/wp-json\/wp\/v2\/media?parent=2303"}],"wp:term":[{"taxonomy":"product_brand","embeddable":true,"href":"https:\/\/tecsecmty.com\/index.php\/wp-json\/wp\/v2\/product_brand?post=2303"},{"taxonomy":"product_cat","embeddable":true,"href":"https:\/\/tecsecmty.com\/index.php\/wp-json\/wp\/v2\/product_cat?post=2303"},{"taxonomy":"product_tag","embeddable":true,"href":"https:\/\/tecsecmty.com\/index.php\/wp-json\/wp\/v2\/product_tag?post=2303"}],"curies":[{"name":"wp","href":"https:\/\/api.w.org\/{rel}","templated":true}]}}