{"id":2319,"date":"2023-02-22T18:58:58","date_gmt":"2023-02-23T00:58:58","guid":{"rendered":"https:\/\/tecsecmty.com\/index.php\/producto\/imou-frs13-cubierta-para-camara-ranger-2-material-silicon-color-naranja\/"},"modified":"2023-03-22T23:23:30","modified_gmt":"2023-03-23T05:23:30","slug":"imou-frs13-cubierta-para-camara-ranger-2-material-silicon-color-naranja","status":"publish","type":"product","link":"https:\/\/tecsecmty.com\/index.php\/producto\/imou-frs13-cubierta-para-camara-ranger-2-material-silicon-color-naranja\/","title":{"rendered":"IMOU FRS13 &#8211; Cubierta para Camara RANGER 2\/ Material Silicon\/ Color Naranja"},"content":{"rendered":"<div class=\"row aling-items-center padding-bottom-2x\">\n<div class=\"col-lg-12\">\n<h5 class=\"card-title text-center\">Informaci\u00f3n General<\/h5>\n<p>La cubierta de silicona est\u00e1 dise\u00f1ada para las c\u00e1maras de la serie IMOU- Ranger 2. La cubierta proporciona protecci\u00f3n adicional contra polvo y humedad cuenta con dise\u00f1o para decoraci\u00f3n est\u00e9tica y animar a los habitantes<\/p>\n<p><img decoding=\"async\" class=\"overview-center-img-web\" src=\"https:\/\/tvc.mx\/media\/33056\/principaln.png\" alt=\"\" \/><\/div>\n<\/div>\n<div class=\"row aling-items-center padding-bottom-2x\">\n<div class=\"col-lg-12\">\n<h5 class=\"card-title text-center\">Caracter\u00edsticas Principales<\/h5>\n<ul>\n<li>Funda oficial para la serie de c\u00e1maras Ranger 2 de IMOU<\/li>\n<li>Encantador dise\u00f1o para animar a su familia<\/li>\n<li>Decoraci\u00f3n est\u00e9tica<\/li>\n<li>Proporciona protecci\u00f3n adicional contra el polvo y la humedad<\/li>\n<li>Ligera, duradera y, adem\u00e1s, resistente a la radiaci\u00f3n UV<\/li>\n<\/ul>\n<p><img decoding=\"async\" class=\"overview-center-img-web\" src=\"https:\/\/tvc.mx\/media\/33057\/caractimou.png\" alt=\"\" \/><\/div>\n<\/div>\n","protected":false},"excerpt":{"rendered":"<p>Informaci\u00f3n General La cubierta de silicona est\u00e1 dise\u00f1ada para las c\u00e1maras de la serie IMOU- Ranger 2. La cubierta proporciona protecci\u00f3n adicional contra polvo y humedad cuenta con dise\u00f1o para decoraci\u00f3n est\u00e9tica y animar a los habitantes Caracter\u00edsticas Principales Funda oficial para la serie de&hellip;<\/p>\n","protected":false},"featured_media":2318,"comment_status":"open","ping_status":"closed","template":"","meta":{"om_disable_all_campaigns":false,"_monsterinsights_skip_tracking":false,"_monsterinsights_sitenote_active":false,"_monsterinsights_sitenote_note":"","_monsterinsights_sitenote_category":0},"product_brand":[],"product_cat":[144],"product_tag":[147,38,145,146],"class_list":{"0":"post-2319","1":"product","2":"type-product","3":"status-publish","4":"has-post-thumbnail","6":"product_cat-imou","7":"product_tag-camara-imou","8":"product_tag-camaras-de-seguridad","9":"product_tag-imou","10":"product_tag-wifi","12":"first","13":"instock","14":"sale","15":"taxable","16":"shipping-taxable","17":"purchasable","18":"product-type-simple"},"aioseo_notices":[],"_links":{"self":[{"href":"https:\/\/tecsecmty.com\/index.php\/wp-json\/wp\/v2\/product\/2319","targetHints":{"allow":["GET"]}}],"collection":[{"href":"https:\/\/tecsecmty.com\/index.php\/wp-json\/wp\/v2\/product"}],"about":[{"href":"https:\/\/tecsecmty.com\/index.php\/wp-json\/wp\/v2\/types\/product"}],"replies":[{"embeddable":true,"href":"https:\/\/tecsecmty.com\/index.php\/wp-json\/wp\/v2\/comments?post=2319"}],"version-history":[{"count":0,"href":"https:\/\/tecsecmty.com\/index.php\/wp-json\/wp\/v2\/product\/2319\/revisions"}],"wp:featuredmedia":[{"embeddable":true,"href":"https:\/\/tecsecmty.com\/index.php\/wp-json\/wp\/v2\/media\/2318"}],"wp:attachment":[{"href":"https:\/\/tecsecmty.com\/index.php\/wp-json\/wp\/v2\/media?parent=2319"}],"wp:term":[{"taxonomy":"product_brand","embeddable":true,"href":"https:\/\/tecsecmty.com\/index.php\/wp-json\/wp\/v2\/product_brand?post=2319"},{"taxonomy":"product_cat","embeddable":true,"href":"https:\/\/tecsecmty.com\/index.php\/wp-json\/wp\/v2\/product_cat?post=2319"},{"taxonomy":"product_tag","embeddable":true,"href":"https:\/\/tecsecmty.com\/index.php\/wp-json\/wp\/v2\/product_tag?post=2319"}],"curies":[{"name":"wp","href":"https:\/\/api.w.org\/{rel}","templated":true}]}}