{"id":2331,"date":"2023-02-22T18:59:12","date_gmt":"2023-02-23T00:59:12","guid":{"rendered":"https:\/\/tecsecmty.com\/index.php\/producto\/imou-ranger-iq-ipc-a26hin-imou-camara-ip-pt-de-2-megapixeles-wifi-con-gateway-de-alarma-deteccion-de-humanos-con-ia-lente-de-3-6-mm-autotracking-sirena-incorporada-personalizable-audio-2-vias\/"},"modified":"2023-03-22T23:23:31","modified_gmt":"2023-03-23T05:23:31","slug":"imou-ranger-iq-ipc-a26hin-imou-camara-ip-pt-de-2-megapixeles-wifi-con-gateway-de-alarma-deteccion-de-humanos-con-ia-lente-de-3-6-mm-autotracking-sirena-incorporada-personalizable-audio-2-vias","status":"publish","type":"product","link":"https:\/\/tecsecmty.com\/index.php\/producto\/imou-ranger-iq-ipc-a26hin-imou-camara-ip-pt-de-2-megapixeles-wifi-con-gateway-de-alarma-deteccion-de-humanos-con-ia-lente-de-3-6-mm-autotracking-sirena-incorporada-personalizable-audio-2-vias\/","title":{"rendered":"IMOU RANGER IQ (IPC-A26HIN-imou) &#8211; C\u00e1mara IP PT de 2 Megap\u00edxeles\/ WiFi\/ Con Gateway de Alarma\/Detecci\u00f3n de Humanos con IA\/Lente de 3.6 mm\/ AutoTracking\/ Sirena Incorporada Personalizable\/ Audio 2 Vias\/ Modo de Privacidad\/ Alarma de Sonido Anormal\/"},"content":{"rendered":"<div class=\"row aling-items-center padding-bottom-2x\">\n<div class=\"col-lg-12\">\n<h5 class=\"card-title text-center\">Informaci\u00f3n General<\/h5>\n<p>Con monitoreo en vivo 1080P Full HD y funciones de 0 ~ 355 \u00b0 panor\u00e1micas y 0 ~ 90 \u00b0 de inclinaci\u00f3n, la c\u00e1mara\u00a0<strong>Ranger IQ\u00a0<\/strong>garantiza que\u00a0cada rinc\u00f3n de su hogar est\u00e9 completamente cubierto. Las funciones de audio bidireccionales le permiten mantenerse en contacto con su familia, as\u00ed como la detecci\u00f3n de movimiento en tiempo real y las alertas instant\u00e1neas lo mantienen al tanto de lo que sucede en casa en cualquier momento y desde cualquier lugar.<\/p>\n<p><img decoding=\"async\" class=\"overview-center-img-web\" src=\"https:\/\/tvc.mx\/media\/403967\/imou-ranger-iq-camara-ip-domo-motorizado-con-inteligencia-artificial.png\" alt=\"\" \/><\/div>\n<\/div>\n<div class=\"row align-items-center padding-bottom-2x\">\n<div class=\"col-md-5\"><img decoding=\"async\" class=\"d-block m-auto img-thumbnail\" src=\"https:\/\/tvc.mx\/media\/403971\/asistente-virtual-imou.png\" alt=\" \" \/><\/div>\n<div class=\"col-md-7 text-md-left text-center\">\n<h2>Asistente Virtual<\/h2>\n<p class=\"text-muted\">\n<p>Los dispositivos IMOU son 100% compatibles los asistentes virtuales Alexa, Google Assistant e IFTTT permiti\u00e9ndonos tener interacci\u00f3n intelgente y control de nuestras c\u00e1maras con comandos de voz.<\/p>\n<p>&nbsp;<\/p>\n<\/div>\n<\/div>\n<hr class=\"padding-bottom-2x\" \/>\n<div class=\"row align-items-center padding-bottom-2x\">\n<div class=\"col-md-5 order-md-2\"><img decoding=\"async\" class=\"d-block m-auto img-thumbnail\" src=\"https:\/\/tvc.mx\/media\/403975\/deteccion-humana-imou.png\" alt=\" \" \/><\/div>\n<div class=\"col-md-7 order-md-1 text-md-left text-center\">\n<h2>Detecci\u00f3n Humana<\/h2>\n<p class=\"text-muted\">\n<p>Tecnolog\u00eda poderosa de procesamiento de im\u00e1genes r\u00e1pidamente localiza blancos humanos e inmediatamente envia una notificaci\u00f3n a nuestro smartphone, permitiendo poder monitorear y saber que sucede sin recibir falsas alarmas.<\/p>\n<p>Adem\u00e1s con la sirena embebida es posible espantar a los intrusos.<\/p>\n<p>&nbsp;<\/p>\n<\/div>\n<\/div>\n<hr class=\"padding-bottom-2x\" \/>\n<div class=\"row align-items-center padding-bottom-2x\">\n<div class=\"col-md-5\"><img decoding=\"async\" class=\"d-block m-auto img-thumbnail\" src=\"https:\/\/tvc.mx\/media\/403979\/seguimiento-inteligente-imou.png\" alt=\" \" \/><\/div>\n<div class=\"col-md-7 text-md-left text-center\">\n<h2>Seguimiento Inteligente<\/h2>\n<p class=\"text-muted\">\n<p>La c\u00e1mara cuenta con un algoritmo de seguimiento avanzado el cual enfoca autom\u00e1ticamente y sigue objetos o personas en movimiento.<\/p>\n<p>&nbsp;<\/p>\n<\/div>\n<\/div>\n<hr class=\"padding-bottom-2x\" \/>\n<div class=\"row align-items-center padding-bottom-2x\">\n<div class=\"col-md-5 order-md-2\"><img decoding=\"async\" class=\"d-block m-auto img-thumbnail\" src=\"https:\/\/tvc.mx\/media\/403983\/audio-bidireccional-imou.png\" alt=\" \" \/><\/div>\n<div class=\"col-md-7 order-md-1 text-md-left text-center\">\n<h2>Audio Bidireccional<\/h2>\n<p class=\"text-muted\">\n<p>El altavoz incorporado y un micr\u00f3fono con cancelaci\u00f3n de eco le permiten interactuar con familiares y tambi\u00e9n con sus mascotas incluso a disuadir a los hu\u00e9spedes no deseados.<\/p>\n<p>&nbsp;<\/p>\n<\/div>\n<\/div>\n<hr class=\"padding-bottom-2x\" \/>\n<div class=\"row align-items-center padding-bottom-2x\">\n<div class=\"col-md-5\"><img decoding=\"async\" class=\"d-block m-auto img-thumbnail\" src=\"https:\/\/tvc.mx\/media\/403987\/imou-ranger-pro-camara-ip-domo-motorizado-audio-bidireccional-caracteristicas.png\" alt=\" \" \/><\/div>\n<div class=\"col-md-7 text-md-left text-center\">\n<h2>Caracter\u00edsticas Principales<\/h2>\n<p class=\"text-muted\">\n<ul>\n<li>Visi\u00f3n nocturna<\/li>\n<li>Funci\u00f3n de intercomunicaci\u00f3n<\/li>\n<li>Detecci\u00f3n de personas (IA)<\/li>\n<li>Alarma, zoom y programaci\u00f3n configurables<\/li>\n<li>Detecci\u00f3n de sonido<\/li>\n<li>Seguimiento inteligente<\/li>\n<li>Notificaciones en el m\u00f3vil<\/li>\n<li>Sirena incorporada<\/li>\n<li>Modos de privacidad<\/li>\n<li class=\"ql-align-justify\">Aplicaci\u00f3n Imou Life: iOS, Android<\/li>\n<\/ul>\n<p>&nbsp;<\/p>\n<\/div>\n<\/div>\n<hr class=\"padding-bottom-2x\" \/>\n<div class=\"row align-items-center padding-bottom-2x\">\n<div class=\"col-md-5 order-md-2\"><img decoding=\"async\" class=\"d-block m-auto img-thumbnail\" src=\"https:\/\/tvc.mx\/media\/403991\/imou-ranger-pro-camara-ip-domo-motorizado-audio-bidireccional-especificaciones.png\" alt=\" \" \/><\/div>\n<div class=\"col-md-7 order-md-1 text-md-left text-center\">\n<h2>Especificaciones<\/h2>\n<p class=\"text-muted\">\n<ul>\n<li class=\"ql-align-justify\">1\/2.8&#8243; CMOS\u00a0Progresivo 2 Megap\u00edxeles .<\/li>\n<li class=\"ql-align-justify\">2Mp 1920&#215;1080.<\/li>\n<li class=\"ql-align-justify\">M\u00e1x Distancia IR 10m<\/li>\n<li class=\"ql-align-justify\">Lente fijo 3.6mm.<\/li>\n<li class=\"ql-align-justify\">\u00c1ngulo de Visi\u00f3n 93\u00ba.<\/li>\n<li class=\"ql-align-justify\">Compresi\u00f3n H.264 H.265.<\/li>\n<li class=\"ql-align-justify\">Zoom 16x digital.<\/li>\n<li class=\"ql-align-justify\">Audio Bidireccional<\/li>\n<li class=\"ql-align-justify\">Mico SD Card hasta 256Gb<\/li>\n<li class=\"ql-align-justify\">Temperatura de operaci\u00f3n: -10\u00baC ~ +45\u00baC.<\/li>\n<li class=\"ql-align-justify\">Fuente de Alimentaci\u00f3n DC5V 2A.<\/li>\n<li class=\"ql-align-justify\">Consumo de Energ\u00eda M\u00e1x 9.5W.<\/li>\n<li class=\"ql-align-justify\">Dimensiones 90 \u00d7 90\u00d7 108mm.<\/li>\n<li class=\"ql-align-justify\">Peso 0.25 kg.<\/li>\n<\/ul>\n<p>&nbsp;<\/p>\n<\/div>\n<\/div>\n<hr class=\"padding-bottom-2x\" \/>\n<div class=\"row align-items-center padding-bottom-2x\">\n<div class=\"col-md-5\"><img decoding=\"async\" class=\"d-block m-auto img-thumbnail\" src=\"https:\/\/tvc.mx\/media\/403995\/logo-imou.png\" alt=\" \" \/><\/div>\n<div class=\"col-md-7 text-md-left text-center\">\n<h2>Incluye<\/h2>\n<p class=\"text-muted\">\n<ul>\n<li class=\"ql-align-justify\">\u00a01x c\u00e1mara<\/li>\n<li class=\"ql-align-justify\">1x Gu\u00eda de inicio r\u00e1pido<\/li>\n<li class=\"ql-align-justify\">1x adaptador de corriente<\/li>\n<li class=\"ql-align-justify\">1x cable USB<\/li>\n<li class=\"ql-align-justify\">1x paquete de tornillo<\/li>\n<li class=\"ql-align-justify\">1x tablero de instalaci\u00f3n r\u00e1pida<\/li>\n<li class=\"ql-align-justify\">1x mapa de posici\u00f3n de instalaci\u00f3n<\/li>\n<\/ul>\n<\/div>\n<\/div>\n","protected":false},"excerpt":{"rendered":"<p>Informaci\u00f3n General Con monitoreo en vivo 1080P Full HD y funciones de 0 ~ 355 \u00b0 panor\u00e1micas y 0 ~ 90 \u00b0 de inclinaci\u00f3n, la c\u00e1mara\u00a0Ranger IQ\u00a0garantiza que\u00a0cada rinc\u00f3n de su hogar est\u00e9 completamente cubierto. Las funciones de audio bidireccionales le permiten mantenerse en contacto&hellip;<\/p>\n","protected":false},"featured_media":2330,"comment_status":"open","ping_status":"closed","template":"","meta":{"om_disable_all_campaigns":false,"_monsterinsights_skip_tracking":false,"_monsterinsights_sitenote_active":false,"_monsterinsights_sitenote_note":"","_monsterinsights_sitenote_category":0},"product_brand":[],"product_cat":[144],"product_tag":[147,38,145,146],"class_list":{"0":"post-2331","1":"product","2":"type-product","3":"status-publish","4":"has-post-thumbnail","6":"product_cat-imou","7":"product_tag-camara-imou","8":"product_tag-camaras-de-seguridad","9":"product_tag-imou","10":"product_tag-wifi","12":"first","13":"instock","14":"sale","15":"taxable","16":"shipping-taxable","17":"purchasable","18":"product-type-simple"},"aioseo_notices":[],"_links":{"self":[{"href":"https:\/\/tecsecmty.com\/index.php\/wp-json\/wp\/v2\/product\/2331","targetHints":{"allow":["GET"]}}],"collection":[{"href":"https:\/\/tecsecmty.com\/index.php\/wp-json\/wp\/v2\/product"}],"about":[{"href":"https:\/\/tecsecmty.com\/index.php\/wp-json\/wp\/v2\/types\/product"}],"replies":[{"embeddable":true,"href":"https:\/\/tecsecmty.com\/index.php\/wp-json\/wp\/v2\/comments?post=2331"}],"version-history":[{"count":0,"href":"https:\/\/tecsecmty.com\/index.php\/wp-json\/wp\/v2\/product\/2331\/revisions"}],"wp:featuredmedia":[{"embeddable":true,"href":"https:\/\/tecsecmty.com\/index.php\/wp-json\/wp\/v2\/media\/2330"}],"wp:attachment":[{"href":"https:\/\/tecsecmty.com\/index.php\/wp-json\/wp\/v2\/media?parent=2331"}],"wp:term":[{"taxonomy":"product_brand","embeddable":true,"href":"https:\/\/tecsecmty.com\/index.php\/wp-json\/wp\/v2\/product_brand?post=2331"},{"taxonomy":"product_cat","embeddable":true,"href":"https:\/\/tecsecmty.com\/index.php\/wp-json\/wp\/v2\/product_cat?post=2331"},{"taxonomy":"product_tag","embeddable":true,"href":"https:\/\/tecsecmty.com\/index.php\/wp-json\/wp\/v2\/product_tag?post=2331"}],"curies":[{"name":"wp","href":"https:\/\/api.w.org\/{rel}","templated":true}]}}