{"id":2389,"date":"2023-02-22T20:53:07","date_gmt":"2023-02-23T02:53:07","guid":{"rendered":"https:\/\/tecsecmty.com\/index.php\/producto\/dahua-nvr616-128-4ks2-super-nvr-128-canales-de-video-ip-4k-h265-2-hdmi-16-interfaz-sata-rendimiento-384-mbps-ra-id-iscsi-ivs-smart-track-proyectos\/"},"modified":"2023-03-22T23:23:01","modified_gmt":"2023-03-23T05:23:01","slug":"dahua-nvr616-128-4ks2-super-nvr-128-canales-de-video-ip-4k-h265-2-hdmi-16-interfaz-sata-rendimiento-384-mbps-ra-id-iscsi-ivs-smart-track-proyectos","status":"publish","type":"product","link":"https:\/\/tecsecmty.com\/index.php\/producto\/dahua-nvr616-128-4ks2-super-nvr-128-canales-de-video-ip-4k-h265-2-hdmi-16-interfaz-sata-rendimiento-384-mbps-ra-id-iscsi-ivs-smart-track-proyectos\/","title":{"rendered":"DAHUA NVR616-128-4KS2 &#8211; Super NVR 128 canales de video IP 4K \/ H265 \/ 2 HDMI \/ 16 Interfaz SATA \/ Rendimiento 384 Mbps \/ RA ID \/ iSCSI \/ IVS \/ Smart TRACK\/ #Proyectos"},"content":{"rendered":"<div class=\"row aling-items-center padding-bottom-2x\">\n<div class=\"col-lg-12\">\n<h5 class=\"card-title text-center\">Informaci\u00f3n General<\/h5>\n<p>Este NVR es ideal para una amplia gama de aplicaciones, como seguridad p\u00fablica, estaciones de transporte, instituciones gubernamentales, complejos hoteleros, centros comerciales, centros urbanos e instituciones financieras, donde exigen flexibilidad de expansi\u00f3n, alta confiabilidad y administraci\u00f3n de almacenamiento centralizada.<\/p>\n<p><img decoding=\"async\" class=\"overview-center-img-web\" src=\"https:\/\/tvc.mx\/media\/379811\/DHI-NVR616-128-4KS2config7.png\" alt=\"\" \/><\/div>\n<\/div>\n<div class=\"row align-items-center padding-bottom-2x\">\n<div class=\"col-md-5\"><img decoding=\"async\" class=\"d-block m-auto img-thumbnail\" src=\"https:\/\/tvc.mx\/media\/57456\/DHI-NVR616-128-4KS2config9.png\" alt=\" \" \/><\/div>\n<div class=\"col-md-7 text-md-left text-center\">\n<h2>Resumen del sistema<\/h2>\n<p class=\"text-muted\">\n<p class=\"ql-align-justify\">La grabadora de video en red de pr\u00f3xima generaci\u00f3n de Dahua ofrece incomparables Tecnolog\u00eda de grabaci\u00f3n para aplicaciones de videovigilancia IP. El NVR de nivel empresarial proporciona un potente procesador Intel con hasta 4K resoluci\u00f3n. Adem\u00e1s, el NVR presenta una operaci\u00f3n de acceso directo del mouse men\u00fa, control y gesti\u00f3n remota, almacenamiento central, almacenamiento de borde, y copia de seguridad de almacenamiento.<\/p>\n<p class=\"ql-align-justify\">\n<p>&nbsp;<\/p>\n<\/div>\n<\/div>\n<hr class=\"padding-bottom-2x\" \/>\n<div class=\"row align-items-center padding-bottom-2x\">\n<div class=\"col-md-5 order-md-2\"><img decoding=\"async\" class=\"d-block m-auto img-thumbnail\" src=\"https:\/\/tvc.mx\/media\/57462\/DHI-NVR616-128-4KS2config10.png\" alt=\" \" \/><\/div>\n<div class=\"col-md-7 order-md-1 text-md-left text-center\">\n<h2>Las funciones RAID 0\/1\/5\/10<\/h2>\n<p class=\"text-muted\">\n<p class=\"ql-align-justify\">Ofreciendo un equilibrio entre el rendimiento del almacenamiento, la capacidad de almacenamiento, e integridad de datos, el NVR cuenta con Fruitfull RAID 0\/1\/5\/10 para una mayor velocidad y grabaci\u00f3n m\u00e1s segura.<\/p>\n<p>&nbsp;<\/p>\n<\/div>\n<\/div>\n<hr class=\"padding-bottom-2x\" \/>\n<div class=\"row align-items-center padding-bottom-2x\">\n<div class=\"col-md-5\"><img decoding=\"async\" class=\"d-block m-auto img-thumbnail\" src=\"https:\/\/tvc.mx\/media\/57474\/DHI-NVR616-128-4KS2config6.png\" alt=\" \" \/><\/div>\n<div class=\"col-md-7 text-md-left text-center\">\n<h2>Resoluci\u00f3n 4K y Sistema de video inteligente (IVS)<\/h2>\n<p class=\"text-muted\">\n<p>El NVR admite resoluci\u00f3n\u00a0<strong>4K ultra HD<\/strong>\u00a0(3840 x 2160) para grabaci\u00f3n en vivo visualizaci\u00f3n y reproducci\u00f3n.<\/p>\n<p>Proporciona inteligencia est\u00e1ndar opcional en el borde que permite la detecci\u00f3n de comportamientos de objetos m\u00faltiples como objetos abandonados o faltantes.\u00a0<strong>IVS<\/strong>\u00a0tambi\u00e9n es compatible con el an\u00e1lisis de\u00a0<strong>Tripwire<\/strong>, lo que permite que la c\u00e1mara detecte cu\u00e1ndo se ha cruzado una l\u00ednea predeterminada, ideal para inteligencia empresarial y detecci\u00f3n facial, para b\u00fasqueda o identificaci\u00f3n de individuos.<\/p>\n<p>&nbsp;<\/p>\n<\/div>\n<\/div>\n<hr class=\"padding-bottom-2x\" \/>\n<div class=\"row align-items-center padding-bottom-2x\">\n<div class=\"col-md-5 order-md-2\"><img decoding=\"async\" class=\"d-block m-auto img-thumbnail\" src=\"https:\/\/tvc.mx\/media\/57480\/DHI-NVR616-128-4KS2config11.png\" alt=\" \" \/><\/div>\n<div class=\"col-md-7 order-md-1 text-md-left text-center\">\n<h2>Seguimiento inteligente<\/h2>\n<p class=\"text-muted\">\n<p class=\"ql-align-justify\">Agregando una c\u00e1mara PTZ se puede dar seguimiento autom\u00e1tico, rastrear autom\u00e1ticamente un objetivo en movimiento en todo el campo de visi\u00f3n de la c\u00e1mara. Esta funci\u00f3n es ideal para seguir un objeto a medida que se mueve a trav\u00e9s de aeropuertos, estacionamientos, centros urbanos u otros aplicaciones.<\/p>\n<p>&nbsp;<\/p>\n<\/div>\n<\/div>\n<hr class=\"padding-bottom-2x\" \/>\n<div class=\"row align-items-center padding-bottom-2x\">\n<div class=\"col-md-5\"><img decoding=\"async\" class=\"d-block m-auto img-thumbnail\" src=\"https:\/\/tvc.mx\/media\/380091\/tabla-de-compayibilidad-de-HDD-para-equipo-dahua.png\" alt=\" \" \/><\/div>\n<div class=\"col-md-7 text-md-left text-center\">\n<h2>Tabla de compatibilidad HDD<\/h2>\n<p class=\"text-muted\">\n<p>El almacenamiento es parte fundamental de un sistema de videovigilancia por tal motivo te recomendamos revisar nuestra lista de compatibilidad antes de seleccionar un disco duro (HDD).<\/p>\n<p>https:\/\/foro.tvc.mx\/docs\/lista-compatibilidad-hdd<\/p>\n<p>&nbsp;<\/p>\n<\/div>\n<\/div>\n<hr class=\"padding-bottom-2x\" \/>\n<div class=\"row align-items-center padding-bottom-2x\">\n<div class=\"col-md-5\"><img decoding=\"async\" class=\"d-block m-auto img-thumbnail\" src=\"https:\/\/tvc.mx\/media\/380183\/DHI-NVR616-128-4KS2config5.png\" alt=\" \" \/><\/div>\n<div class=\"col-md-7 text-md-left text-center\">\n<h2>Principales Caracter\u00edsticas<\/h2>\n<p class=\"text-muted\">\n<p><strong>Principales caracter\u00edsticas<\/strong><\/p>\n<ul>\n<li>Procesador Intel<\/li>\n<li>Entradas de c\u00e1mara IP 64\/128 m\u00e1x.<\/li>\n<li>Ancho de banda entrante m\u00e1ximo de 384 Mbps.<\/li>\n<li>Resoluci\u00f3n de hasta 12MP para vista previa y reproducci\u00f3n.<\/li>\n<li>Admite RAID 0\/1\/5\/10.<\/li>\n<li>ISCSI y Mini SAS para espacio de almacenamiento ampliado.<\/li>\n<li>Seguimiento inteligente y video inteligente.<\/li>\n<\/ul>\n<p>&nbsp;<\/p>\n<\/div>\n<\/div>\n<hr class=\"padding-bottom-2x\" \/>\n<div class=\"row align-items-center padding-bottom-2x\">\n<div class=\"col-md-5 order-md-2\"><img decoding=\"async\" class=\"d-block m-auto img-thumbnail\" src=\"https:\/\/tvc.mx\/media\/380151\/especificaciones-nvr-NVR616-128-4KS2.png\" alt=\" \" \/><\/div>\n<div class=\"col-md-7 order-md-1 text-md-left text-center\">\n<h2>Especificaciones<\/h2>\n<p class=\"text-muted\">\n<p><strong>Sistema<\/strong><\/p>\n<ul>\n<li>Procesador principal Procesador Intel de cuatro n\u00facleos.<\/li>\n<li>Sistema operativo LINUX integrado.<\/li>\n<\/ul>\n<p><strong>Audio y video<\/strong><\/p>\n<ul>\n<li>Entrada de c\u00e1mara IP 64\/128 Canal.<\/li>\n<li>Entrada bidireccional de 1 canal, salida de 1 canal, RCA.<\/li>\n<\/ul>\n<p><strong>Monitor<\/strong><\/p>\n<ul>\n<li>Interfaz 2 HDMI (hasta 3840 x 2160, fuente diferente), 1 VGA.<\/li>\n<li>Resoluci\u00f3n 3840 \u00d7 2160, 1920 \u00d7 1080, 1280 \u00d7 1024, 1280 \u00d7 720, 1024 \u00d7 768.<\/li>\n<li>Pantalla m\u00faltiple Pantalla 1ra: 1\/4\/8\/9\/16\/25\/36<\/li>\n<li>2da pantalla: 1\/4\/8\/9\/16<\/li>\n<li>T\u00edtulo de c\u00e1mara OSD, tiempo, p\u00e9rdida de video, bloqueo de c\u00e1mara, movimiento detecci\u00f3n, grabaci\u00f3n.<\/li>\n<\/ul>\n<p><strong>Grabaci\u00f3n<\/strong><\/p>\n<ul>\n<li>Compresi\u00f3n H.265 \/ H.264 \/ MJPEG.<\/li>\n<li>Resoluci\u00f3n 12MP, 8MP, 6MP, 5MP, 4MP, 3MP, 1080P, 1.3MP, 720P etc.<\/li>\n<li>Velocidad de grabaci\u00f3n 384 Mbps.<\/li>\n<li>Velocidad de bits 16 Kbps ~ 20 Mbps por canal.<\/li>\n<li>Modo de grabaci\u00f3n manual, horario (regular, MD (detecci\u00f3n de movimiento), Alarma, IVS), vacaciones, parada Intervalo de grabaci\u00f3n 1 ~ 120 min (predeterminado: 60 min), pregrabaci\u00f3n: 1 ~ 30 seg, post-registro: 10 ~ 300 seg.<\/li>\n<\/ul>\n<p><strong>El\u00e9ctrico<\/strong><\/p>\n<ul>\n<li>Fuente de alimentaci\u00f3n AC100V ~ 240V, 50 ~ 60 Hz.<\/li>\n<li>Consumo de energ\u00eda &lt;51W (sin HDD).<\/li>\n<\/ul>\n<p><strong>Ambiental<\/strong><\/p>\n<p>Condiciones de funcionamiento -10 \u00b0 C ~ + 55 \u00b0 C (+ 14 \u00b0 F ~ + 131 \u00b0 F), 86 ~ 106kpa.<\/p>\n<p>Condiciones de almacenamiento -20 \u00b0 C ~ + 70 \u00b0 C (-4 \u00b0 F ~ + 158 \u00b0 F), 0 ~ 90% HR.<\/p>\n<p><strong>Construcci\u00f3n<\/strong><\/p>\n<ul>\n<li>Dimensiones 3U, 485 mm x 512.9 mm x 133.2 mm (19.1 \u00abx 20.2\u00bb x 5.2 \u00ab).<\/li>\n<li>Peso neto 17.6 kg (38.8 lb) (sin HDD).<\/li>\n<li>Peso bruto 27 kg (59.5 lb).<\/li>\n<li>Instalaci\u00f3n en bastidor.<\/li>\n<\/ul>\n<p><strong>Certificaciones<\/strong><\/p>\n<ul>\n<li>CE EN55022, EN55024, EN50130-4, EN60950-1<\/li>\n<li>FCC Parte 15 Subparte B, ANSI C63.4-2014<\/li>\n<li>UL UL 60950-1 y CAN \/ CSA C22.2 No.60950-1<\/li>\n<\/ul>\n<\/div>\n<\/div>\n","protected":false},"excerpt":{"rendered":"<p>Informaci\u00f3n General Este NVR es ideal para una amplia gama de aplicaciones, como seguridad p\u00fablica, estaciones de transporte, instituciones gubernamentales, complejos hoteleros, centros comerciales, centros urbanos e instituciones financieras, donde exigen flexibilidad de expansi\u00f3n, alta confiabilidad y administraci\u00f3n de almacenamiento centralizada. Resumen del sistema La&hellip;<\/p>\n","protected":false},"featured_media":2388,"comment_status":"open","ping_status":"closed","template":"","meta":{"om_disable_all_campaigns":false,"_monsterinsights_skip_tracking":false,"_monsterinsights_sitenote_active":false,"_monsterinsights_sitenote_note":"","_monsterinsights_sitenote_category":0},"product_brand":[],"product_cat":[149],"product_tag":[66,58,150,151],"class_list":{"0":"post-2389","1":"product","2":"type-product","3":"status-publish","4":"has-post-thumbnail","6":"product_cat-nvrs-mayores-a-32-canales","7":"product_tag-dahua","8":"product_tag-dvr","9":"product_tag-nvr","10":"product_tag-seguridad","12":"first","13":"instock","14":"sale","15":"taxable","16":"shipping-taxable","17":"purchasable","18":"product-type-simple"},"aioseo_notices":[],"_links":{"self":[{"href":"https:\/\/tecsecmty.com\/index.php\/wp-json\/wp\/v2\/product\/2389","targetHints":{"allow":["GET"]}}],"collection":[{"href":"https:\/\/tecsecmty.com\/index.php\/wp-json\/wp\/v2\/product"}],"about":[{"href":"https:\/\/tecsecmty.com\/index.php\/wp-json\/wp\/v2\/types\/product"}],"replies":[{"embeddable":true,"href":"https:\/\/tecsecmty.com\/index.php\/wp-json\/wp\/v2\/comments?post=2389"}],"version-history":[{"count":0,"href":"https:\/\/tecsecmty.com\/index.php\/wp-json\/wp\/v2\/product\/2389\/revisions"}],"wp:featuredmedia":[{"embeddable":true,"href":"https:\/\/tecsecmty.com\/index.php\/wp-json\/wp\/v2\/media\/2388"}],"wp:attachment":[{"href":"https:\/\/tecsecmty.com\/index.php\/wp-json\/wp\/v2\/media?parent=2389"}],"wp:term":[{"taxonomy":"product_brand","embeddable":true,"href":"https:\/\/tecsecmty.com\/index.php\/wp-json\/wp\/v2\/product_brand?post=2389"},{"taxonomy":"product_cat","embeddable":true,"href":"https:\/\/tecsecmty.com\/index.php\/wp-json\/wp\/v2\/product_cat?post=2389"},{"taxonomy":"product_tag","embeddable":true,"href":"https:\/\/tecsecmty.com\/index.php\/wp-json\/wp\/v2\/product_tag?post=2389"}],"curies":[{"name":"wp","href":"https:\/\/api.w.org\/{rel}","templated":true}]}}