{"id":2403,"date":"2023-02-22T20:53:23","date_gmt":"2023-02-23T02:53:23","guid":{"rendered":"https:\/\/tecsecmty.com\/index.php\/producto\/dahua-dhi-nvr5216-8p-i-l-nvr-de-16-canales-4k-wizmind-8-puertos-poe-h-265-4-canales-de-reconocimiento-facial-20-bases-de-datos-de-rostros-2-bahias-de-discos-duros-rendimiento-de-320-mbps-4\/"},"modified":"2023-03-22T23:22:35","modified_gmt":"2023-03-23T05:22:35","slug":"dahua-dhi-nvr5216-8p-i-l-nvr-de-16-canales-4k-wizmind-8-puertos-poe-h-265-4-canales-de-reconocimiento-facial-20-bases-de-datos-de-rostros-2-bahias-de-discos-duros-rendimiento-de-320-mbps-4","status":"publish","type":"product","link":"https:\/\/tecsecmty.com\/index.php\/producto\/dahua-dhi-nvr5216-8p-i-l-nvr-de-16-canales-4k-wizmind-8-puertos-poe-h-265-4-canales-de-reconocimiento-facial-20-bases-de-datos-de-rostros-2-bahias-de-discos-duros-rendimiento-de-320-mbps-4\/","title":{"rendered":"DAHUA DHI-NVR5216-8P-I\/L &#8211; NVR de 16 Canales 4k\/ WizMind\/ 8 Puertos PoE\/ H.265+\/ 4 Canales de Reconocimiento Facial\/ 20 Bases de Datos de Rostros\/ 2 Bah\u00edas de Discos Duros\/ Rendimiento de 320 Mbps\/ 4&amp;2 E&amp;S de Alarmas\/ #LoNuevo"},"content":{"rendered":"<div class=\"row aling-items-center padding-bottom-2x\">\n<div class=\"col-lg-12\">\n<h5 class=\"card-title text-center\">Informaci\u00f3n General<\/h5>\n<p>El nuevo grabador de video en red\u00a0<strong>NVR5216-8P-I\/L<\/strong>\u00a0de Dahua ofrece un rendimiento excelente y una alta calidad de grabaci\u00f3n que es ideal para aplicaciones de videovigilancia IP. Este NVR adopta un potente procesador, que brinda la capacidad de procesamiento de resoluci\u00f3n 4K para aplicaciones donde los detalles de la imagen son muy necesarios. Adem\u00e1s, el NVR puede servir como almacenamiento de borde, almacenamiento central o almacenamiento de respaldo con un men\u00fa de operaci\u00f3n de acceso directo intuitivo para administraci\u00f3n y control remotos.<\/p>\n<p><img decoding=\"async\" class=\"overview-center-img-web\" src=\"https:\/\/tvc.mx\/media\/482884\/nvr-de-16-canales-4K-Wiizmind-reconocimiento-facial-smd-plus-NVR5216-8P-I-L-Dahua.png\" alt=\"\" \/><\/div>\n<\/div>\n<div class=\"row align-items-center padding-bottom-2x\">\n<div class=\"col-md-5\"><img decoding=\"async\" class=\"d-block m-auto img-thumbnail\" src=\"https:\/\/tvc.mx\/media\/482886\/SMD-plus-Dahua.png\" alt=\" \" \/><\/div>\n<div class=\"col-md-7 text-md-left text-center\">\n<h2>SMD Plus<\/h2>\n<p class=\"text-muted\">\n<p>Con un algoritmo inteligente, la tecnolog\u00eda de detecci\u00f3n de movimiento inteligente de Dahua puede categorizar los objetivos que activan la detecci\u00f3n de movimiento y filtrar la alarma de detecci\u00f3n de movimiento activada por objetivos no afectados para generar una alarma efectiva y precisa.<\/p>\n<p>&nbsp;<\/p>\n<\/div>\n<\/div>\n<hr class=\"padding-bottom-2x\" \/>\n<div class=\"row align-items-center padding-bottom-2x\">\n<div class=\"col-md-5 order-md-2\"><img decoding=\"async\" class=\"d-block m-auto img-thumbnail\" src=\"https:\/\/tvc.mx\/media\/482888\/proteccion-perimetral-dahua.png\" alt=\" \" \/><\/div>\n<div class=\"col-md-7 order-md-1 text-md-left text-center\">\n<h2>Protecci\u00f3n perimetral<\/h2>\n<p class=\"text-muted\">\n<p>Filtrado autom\u00e1tico de falsas alarmas causadas por animales, hojas susurrantes, luces brillantes, etc. Permite que el sistema act\u00fae como reconocimiento secundario de los objetivos. Mejora de la precisi\u00f3n de las alarmas.<\/p>\n<p>&nbsp;<\/p>\n<\/div>\n<\/div>\n<hr class=\"padding-bottom-2x\" \/>\n<div class=\"row align-items-center padding-bottom-2x\">\n<div class=\"col-md-5\"><img decoding=\"async\" class=\"d-block m-auto img-thumbnail\" src=\"https:\/\/tvc.mx\/media\/482890\/reconocimiento-facial-dahua.png\" alt=\" \" \/><\/div>\n<div class=\"col-md-7 text-md-left text-center\">\n<h2>Reconocimiento Facial<\/h2>\n<p class=\"text-muted\">\n<p>La tecnolog\u00eda Dahua Face Recognition extrae las caracter\u00edsticas de las caras capturadas y las compara con las de la base de datos de caras para reconocer la identidad de la persona.<\/p>\n<p>&nbsp;<\/p>\n<\/div>\n<\/div>\n<hr class=\"padding-bottom-2x\" \/>\n<div class=\"row align-items-center padding-bottom-2x\">\n<div class=\"col-md-5 order-md-2\"><img decoding=\"async\" class=\"d-block m-auto img-thumbnail\" src=\"https:\/\/tvc.mx\/media\/482892\/tabla-de-compayibilidad-de-HDD-para-equipo-dahua.png\" alt=\" \" \/><\/div>\n<div class=\"col-md-7 order-md-1 text-md-left text-center\">\n<h2>Tabla de compatibilidad HDD<\/h2>\n<p class=\"text-muted\">\n<p>El almacenamiento es parte fundamental de un sistema de videovigilancia por tal motivo te recomendamos revisar nuestra lista de compatibilidad antes de seleccionar un disco duro (HDD).<\/p>\n<p>https:\/\/foro.tvc.mx\/docs\/lista-compatibilidad-hdd<\/p>\n<p>&nbsp;<\/p>\n<\/div>\n<\/div>\n<hr class=\"padding-bottom-2x\" \/>\n<div class=\"row align-items-center padding-bottom-2x\">\n<div class=\"col-md-5\"><img decoding=\"async\" class=\"d-block m-auto img-thumbnail\" src=\"https:\/\/tvc.mx\/media\/482894\/nvr-de-16-canales-4K-Wiizmind-reconocimiento-facial-smd-plus-NVR5216-8P-I-L-Dahua-caracteristicas.png\" alt=\" \" \/><\/div>\n<div class=\"col-md-7 text-md-left text-center\">\n<h2>Principales Caracter\u00edsticas<\/h2>\n<p class=\"text-muted\">\n<ul>\n<li>H.265+ inteligente\/H.265\/H.264+ inteligente\/H.264\/MJPEG<\/li>\n<li>Metadatos de video de hasta 4 canales<\/li>\n<li>Protecci\u00f3n perimetral de hasta 12 canales<\/li>\n<li>SMD Plus<\/li>\n<li>Reconocimiento facial de transmisi\u00f3n de video de hasta 4 canales<\/li>\n<li>Procesamiento de hasta 16 im\u00e1genes de rostros por segundo<\/li>\n<li>Hasta 20 bases de datos de rostros con 200 000 im\u00e1genes de rostros en total<\/li>\n<li>1-8 puertos PoE admiten ePoE y EoC<\/li>\n<\/ul>\n<p>&nbsp;<\/p>\n<\/div>\n<\/div>\n<hr class=\"padding-bottom-2x\" \/>\n<div class=\"row align-items-center padding-bottom-2x\">\n<div class=\"col-md-5 order-md-2\"><img decoding=\"async\" class=\"d-block m-auto img-thumbnail\" src=\"https:\/\/tvc.mx\/media\/482896\/nvr-de-16-canales-4K-Wiizmind-reconocimiento-facial-smd-plus-NVR5216-8P-I-L-Dahua-especificaciones.png\" alt=\" \" \/><\/div>\n<div class=\"col-md-7 order-md-1 text-md-left text-center\">\n<h2>Especificaciones<\/h2>\n<p class=\"text-muted\">\n<ul>\n<li>Entrada de c\u00e1mara IP 16 canales<\/li>\n<li>Conversaci\u00f3n bidireccional Entrada de 1 canal, Salida de 1 canal, RCA<\/li>\n<li>Interfaz 1 HDMI, 1 VGA<\/li>\n<li>Compresi\u00f3n H.265+ inteligente\/H.265\/H.264+ inteligente\/H.264\/MJPEG<\/li>\n<li>12 canales, 10 reglas IVS para cada canal<\/li>\n<li>Procesamiento m\u00e1ximo de 16 im\u00e1genes de rostros\/seg (modelado y comparaci\u00f3n)<\/li>\n<li>Detecta rostros de extra\u00f1os (no en la base de datos de rostros del dispositivo). El umbral de similitud se puede configurar manualmente<\/li>\n<li>Rostro: G\u00e9nero, edad, anteojos, barba, cubrebocas, expresi\u00f3n<\/li>\n<li>B\u00fasqueda de IA: Se buscan hasta 8 im\u00e1genes de la cara del objetivo al mismo tiempo, se puede establecer un umbral de similitud para cada imagen de la cara del objetivo.<\/li>\n<li>N\u00ba de placa, tipo, color, tipo de veh\u00edculo, logotipo, color de la placa, adorno, llamada, cintur\u00f3n de seguridad, regi\u00f3n.<\/li>\n<li>2 puertos SATA III, hasta 10 TB para un solo HDD<\/li>\n<li>2 puertos USB (1 USB 3.0 trasero, 1 USB 2.0 frontal)<\/li>\n<li>RS232 1 puerto, para comunicaci\u00f3n con PC y teclado<\/li>\n<li>RS485 1 puerto, para control PTZ<\/li>\n<li>\u00a0100 V\u2013240 V, 50\u201360 Hz<\/li>\n<\/ul>\n<\/div>\n<\/div>\n","protected":false},"excerpt":{"rendered":"<p>Informaci\u00f3n General El nuevo grabador de video en red\u00a0NVR5216-8P-I\/L\u00a0de Dahua ofrece un rendimiento excelente y una alta calidad de grabaci\u00f3n que es ideal para aplicaciones de videovigilancia IP. Este NVR adopta un potente procesador, que brinda la capacidad de procesamiento de resoluci\u00f3n 4K para aplicaciones&hellip;<\/p>\n","protected":false},"featured_media":2402,"comment_status":"open","ping_status":"closed","template":"","meta":{"om_disable_all_campaigns":false,"_monsterinsights_skip_tracking":false,"_monsterinsights_sitenote_active":false,"_monsterinsights_sitenote_note":"","_monsterinsights_sitenote_category":0},"product_brand":[],"product_cat":[152],"product_tag":[66,58,150,151],"class_list":{"0":"post-2403","1":"product","2":"type-product","3":"status-publish","4":"has-post-thumbnail","6":"product_cat-nvrs-de-16-canales","7":"product_tag-dahua","8":"product_tag-dvr","9":"product_tag-nvr","10":"product_tag-seguridad","12":"first","13":"instock","14":"sale","15":"taxable","16":"shipping-taxable","17":"purchasable","18":"product-type-simple"},"aioseo_notices":[],"_links":{"self":[{"href":"https:\/\/tecsecmty.com\/index.php\/wp-json\/wp\/v2\/product\/2403","targetHints":{"allow":["GET"]}}],"collection":[{"href":"https:\/\/tecsecmty.com\/index.php\/wp-json\/wp\/v2\/product"}],"about":[{"href":"https:\/\/tecsecmty.com\/index.php\/wp-json\/wp\/v2\/types\/product"}],"replies":[{"embeddable":true,"href":"https:\/\/tecsecmty.com\/index.php\/wp-json\/wp\/v2\/comments?post=2403"}],"version-history":[{"count":0,"href":"https:\/\/tecsecmty.com\/index.php\/wp-json\/wp\/v2\/product\/2403\/revisions"}],"wp:featuredmedia":[{"embeddable":true,"href":"https:\/\/tecsecmty.com\/index.php\/wp-json\/wp\/v2\/media\/2402"}],"wp:attachment":[{"href":"https:\/\/tecsecmty.com\/index.php\/wp-json\/wp\/v2\/media?parent=2403"}],"wp:term":[{"taxonomy":"product_brand","embeddable":true,"href":"https:\/\/tecsecmty.com\/index.php\/wp-json\/wp\/v2\/product_brand?post=2403"},{"taxonomy":"product_cat","embeddable":true,"href":"https:\/\/tecsecmty.com\/index.php\/wp-json\/wp\/v2\/product_cat?post=2403"},{"taxonomy":"product_tag","embeddable":true,"href":"https:\/\/tecsecmty.com\/index.php\/wp-json\/wp\/v2\/product_tag?post=2403"}],"curies":[{"name":"wp","href":"https:\/\/api.w.org\/{rel}","templated":true}]}}