{"id":2419,"date":"2023-02-22T20:53:39","date_gmt":"2023-02-23T02:53:39","guid":{"rendered":"https:\/\/tecsecmty.com\/index.php\/producto\/dahua-dhi-nvr5432-4ks2-nvr-32-canales-ip-4k-resolucion-de-hasta-24-mp-h265-rendimiento-320-mbps-2-hdmi-4-puertos-sata-dewarping-es-alarmas-audio\/"},"modified":"2023-03-10T12:14:34","modified_gmt":"2023-03-10T18:14:34","slug":"dahua-dhi-nvr5432-4ks2-nvr-32-canales-ip-4k-resolucion-de-hasta-24-mp-h265-rendimiento-320-mbps-2-hdmi-4-puertos-sata-dewarping-es-alarmas-audio","status":"publish","type":"product","link":"https:\/\/tecsecmty.com\/index.php\/producto\/dahua-dhi-nvr5432-4ks2-nvr-32-canales-ip-4k-resolucion-de-hasta-24-mp-h265-rendimiento-320-mbps-2-hdmi-4-puertos-sata-dewarping-es-alarmas-audio\/","title":{"rendered":"DAHUA DHI-NVR5432-4KS2 -NVR 32 Canales IP 4K\/ Resoluci\u00f3n de hasta 24 MP\/ H265+\/ Rendimiento 320 Mbps\/ 2 HDMI\/ 4 Puertos SATA\/ DEWARPING\/ E&amp;S Alarmas\/Audio"},"content":{"rendered":"<div class=\"row aling-items-center padding-bottom-2x\">\n<div class=\"col-lg-12\">\n<h5 class=\"card-title text-center\">Informaci\u00f3n General<\/h5>\n<p>El NVR es compatible con numerosos dispositivos de terceros, lo que lo convierte en la soluci\u00f3n perfecta para los sistemas de vigilancia que funcionan independientemente del sistema de gesti\u00f3n de v\u00eddeo (VMS). Cuenta con una arquitectura abierta que admite el acceso de m\u00faltiples usuarios y es compatible con el protocolo ONVIF 2.4, lo que permite la interoperabilidad con c\u00e1maras 4K.<\/p>\n<p><img decoding=\"async\" class=\"overview-center-img-web\" src=\"https:\/\/tvc.mx\/media\/489956\/nvr-de-32-canales-4k-4-bajias-de-disco-duro-NVR5432-4KS2-Dahua.png\" alt=\"\" \/><\/div>\n<\/div>\n<div class=\"row align-items-center padding-bottom-2x\">\n<div class=\"col-md-5\"><img decoding=\"async\" class=\"d-block m-auto img-thumbnail\" src=\"https:\/\/tvc.mx\/media\/489958\/proteccion-perimetral-dahua.png\" alt=\" \" \/><\/div>\n<div class=\"col-md-7 text-md-left text-center\">\n<h2>Protecci\u00f3n perimetral por c\u00e1mara<\/h2>\n<p class=\"text-muted\">\n<p>Filtra autom\u00e1ticamente las falsas alarmas causadas por animales, susurros de hojas, luces brillantes y m\u00e1s. Permite que el sistema act\u00fae como reconocimiento secundario de los objetivos. Mejora de la precisi\u00f3n de la alarma.<\/p>\n<p>&nbsp;<\/p>\n<\/div>\n<\/div>\n<hr class=\"padding-bottom-2x\" \/>\n<div class=\"row align-items-center padding-bottom-2x\">\n<div class=\"col-md-5 order-md-2\"><img decoding=\"async\" class=\"d-block m-auto img-thumbnail\" src=\"https:\/\/tvc.mx\/media\/489960\/reconocimiento-facial-dahua.png\" alt=\" \" \/><\/div>\n<div class=\"col-md-7 order-md-1 text-md-left text-center\">\n<h2>Reconocimiento facial por c\u00e1mara<\/h2>\n<p class=\"text-muted\">\n<p>La tecnolog\u00eda de reconocimiento facial de Dahua extrae las caracter\u00edsticas de las caras capturadas y las compara con las de la base de datos de rostros para reconocer la identidad de la persona.<\/p>\n<p>&nbsp;<\/p>\n<\/div>\n<\/div>\n<hr class=\"padding-bottom-2x\" \/>\n<div class=\"row align-items-center padding-bottom-2x\">\n<div class=\"col-md-5\"><img decoding=\"async\" class=\"d-block m-auto img-thumbnail\" src=\"https:\/\/tvc.mx\/media\/489962\/SMD-plus-Dahua.png\" alt=\" \" \/><\/div>\n<div class=\"col-md-7 text-md-left text-center\">\n<h2>SMD Plus por c\u00e1mara<\/h2>\n<p class=\"text-muted\">\n<p>Con un algoritmo inteligente, la tecnolog\u00eda de detecci\u00f3n de movimiento inteligente de Dahua puede categorizar los objetivos que activan la detecci\u00f3n de movimiento y filtrar la alarma de detecci\u00f3n de movimiento activada por objetivos no interesados para realizar una alarma efectiva y precisa.<\/p>\n<p>&nbsp;<\/p>\n<\/div>\n<\/div>\n<hr class=\"padding-bottom-2x\" \/>\n<div class=\"row align-items-center padding-bottom-2x\">\n<div class=\"col-md-5 order-md-2\"><img decoding=\"async\" class=\"d-block m-auto img-thumbnail\" src=\"https:\/\/tvc.mx\/media\/489964\/tabla-de-compayibilidad-de-HDD-para-equipo-dahua.png\" alt=\" \" \/><\/div>\n<div class=\"col-md-7 order-md-1 text-md-left text-center\">\n<h2>Tabla de compatibilidad HDD<\/h2>\n<p class=\"text-muted\">\n<p>El almacenamiento es parte fundamental de un sistema de videovigilancia por tal motivo te recomendamos revisar nuestra lista de compatibilidad antes de seleccionar un disco duro (HDD).<\/p>\n<p>https:\/\/foro.tvc.mx\/docs\/lista-compatibilidad-hdd<\/p>\n<p>&nbsp;<\/p>\n<\/div>\n<\/div>\n<hr class=\"padding-bottom-2x\" \/>\n<div class=\"row align-items-center padding-bottom-2x\">\n<div class=\"col-md-5\"><img decoding=\"async\" class=\"d-block m-auto img-thumbnail\" src=\"https:\/\/tvc.mx\/media\/489972\/nvr-de-32-canales-4k-4-bajias-de-disco-duro-NVR5432-4KS2-Dahua-caracteristicas.png\" alt=\" \" \/><\/div>\n<div class=\"col-md-7 text-md-left text-center\">\n<h2>Principales Caracter\u00edsticas<\/h2>\n<p class=\"text-muted\">\n<ul>\n<li>Acceso a video IP de 32 canales<\/li>\n<li>Smart H.265 + \/ Smart H.264 + \/ H.265 \/ H.264 \/ MJPEG; Detector magn\u00e9tico H.265<\/li>\n<li>Ancho de banda entrante m\u00e1ximo de 320 Mbps<\/li>\n<li>Resoluci\u00f3n de hasta 24 MP para visualizaci\u00f3n y reproducci\u00f3n en vivo<\/li>\n<li>Dewarping de ojo de pez de 1 canal (AI por NVR)<\/li>\n<li>AI por c\u00e1mara: protecci\u00f3n perimetral; detecci\u00f3n y reconocimiento de rostros; SMD Plus; metadatos de video; ANPR; contando personas; estereoan\u00e1lisis; distribuci\u00f3n de masas; mapa de calor<\/li>\n<\/ul>\n<p>&nbsp;<\/p>\n<\/div>\n<\/div>\n<hr class=\"padding-bottom-2x\" \/>\n<div class=\"row align-items-center padding-bottom-2x\">\n<div class=\"col-md-5 order-md-2\"><img decoding=\"async\" class=\"d-block m-auto img-thumbnail\" src=\"https:\/\/tvc.mx\/media\/489974\/nvr-de-32-canales-4k-4-bajias-de-disco-duro-NVR5432-4KS2-Dahua-especificaciones.png\" alt=\" \" \/><\/div>\n<div class=\"col-md-7 order-md-1 text-md-left text-center\">\n<h2>Especificaciones<\/h2>\n<p class=\"text-muted\">\n<ul>\n<li>32\u00a0Canales &#8211; Audio de c\u00e1maras<\/li>\n<li>2\u00a0uds.\u00a0HDMI<\/li>\n<li>1\u00a0uds.\u00a0VGA<\/li>\n<li>M\u00e9todo de compresi\u00f3n de im\u00e1genes:H.265\u00a0\/\u00a0H.264\u00a0\/\u00a0MPEG-4\u00a0\/\u00a0MJPEG<\/li>\n<li>4\u00a0x 10\u00a0TB\u00a0SATA III\u00a0+ 1\u00a0eSATA<\/li>\n<li>B\u00fasqueda de grabaciones por tiempo y tipo de eventos. Reproducci\u00f3n: hacia adelante, hacia atr\u00e1s, modo r\u00e1pido, modo lento<\/li>\n<li>B\u00fasqueda avanzada (con la precisi\u00f3n de un segundo)<\/li>\n<li>Reproducci\u00f3n sincr\u00f3nica de todos los canales, funci\u00f3n Smart Search<\/li>\n<li>Entradas \/ salidas de alarma:16\u00a0uds. \/ 6\u00a0uds. &#8211; Salida de rel\u00e9<\/li>\n<li>Fuente de alimentaci\u00f3n Sencillo, 100 V a 240 V CA, 50 Hz a 60 Hz<\/li>\n<\/ul>\n<\/div>\n<\/div>\n","protected":false},"excerpt":{"rendered":"<p>Informaci\u00f3n General El NVR es compatible con numerosos dispositivos de terceros, lo que lo convierte en la soluci\u00f3n perfecta para los sistemas de vigilancia que funcionan independientemente del sistema de gesti\u00f3n de v\u00eddeo (VMS). Cuenta con una arquitectura abierta que admite el acceso de m\u00faltiples&hellip;<\/p>\n","protected":false},"featured_media":2418,"comment_status":"open","ping_status":"closed","template":"","meta":{"om_disable_all_campaigns":false,"_monsterinsights_skip_tracking":false,"_monsterinsights_sitenote_active":false,"_monsterinsights_sitenote_note":"","_monsterinsights_sitenote_category":0},"product_brand":[],"product_cat":[153],"product_tag":[66,58,150,151],"class_list":{"0":"post-2419","1":"product","2":"type-product","3":"status-publish","4":"has-post-thumbnail","6":"product_cat-nvrs-de-32-canales","7":"product_tag-dahua","8":"product_tag-dvr","9":"product_tag-nvr","10":"product_tag-seguridad","12":"first","13":"instock","14":"sale","15":"taxable","16":"shipping-taxable","17":"purchasable","18":"product-type-simple"},"aioseo_notices":[],"_links":{"self":[{"href":"https:\/\/tecsecmty.com\/index.php\/wp-json\/wp\/v2\/product\/2419","targetHints":{"allow":["GET"]}}],"collection":[{"href":"https:\/\/tecsecmty.com\/index.php\/wp-json\/wp\/v2\/product"}],"about":[{"href":"https:\/\/tecsecmty.com\/index.php\/wp-json\/wp\/v2\/types\/product"}],"replies":[{"embeddable":true,"href":"https:\/\/tecsecmty.com\/index.php\/wp-json\/wp\/v2\/comments?post=2419"}],"version-history":[{"count":0,"href":"https:\/\/tecsecmty.com\/index.php\/wp-json\/wp\/v2\/product\/2419\/revisions"}],"wp:featuredmedia":[{"embeddable":true,"href":"https:\/\/tecsecmty.com\/index.php\/wp-json\/wp\/v2\/media\/2418"}],"wp:attachment":[{"href":"https:\/\/tecsecmty.com\/index.php\/wp-json\/wp\/v2\/media?parent=2419"}],"wp:term":[{"taxonomy":"product_brand","embeddable":true,"href":"https:\/\/tecsecmty.com\/index.php\/wp-json\/wp\/v2\/product_brand?post=2419"},{"taxonomy":"product_cat","embeddable":true,"href":"https:\/\/tecsecmty.com\/index.php\/wp-json\/wp\/v2\/product_cat?post=2419"},{"taxonomy":"product_tag","embeddable":true,"href":"https:\/\/tecsecmty.com\/index.php\/wp-json\/wp\/v2\/product_tag?post=2419"}],"curies":[{"name":"wp","href":"https:\/\/api.w.org\/{rel}","templated":true}]}}