{"id":2474,"date":"2023-02-22T21:08:04","date_gmt":"2023-02-23T03:08:04","guid":{"rendered":"https:\/\/tecsecmty.com\/index.php\/producto\/dahua-mlcdf7-t-monitor-led-de-7-pulgadas-para-grabadores-moviles-pantalla-multitouch-lonuevo\/"},"modified":"2023-03-22T23:22:58","modified_gmt":"2023-03-23T05:22:58","slug":"dahua-mlcdf7-t-monitor-led-de-7-pulgadas-para-grabadores-moviles-pantalla-multitouch-lonuevo","status":"publish","type":"product","link":"https:\/\/tecsecmty.com\/index.php\/producto\/dahua-mlcdf7-t-monitor-led-de-7-pulgadas-para-grabadores-moviles-pantalla-multitouch-lonuevo\/","title":{"rendered":"DAHUA MLCDF7-T &#8211; Monitor Led de 7 Pulgadas para Grabadores Moviles\/ Pantalla Multitouch\/ #LoNuevo"},"content":{"rendered":"<div class=\"row aling-items-center padding-bottom-2x\">\n<div class=\"col-lg-12\">\n<h5 class=\"card-title text-center\">Informaci\u00f3n General<\/h5>\n<p>El monitor Dahua\u00a0<strong>MLCDF7-T<\/strong>\u00a0es especial para DVR movil.Puede admitir la grabaci\u00f3n en tiempo real de alta definici\u00f3n, el seguimiento y monitoreo de la ubicaci\u00f3n del veh\u00edculo en tiempo real y la detecci\u00f3n de rostros.<\/p>\n<p><img decoding=\"async\" class=\"overview-center-img-web\" src=\"https:\/\/tvc.mx\/media\/488078\/Monitor-7-pulgadas-especial-para-DVR-DHI-MLCDF7-T-Dahua-pp.png\" alt=\"\" \/><\/div>\n<\/div>\n<div class=\"row align-items-center padding-bottom-2x\">\n<div class=\"col-md-5\"><img decoding=\"async\" class=\"d-block m-auto img-thumbnail\" src=\"https:\/\/tvc.mx\/media\/488080\/LCD.png\" alt=\" \" \/><\/div>\n<div class=\"col-md-7 text-md-left text-center\">\n<h2>Pantalla LCD<\/h2>\n<p class=\"text-muted\">\n<p>Una\u00a0pantalla de cristal l\u00edquido\u00a0o\u00a0LCD\u00a0(\u00a0<em>liquid-crystal display<\/em>) es una pantalla delgada y plana formada por un n\u00famero de\u00a0p\u00edxeles\u00a0en color o monocromos colocados delante de una fuente de luz o reflectora.<\/p>\n<p>A menudo se utiliza en dispositivos electr\u00f3nicos como lo es el monitor\u00a0MLCDF7E\u00a0Dahua, que es utilizado en conjunto de los NVR movil para monitoreo y vigilancia.<\/p>\n<p>&nbsp;<\/p>\n<\/div>\n<\/div>\n<hr class=\"padding-bottom-2x\" \/>\n<div class=\"row align-items-center padding-bottom-2x\">\n<div class=\"col-md-5 order-md-2\"><img decoding=\"async\" class=\"d-block m-auto img-thumbnail\" src=\"https:\/\/tvc.mx\/media\/488082\/400x300.png\" alt=\" \" \/><\/div>\n<div class=\"col-md-7 order-md-1 text-md-left text-center\">\n<h2>Conector M12<\/h2>\n<p class=\"text-muted\">\n<p>Los conectores M12 son una opci\u00f3n de terminaci\u00f3n de cable redondo que se utiliza para conectar la detecci\u00f3n, el accionamiento y otros componentes a los controles y otros sistemas de la maquinaria automatizada. Las geometr\u00edas exactas y la disposici\u00f3n de los conductores de los conectores M12 a menudo en los extremos de los cables con cubierta de PUR o PVC\u00a0ideales para ser las conexiones de los NVR al monitor\u00a0<strong>MLCDF7-T\u00a0<\/strong>Dahua.<\/p>\n<p>&nbsp;<\/p>\n<\/div>\n<\/div>\n<hr class=\"padding-bottom-2x\" \/>\n<div class=\"row align-items-center padding-bottom-2x\">\n<div class=\"col-md-5\"><img decoding=\"async\" class=\"d-block m-auto img-thumbnail\" src=\"https:\/\/tvc.mx\/media\/488084\/Monitor-7-pulgadas-especial-para-DVR-DHI-MLCDF7-T-Dahua-caracteristicas.png\" alt=\" \" \/><\/div>\n<div class=\"col-md-7 text-md-left text-center\">\n<h2>Principales Caracter\u00edsticas<\/h2>\n<p class=\"text-muted\">\n<ul>\n<li>Multitouch para control y control de botones.<\/li>\n<li>Auxiliar con cables de extensi\u00f3n de 5m<\/li>\n<li>Pantalla capacitiva, 10 puntos t\u00e1ctiles para controlar. Diapositivas de gestos de mano.<\/li>\n<\/ul>\n<p>&nbsp;<\/p>\n<\/div>\n<\/div>\n<hr class=\"padding-bottom-2x\" \/>\n<div class=\"row align-items-center padding-bottom-2x\">\n<div class=\"col-md-5 order-md-2\"><img decoding=\"async\" class=\"d-block m-auto img-thumbnail\" src=\"https:\/\/tvc.mx\/media\/488086\/Monitor-7-pulgadas-especial-para-DVR-DHI-MLCDF7-T-Dahua-especificaciones.png\" alt=\" \" \/><\/div>\n<div class=\"col-md-7 order-md-1 text-md-left text-center\">\n<h2>Especificaciones<\/h2>\n<p class=\"text-muted\">\n<ul>\n<li>LCD TFT de 7 pulgadas<\/li>\n<li>Brillo 400 cd\/m\u00b2<\/li>\n<li>Relaci\u00f3n de contraste 500:1<\/li>\n<li>Tiempo de respuesta 15 ms<\/li>\n<li>Resoluci\u00f3n 1024*600<\/li>\n<li>Entrada de video VGA<\/li>\n<li>Multitouch para controlar, bot\u00f3n de control.<\/li>\n<li>Pantalla capacitiva, 10 puntos t\u00e1ctiles para control. Diapositivas de gestos manuales, acercar\/alejar<\/li>\n<li>Entrada de audio de 1 canal (5Vpp) Salida de altavoz (8\u03a9 1W)<\/li>\n<li>Voltaje CC 12V\u00b110%<\/li>\n<li>Dimensiones de la pantalla (mm) 181,4 mm \u00d7 121,6 mm \u00d7 27,7 mm<\/li>\n<\/ul>\n<\/div>\n<\/div>\n","protected":false},"excerpt":{"rendered":"<p>Informaci\u00f3n General El monitor Dahua\u00a0MLCDF7-T\u00a0es especial para DVR movil.Puede admitir la grabaci\u00f3n en tiempo real de alta definici\u00f3n, el seguimiento y monitoreo de la ubicaci\u00f3n del veh\u00edculo en tiempo real y la detecci\u00f3n de rostros. Pantalla LCD Una\u00a0pantalla de cristal l\u00edquido\u00a0o\u00a0LCD\u00a0(\u00a0liquid-crystal display) es una pantalla&hellip;<\/p>\n","protected":false},"featured_media":2473,"comment_status":"open","ping_status":"closed","template":"","meta":{"om_disable_all_campaigns":false,"_monsterinsights_skip_tracking":false,"_monsterinsights_sitenote_active":false,"_monsterinsights_sitenote_note":"","_monsterinsights_sitenote_category":0},"product_brand":[],"product_cat":[157],"product_tag":[159,62,158],"class_list":{"0":"post-2474","1":"product","2":"type-product","3":"status-publish","4":"has-post-thumbnail","6":"product_cat-accesorios","7":"product_tag-camara-camion","8":"product_tag-camara-movil","9":"product_tag-camara-transporte","11":"first","12":"instock","13":"sale","14":"taxable","15":"shipping-taxable","16":"purchasable","17":"product-type-simple"},"aioseo_notices":[],"_links":{"self":[{"href":"https:\/\/tecsecmty.com\/index.php\/wp-json\/wp\/v2\/product\/2474","targetHints":{"allow":["GET"]}}],"collection":[{"href":"https:\/\/tecsecmty.com\/index.php\/wp-json\/wp\/v2\/product"}],"about":[{"href":"https:\/\/tecsecmty.com\/index.php\/wp-json\/wp\/v2\/types\/product"}],"replies":[{"embeddable":true,"href":"https:\/\/tecsecmty.com\/index.php\/wp-json\/wp\/v2\/comments?post=2474"}],"version-history":[{"count":0,"href":"https:\/\/tecsecmty.com\/index.php\/wp-json\/wp\/v2\/product\/2474\/revisions"}],"wp:featuredmedia":[{"embeddable":true,"href":"https:\/\/tecsecmty.com\/index.php\/wp-json\/wp\/v2\/media\/2473"}],"wp:attachment":[{"href":"https:\/\/tecsecmty.com\/index.php\/wp-json\/wp\/v2\/media?parent=2474"}],"wp:term":[{"taxonomy":"product_brand","embeddable":true,"href":"https:\/\/tecsecmty.com\/index.php\/wp-json\/wp\/v2\/product_brand?post=2474"},{"taxonomy":"product_cat","embeddable":true,"href":"https:\/\/tecsecmty.com\/index.php\/wp-json\/wp\/v2\/product_cat?post=2474"},{"taxonomy":"product_tag","embeddable":true,"href":"https:\/\/tecsecmty.com\/index.php\/wp-json\/wp\/v2\/product_tag?post=2474"}],"curies":[{"name":"wp","href":"https:\/\/api.w.org\/{rel}","templated":true}]}}