{"id":2516,"date":"2023-02-22T21:08:58","date_gmt":"2023-02-23T03:08:58","guid":{"rendered":"https:\/\/tecsecmty.com\/index.php\/producto\/dahua-dhi-mxvr1004-gci-dvr-movil-de-4-canales-con-inteligencia-artificial-1080p-h-265-soporta-2-tarjetas-sd-soporta-dsm-adas-bsd-1-salida-de-video-audio-2-vias-6-entradas-de-alarma-1-salida\/"},"modified":"2023-03-22T23:22:35","modified_gmt":"2023-03-23T05:22:35","slug":"dahua-dhi-mxvr1004-gci-dvr-movil-de-4-canales-con-inteligencia-artificial-1080p-h-265-soporta-2-tarjetas-sd-soporta-dsm-adas-bsd-1-salida-de-video-audio-2-vias-6-entradas-de-alarma-1-salida","status":"publish","type":"product","link":"https:\/\/tecsecmty.com\/index.php\/producto\/dahua-dhi-mxvr1004-gci-dvr-movil-de-4-canales-con-inteligencia-artificial-1080p-h-265-soporta-2-tarjetas-sd-soporta-dsm-adas-bsd-1-salida-de-video-audio-2-vias-6-entradas-de-alarma-1-salida\/","title":{"rendered":"DAHUA DHI-MXVR1004-GCI &#8211; DVR Movil de 4 Canales con Inteligencia Artificial 1080p\/ H.265\/ Soporta 2 Tarjetas SD\/ Soporta DSM\/ADAS\/BSD\/ 1 Salida de Video\/ Audio 2 Vias\/ 6 Entradas de Alarma\/ 1 Salida\/ #LoNuevo"},"content":{"rendered":"<div class=\"row aling-items-center padding-bottom-2x\">\n<div class=\"col-lg-12\">\n<h5 class=\"card-title text-center\">Informaci\u00f3n General<\/h5>\n<p>La nueva generaci\u00f3n de grabadoras de video m\u00f3viles, utiliza tecnolog\u00eda H.265 y las ventajas son reducir el ancho de banda de transmisi\u00f3n y ahorrar almacenamiento. Puede admitir grabaci\u00f3n en tiempo real de alta definici\u00f3n 1080P, veh\u00edculo en tiempo real seguimiento y monitoreo de ubicaci\u00f3n y detecci\u00f3n de rostros. Toda la informaci\u00f3n, como GPS y video, se puede cargar de forma inal\u00e1mbrica.<\/p>\n<p><img decoding=\"async\" class=\"overview-center-img-web\" src=\"https:\/\/tvc.mx\/media\/668717\/dvr-movil-4-canales-con-inteligencia-artificial-1080p-MXVR1004-GCI-Dahua.png\" alt=\"\" \/><\/div>\n<\/div>\n<div class=\"row align-items-center padding-bottom-2x\">\n<div class=\"col-md-5 order-md-2\"><img decoding=\"async\" class=\"d-block m-auto img-thumbnail\" src=\"https:\/\/tvc.mx\/media\/488848\/antivibracion-dahua.png\" alt=\" \" \/><\/div>\n<div class=\"col-md-7 order-md-1 text-md-left text-center\">\n<h2>Anti-vibraci\u00f3n<\/h2>\n<p class=\"text-muted\">\n<p>Utilizando material y estructura amortiguadores, la nueva caja de disco duro dise\u00f1ada puede hacer frente a diversos grados de vibraci\u00f3n, manteniendo el sistema funcionando normalmente todo el tiempo.<\/p>\n<p>&nbsp;<\/p>\n<\/div>\n<\/div>\n<hr class=\"padding-bottom-2x\" \/>\n<div class=\"row align-items-center padding-bottom-2x\">\n<div class=\"col-md-5\"><img decoding=\"async\" class=\"d-block m-auto img-thumbnail\" src=\"https:\/\/tvc.mx\/media\/488850\/reconocimiento-wifi.png\" alt=\" \" \/><\/div>\n<div class=\"col-md-7 text-md-left text-center\">\n<h2>3G<\/h2>\n<p class=\"text-muted\">\n<p>Integrado con el m\u00f3dulo 3G, el dispositivo puede registrarse en una red p\u00fablica para conectarse con VMS y puede enviar toda la informaci\u00f3n (video\/audio\/alarma\/gps) a trav\u00e9s de la red inal\u00e1mbrica.<\/p>\n<p>&nbsp;<\/p>\n<\/div>\n<\/div>\n<hr class=\"padding-bottom-2x\" \/>\n<div class=\"row align-items-center padding-bottom-2x\">\n<div class=\"col-md-5 order-md-2\"><img decoding=\"async\" class=\"d-block m-auto img-thumbnail\" src=\"https:\/\/tvc.mx\/media\/488852\/GPS-Dahua.png\" alt=\" \" \/><\/div>\n<div class=\"col-md-7 order-md-1 text-md-left text-center\">\n<h2>GPS<\/h2>\n<p class=\"text-muted\">\n<p>El m\u00f3dulo GPS integrado puede recibir informaci\u00f3n de ubicaci\u00f3n y cargarla en VMS. Incluso cuando el dispositivo est\u00e1 fuera de l\u00ednea, puede cargar la informaci\u00f3n despu\u00e9s de que est\u00e9 en l\u00ednea nuevamente y se puede rastrear el veh\u00edculo en el mapa el\u00e9ctrico de VMS.<\/p>\n<p>&nbsp;<\/p>\n<\/div>\n<\/div>\n<hr class=\"padding-bottom-2x\" \/>\n<div class=\"row align-items-center padding-bottom-2x\">\n<div class=\"col-md-5 order-md-2\"><img decoding=\"async\" class=\"d-block m-auto img-thumbnail\" src=\"https:\/\/tvc.mx\/media\/695432\/DAHUA-DHI-MXVR1004-GCI--DVR-Movil--4-Canales-inteligencia-Artificial-1080pbanner.png\" alt=\" \" \/><\/div>\n<div class=\"col-md-7 order-md-1 text-md-left text-center\">\n<h2>Incluye:<\/h2>\n<p class=\"text-muted\">\n<ul>\n<li>Grabador<\/li>\n<li>Conexi\u00f3n para fuente de alimentaci\u00f3n<\/li>\n<li>cables de entrada y salida de alarma<\/li>\n<li>Antena GPS<\/li>\n<li>Antena 3G\/4G<\/li>\n<li>Cinchos<\/li>\n<li>Tornillos de instalaci\u00f3n<\/li>\n<li>Llave para abrir carcasa<\/li>\n<li>Documentos<\/li>\n<\/ul>\n<p>&nbsp;<\/p>\n<\/div>\n<\/div>\n<hr class=\"padding-bottom-2x\" \/>\n<div class=\"row align-items-center padding-bottom-2x\">\n<div class=\"col-md-5\"><img decoding=\"async\" class=\"d-block m-auto img-thumbnail\" src=\"https:\/\/tvc.mx\/media\/493254\/dvr-movil-4-canales-con-inteligencia-artificial-1080p-MXVR1004-GCI-Dahua-caracteristicas.png\" alt=\" \" \/><\/div>\n<div class=\"col-md-7 text-md-left text-center\">\n<h2>Principales Caracter\u00edsticas<\/h2>\n<p class=\"text-muted\">\n<ul>\n<li>Admite entrada de video penta-brid (HDCVI\/AHD\/TVI\/CVBS\/IP)<\/li>\n<li>Compatibilidad con compresi\u00f3n de v\u00eddeo H.265\/inteligente H.265<\/li>\n<li>Admite vista previa de 4 canales 1080P<\/li>\n<li>Admite 2 tarjetas SD<\/li>\n<li>Admite detecci\u00f3n de rostros<\/li>\n<li>Conectores de aviaci\u00f3n adoptados<\/li>\n<li>Supervisi\u00f3n m\u00faltiple: visor web, CMS (DSS) y DMSS<\/li>\n<\/ul>\n<p>&nbsp;<\/p>\n<\/div>\n<\/div>\n<hr class=\"padding-bottom-2x\" \/>\n<div class=\"row align-items-center padding-bottom-2x\">\n<div class=\"col-md-5 order-md-2\"><img decoding=\"async\" class=\"d-block m-auto img-thumbnail\" src=\"https:\/\/tvc.mx\/media\/493256\/dvr-movil-4-canales-con-inteligencia-artificial-1080p-MXVR1004-GCI-Dahua-especificaciones.png\" alt=\" \" \/><\/div>\n<div class=\"col-md-7 order-md-1 text-md-left text-center\">\n<h2>Especificaciones<\/h2>\n<p class=\"text-muted\">\n<ul>\n<li>4 canales HDCVI\/AHD\/TVI\/CVBS(No es compatible con la entrada de audio cuando se conectan c\u00e1maras AHD\/TVI\/CVBS) + 1 canal 4MP IPC<\/li>\n<li>Interfaz 2 TV (1 conector de aviaci\u00f3n)<\/li>\n<li>Compresi\u00f3n de video H.265\/inteligente H.265 \/H.264\/inteligente H.264<\/li>\n<li>Entrada de alarma: 7 canales, Alarma 1-Alarma 6 son las entradas de alarma local. La alarma 7 es la entrada de pulso<\/li>\n<li>Salida de alarma: 2 canales, 1 salida de rel\u00e9, 1 salida de 12 V controlable<\/li>\n<li>2 tarjetas SD, hasta 256 GB cada una<\/li>\n<li>M\u00f3dulo 3G\/4G\/<\/li>\n<li>M\u00f3dulo GPS integrado de alta precisi\u00f3n<\/li>\n<li>2 USB 2.0<\/li>\n<li>Fuente de alimentaci\u00f3n CC 6 V ~ 36 V<\/li>\n<\/ul>\n<\/div>\n<\/div>\n","protected":false},"excerpt":{"rendered":"<p>Informaci\u00f3n General La nueva generaci\u00f3n de grabadoras de video m\u00f3viles, utiliza tecnolog\u00eda H.265 y las ventajas son reducir el ancho de banda de transmisi\u00f3n y ahorrar almacenamiento. Puede admitir grabaci\u00f3n en tiempo real de alta definici\u00f3n 1080P, veh\u00edculo en tiempo real seguimiento y monitoreo de&hellip;<\/p>\n","protected":false},"featured_media":2515,"comment_status":"open","ping_status":"closed","template":"","meta":{"om_disable_all_campaigns":false,"_monsterinsights_skip_tracking":false,"_monsterinsights_sitenote_active":false,"_monsterinsights_sitenote_note":"","_monsterinsights_sitenote_category":0},"product_brand":[],"product_cat":[161],"product_tag":[159,62,158],"class_list":{"0":"post-2516","1":"product","2":"type-product","3":"status-publish","4":"has-post-thumbnail","6":"product_cat-dvrs-y-nvrs-moviles","7":"product_tag-camara-camion","8":"product_tag-camara-movil","9":"product_tag-camara-transporte","11":"first","12":"instock","13":"sale","14":"taxable","15":"shipping-taxable","16":"purchasable","17":"product-type-simple"},"aioseo_notices":[],"_links":{"self":[{"href":"https:\/\/tecsecmty.com\/index.php\/wp-json\/wp\/v2\/product\/2516","targetHints":{"allow":["GET"]}}],"collection":[{"href":"https:\/\/tecsecmty.com\/index.php\/wp-json\/wp\/v2\/product"}],"about":[{"href":"https:\/\/tecsecmty.com\/index.php\/wp-json\/wp\/v2\/types\/product"}],"replies":[{"embeddable":true,"href":"https:\/\/tecsecmty.com\/index.php\/wp-json\/wp\/v2\/comments?post=2516"}],"version-history":[{"count":0,"href":"https:\/\/tecsecmty.com\/index.php\/wp-json\/wp\/v2\/product\/2516\/revisions"}],"wp:featuredmedia":[{"embeddable":true,"href":"https:\/\/tecsecmty.com\/index.php\/wp-json\/wp\/v2\/media\/2515"}],"wp:attachment":[{"href":"https:\/\/tecsecmty.com\/index.php\/wp-json\/wp\/v2\/media?parent=2516"}],"wp:term":[{"taxonomy":"product_brand","embeddable":true,"href":"https:\/\/tecsecmty.com\/index.php\/wp-json\/wp\/v2\/product_brand?post=2516"},{"taxonomy":"product_cat","embeddable":true,"href":"https:\/\/tecsecmty.com\/index.php\/wp-json\/wp\/v2\/product_cat?post=2516"},{"taxonomy":"product_tag","embeddable":true,"href":"https:\/\/tecsecmty.com\/index.php\/wp-json\/wp\/v2\/product_tag?post=2516"}],"curies":[{"name":"wp","href":"https:\/\/api.w.org\/{rel}","templated":true}]}}