{"id":2534,"date":"2023-02-22T21:09:16","date_gmt":"2023-02-23T03:09:16","guid":{"rendered":"https:\/\/tecsecmty.com\/index.php\/producto\/dahua-eec300d8-n1-estacion-de-recoleccion-de-datos-y-carga-para-mpt220-y-mpt210-8-bases-para-conectar-dispositivos-por-usb-cerradura-electronica-para-cada-base-cerradura-mecanica-ancho-de-banda\/"},"modified":"2023-03-22T23:22:37","modified_gmt":"2023-03-23T05:22:37","slug":"dahua-eec300d8-n1-estacion-de-recoleccion-de-datos-y-carga-para-mpt220-y-mpt210-8-bases-para-conectar-dispositivos-por-usb-cerradura-electronica-para-cada-base-cerradura-mecanica-ancho-de-banda","status":"publish","type":"product","link":"https:\/\/tecsecmty.com\/index.php\/producto\/dahua-eec300d8-n1-estacion-de-recoleccion-de-datos-y-carga-para-mpt220-y-mpt210-8-bases-para-conectar-dispositivos-por-usb-cerradura-electronica-para-cada-base-cerradura-mecanica-ancho-de-banda\/","title":{"rendered":"DAHUA EEC300D8-N1 &#8211; Estaci\u00f3n de Recolecci\u00f3n de Datos y Carga para MPT220 y MPT210\/ 8 Bases para Conectar Dispositivos por USB\/ Cerradura Electronica para Cada Base\/ Cerradura Mecanica\/ Ancho de Banda de 128 Mbps para Descarga\/ Indicadores Led\/ #LoNuevo"},"content":{"rendered":"<div class=\"row aling-items-center padding-bottom-2x\">\n<div class=\"col-lg-12\">\n<h5 class=\"card-title text-center\">Informaci\u00f3n General<\/h5>\n<p>La estaci\u00f3n de recopilaci\u00f3n de datos de Dahua es un sistema de recopilaci\u00f3n de datos que se compone de un m\u00f3dulo de control y un m\u00f3dulo de recopilaci\u00f3n de datos, y puede cargar, identificar y autenticar autom\u00e1ticamente terminales m\u00f3viles port\u00e1tiles (MPT).<\/p>\n<p>Recopila autom\u00e1ticamente evidencias digitales (como videos, audios y fotos) de MPT, marca archivos importantes, busca y reproduce los archivos de grabaci\u00f3n a trav\u00e9s de la pantalla local o el cliente web.<\/p>\n<p><img decoding=\"async\" class=\"overview-center-img-web\" src=\"https:\/\/tvc.mx\/media\/470316\/estacion-de-base-para-carga-y-recoleccion-de-datos-EEC300D8-N1-Dahua.png\" alt=\"\" \/><\/div>\n<\/div>\n<div class=\"row align-items-center padding-bottom-2x\">\n<div class=\"col-md-5 order-md-2\"><img decoding=\"async\" class=\"d-block m-auto img-thumbnail\" src=\"https:\/\/tvc.mx\/media\/470318\/ciber-seguridad-dahua.png\" alt=\" \" \/><\/div>\n<div class=\"col-md-7 order-md-1 text-md-left text-center\">\n<h2>Gesti\u00f3n de seguridad<\/h2>\n<p class=\"text-muted\">\n<p>Dise\u00f1o de bloqueo electr\u00f3nico para el muelle en la estaci\u00f3n de recopilaci\u00f3n de datos: cada muelle se puede desbloquear usando la cara, la huella digital y la contrase\u00f1a a trav\u00e9s del m\u00f3dulo de control. Tambi\u00e9n admite un toque para desbloquear todos los muelles.<\/p>\n<p>&nbsp;<\/p>\n<\/div>\n<\/div>\n<hr class=\"padding-bottom-2x\" \/>\n<div class=\"row align-items-center padding-bottom-2x\">\n<div class=\"col-md-5\"><img decoding=\"async\" class=\"d-block m-auto img-thumbnail\" src=\"https:\/\/tvc.mx\/media\/470320\/instalcion-sencilla-HTI-UC320-dahua.png\" alt=\" \" \/><\/div>\n<div class=\"col-md-7 text-md-left text-center\">\n<h2>F\u00e1cil instalaci\u00f3n<\/h2>\n<p class=\"text-muted\">\n<p>Presenta un dise\u00f1o dividido montado en la pared con M\u00f3dulo de Control y M\u00f3dulo de Recolecci\u00f3n de Datos que se pueden instalar y quitar por separado. Soporte para instalar en la pared y soporte m\u00f3vil, flexible para usar.<\/p>\n<p>&nbsp;<\/p>\n<\/div>\n<\/div>\n<hr class=\"padding-bottom-2x\" \/>\n<div class=\"row align-items-center padding-bottom-2x\">\n<div class=\"col-md-5 order-md-2\"><img decoding=\"async\" class=\"d-block m-auto img-thumbnail\" src=\"https:\/\/tvc.mx\/media\/470322\/estacion-de-base-para-carga-y-recoleccion-de-datos-EEC300D8-N1-Dahua-caracteristicas.png\" alt=\" \" \/><\/div>\n<div class=\"col-md-7 order-md-1 text-md-left text-center\">\n<h2>Principales Caracter\u00edsticas<\/h2>\n<p class=\"text-muted\">\n<ul>\n<li>Cada EEC300D8-N1 contiene 8 bases que pueden conectar la c\u00e1mara corporal MPT210 y MPT220.<\/li>\n<li>Cada base contiene un cable con interfaz micro USB 2.0.<\/li>\n<li>Dise\u00f1o de cerradura electr\u00f3nica para cada base que solo puede ser desbloqueada por un usuario autorizado.<\/li>\n<li>Cerradura mec\u00e1nica en la parte inferior que se puede utilizar para desbloquear muelles.<\/li>\n<li>Los muelles en la primera fila se pueden configurar para tener una velocidad de descarga m\u00e1s r\u00e1pida que otros cuando EEC300 conecta m\u00e1s de un EEC300D8-N1.<\/li>\n<li>Ancho de banda total de hasta 128 MB\/s para la recopilaci\u00f3n de datos.<\/li>\n<li>Dos indicadores LED en cada puerto que sol\u00edan mostrar el estado de carga y el estado de recopilaci\u00f3n de datos.<\/li>\n<li>EEC300D8-N1 debe conectarse a un m\u00f3dulo de control EEC300, no puede funcionar por separado.<\/li>\n<\/ul>\n<\/div>\n<\/div>\n","protected":false},"excerpt":{"rendered":"<p>Informaci\u00f3n General La estaci\u00f3n de recopilaci\u00f3n de datos de Dahua es un sistema de recopilaci\u00f3n de datos que se compone de un m\u00f3dulo de control y un m\u00f3dulo de recopilaci\u00f3n de datos, y puede cargar, identificar y autenticar autom\u00e1ticamente terminales m\u00f3viles port\u00e1tiles (MPT). Recopila autom\u00e1ticamente&hellip;<\/p>\n","protected":false},"featured_media":2533,"comment_status":"open","ping_status":"closed","template":"","meta":{"om_disable_all_campaigns":false,"_monsterinsights_skip_tracking":false,"_monsterinsights_sitenote_active":false,"_monsterinsights_sitenote_note":"","_monsterinsights_sitenote_category":0},"product_brand":[],"product_cat":[162],"product_tag":[159,62,158],"class_list":{"0":"post-2534","1":"product","2":"type-product","3":"status-publish","4":"has-post-thumbnail","6":"product_cat-portatiles","7":"product_tag-camara-camion","8":"product_tag-camara-movil","9":"product_tag-camara-transporte","11":"first","12":"instock","13":"sale","14":"taxable","15":"shipping-taxable","16":"purchasable","17":"product-type-simple"},"aioseo_notices":[],"_links":{"self":[{"href":"https:\/\/tecsecmty.com\/index.php\/wp-json\/wp\/v2\/product\/2534","targetHints":{"allow":["GET"]}}],"collection":[{"href":"https:\/\/tecsecmty.com\/index.php\/wp-json\/wp\/v2\/product"}],"about":[{"href":"https:\/\/tecsecmty.com\/index.php\/wp-json\/wp\/v2\/types\/product"}],"replies":[{"embeddable":true,"href":"https:\/\/tecsecmty.com\/index.php\/wp-json\/wp\/v2\/comments?post=2534"}],"version-history":[{"count":0,"href":"https:\/\/tecsecmty.com\/index.php\/wp-json\/wp\/v2\/product\/2534\/revisions"}],"wp:featuredmedia":[{"embeddable":true,"href":"https:\/\/tecsecmty.com\/index.php\/wp-json\/wp\/v2\/media\/2533"}],"wp:attachment":[{"href":"https:\/\/tecsecmty.com\/index.php\/wp-json\/wp\/v2\/media?parent=2534"}],"wp:term":[{"taxonomy":"product_brand","embeddable":true,"href":"https:\/\/tecsecmty.com\/index.php\/wp-json\/wp\/v2\/product_brand?post=2534"},{"taxonomy":"product_cat","embeddable":true,"href":"https:\/\/tecsecmty.com\/index.php\/wp-json\/wp\/v2\/product_cat?post=2534"},{"taxonomy":"product_tag","embeddable":true,"href":"https:\/\/tecsecmty.com\/index.php\/wp-json\/wp\/v2\/product_tag?post=2534"}],"curies":[{"name":"wp","href":"https:\/\/api.w.org\/{rel}","templated":true}]}}