{"id":2575,"date":"2023-02-22T21:45:58","date_gmt":"2023-02-23T03:45:58","guid":{"rendered":"https:\/\/tecsecmty.com\/index.php\/producto\/dahua-hac-hfw1209tlmn-a-led-camara-bullet-full-color-de-2-megapixeles-1080p-lente-de-2-8mm-108-grados-de-apertura-microfono-integrado-40-metros-de-iluminacion-dwdr-ip67-metalicapolicarbonat\/"},"modified":"2023-03-22T23:22:41","modified_gmt":"2023-03-23T05:22:41","slug":"dahua-hac-hfw1209tlmn-a-led-camara-bullet-full-color-de-2-megapixeles-1080p-lente-de-2-8mm-108-grados-de-apertura-microfono-integrado-40-metros-de-iluminacion-dwdr-ip67-metalicapolicarbonat","status":"publish","type":"product","link":"https:\/\/tecsecmty.com\/index.php\/producto\/dahua-hac-hfw1209tlmn-a-led-camara-bullet-full-color-de-2-megapixeles-1080p-lente-de-2-8mm-108-grados-de-apertura-microfono-integrado-40-metros-de-iluminacion-dwdr-ip67-metalicapolicarbonat\/","title":{"rendered":"DAHUA HAC-HFW1209TLMN-A-LED &#8211; Camara Bullet Full Color de 2 Megapixeles\/ 1080p\/ Lente de 2.8mm\/ 108 Grados de Apertura\/ Microfono Integrado\/ 40 Metros de Iluminaci\u00f3n\/ DWDR\/ IP67\/ Metalica+Policarbonato\/ #LoNuevo"},"content":{"rendered":"<div class=\"row aling-items-center padding-bottom-2x\">\n<div class=\"col-lg-12\">\n<h5 class=\"card-title text-center\">Informaci\u00f3n general<\/h5>\n<p>Experimente video en color Full HD de 2MP y la simplicidad de reutilizar la infraestructura coaxial existente con HDCVI. La c\u00e1mara Starlight HDCVI a todo color presenta una imagen en color de alta calidad con ricos detalles incluso en condiciones de oscuridad total. Ofrece varios modelos de lentes fijas con OSD en varios idiomas y salida conmutable HD\/SD. Adopta un potente iluminador LED blanco c\u00e1lido que cubre un alcance efectivo de hasta 40 m (131,23 pies). Los LED se encienden autom\u00e1ticamente en la oscuridad para capturar im\u00e1genes a todo color repletas de detalles las 24 horas del d\u00eda, los 7 d\u00edas de la semana, lo que garantiza una identificaci\u00f3n aut\u00e9ntica de los objetos. Es una opci\u00f3n ideal para aplicaciones como escuelas, centros comerciales y estacionamientos.<\/p>\n<p>* La entrada de audio est\u00e1 disponible para algunos modelos de c\u00e1maras HDCVI.<\/p>\n<p><img decoding=\"async\" class=\"overview-center-img-web\" src=\"https:\/\/tvc.mx\/media\/554803\/HAC-HFW1209TLMN-A-LED-Camara-Bullet-Full-Color-2-Megapixeles-Dahua-banner-principal1.png\" alt=\"C\u00e1mara Bullet\" \/><\/div>\n<\/div>\n<div class=\"row align-items-center padding-bottom-2x\">\n<div class=\"col-md-5\"><img decoding=\"async\" class=\"d-block m-auto img-thumbnail\" src=\"https:\/\/tvc.mx\/media\/554839\/4-se%C3%B1ales-sobre-1-cable-coaxial-Dahua.png\" alt=\" Tecnolog\u00eda HDCVI\" \/><\/div>\n<div class=\"col-md-7 text-md-left text-center\">\n<h2>4 se\u00f1ales sobre 1 cable coaxial<\/h2>\n<p class=\"text-muted\">\n<p>La tecnolog\u00eda HDCVI admite la transmisi\u00f3n simult\u00e1nea de 4 se\u00f1ales a trav\u00e9s de 1 cable coaxial, es decir, video, audio*, datos y alimentaci\u00f3n. La transmisi\u00f3n de datos bidireccional permite que la c\u00e1mara HDCVI interact\u00fae con el XVR, como enviar una se\u00f1al de control o activar una alarma.<\/p>\n<p>&nbsp;<\/p>\n<\/div>\n<\/div>\n<hr class=\"padding-bottom-2x\" \/>\n<div class=\"row align-items-center padding-bottom-2x\">\n<div class=\"col-md-5 order-md-2\"><img decoding=\"async\" class=\"d-block m-auto img-thumbnail\" src=\"https:\/\/tvc.mx\/media\/554847\/IP67-dahua.png\" alt=\" Protecci\u00f3n\" \/><\/div>\n<div class=\"col-md-7 order-md-1 text-md-left text-center\">\n<h2>Protecci\u00f3n IP67<\/h2>\n<p class=\"text-muted\">\n<p>La excelente confiabilidad de la c\u00e1mara es insuperable debido a su dise\u00f1o resistente. La c\u00e1mara est\u00e1 protegida contra el agua y el polvo con clasificaci\u00f3n IP67, lo que la hace adecuada para entornos interiores o exteriores. Con un rango de temperatura de trabajo de -40 \u00b0C a +60 \u00b0C (-40 \u00b0F a +140 \u00b0F), la c\u00e1mara est\u00e1 dise\u00f1ada para entornos con temperaturas extremas. Con una tolerancia de voltaje de entrada de \u00b130 %, esta c\u00e1mara se adapta incluso a las condiciones de suministro de energ\u00eda m\u00e1s inestables. Su clasificaci\u00f3n de rayos 4KV proporciona protecci\u00f3n contra la c\u00e1mara y su estructura de los efectos de los rayos.<\/p>\n<p>&nbsp;<\/p>\n<\/div>\n<\/div>\n<hr class=\"padding-bottom-2x\" \/>\n<div class=\"row align-items-center padding-bottom-2x\">\n<div class=\"col-md-5 order-md-2\"><img decoding=\"async\" class=\"d-block m-auto img-thumbnail\" src=\"https:\/\/tvc.mx\/media\/554859\/full-color-dahua.png\" alt=\" full color\" \/><\/div>\n<div class=\"col-md-7 order-md-1 text-md-left text-center\">\n<h2>Full Color<\/h2>\n<p class=\"text-muted\">\n<p>La c\u00e1mara adopta una lente de gran apertura F1.6 y un sensor de alto rendimiento de 1\/2,8&#8243;. Con una mayor cantidad de luz absorbida y un algoritmo avanzado de procesamiento de im\u00e1genes, la c\u00e1mara puede presentar una imagen en color las 24 horas, los 7 d\u00edas de la semana que proporciona detalles de color para identificar con precisi\u00f3n a personas u objetos en condiciones de poca luz.<\/p>\n<p>&nbsp;<\/p>\n<\/div>\n<\/div>\n<hr class=\"padding-bottom-2x\" \/>\n<div class=\"row align-items-center padding-bottom-2x\">\n<div class=\"col-md-5\"><img decoding=\"async\" class=\"d-block m-auto img-thumbnail\" src=\"https:\/\/tvc.mx\/media\/554863\/HDCVI-dahua.png\" alt=\" Sencillez\" \/><\/div>\n<div class=\"col-md-7 text-md-left text-center\">\n<h2>Sencillez<\/h2>\n<p class=\"text-muted\">\n<p>La tecnolog\u00eda HDCVI hereda la caracter\u00edstica innata de la simplicidad del sistema de vigilancia anal\u00f3gico tradicional, lo que la convierte en la mejor opci\u00f3n para proteger la inversi\u00f3n. El sistema HDCVI puede actualizar sin problemas el sistema anal\u00f3gico tradicional sin reemplazar el cableado coaxial existente. El enfoque plug and play permite la videovigilancia Full HD sin la molestia de configurar una red.<\/p>\n<p>&nbsp;<\/p>\n<\/div>\n<\/div>\n<hr class=\"padding-bottom-2x\" \/>\n<div class=\"row align-items-center padding-bottom-2x\">\n<div class=\"col-md-5\"><img decoding=\"async\" class=\"d-block m-auto img-thumbnail\" src=\"https:\/\/tvc.mx\/media\/554871\/HAC-HFW1209TLMN-A-LED-Camara-Bullet-Full-Color-2-Megapixeles-Dahua-caracteristicas-principal1.png\" alt=\" caracteristicas\" \/><\/div>\n<div class=\"col-md-7 text-md-left text-center\">\n<h2>Carcateristicas principales<\/h2>\n<p class=\"text-muted\">\n<p>\u00a0Im\u00e1genes en color 24\/7<\/p>\n<p>\u00b7 Distancia de iluminaci\u00f3n de 40 m<\/p>\n<p>\u00b7 M\u00e1x. 30 fps@1080p<\/p>\n<p>\u00b7 Micr\u00f3fono incorporado<\/p>\n<p>\u00b7 CVI\/CVBS\/AHD\/TVI conmutable<\/p>\n<p>\u00b7 Lente fijo de 2.8 mm<\/p>\n<p>\u00b7 IP67, 12V\u00b130% CC<\/p>\n<p>&nbsp;<\/p>\n<\/div>\n<\/div>\n<hr class=\"padding-bottom-2x\" \/>\n<div class=\"row align-items-center padding-bottom-2x\">\n<div class=\"col-md-5 order-md-2\"><img decoding=\"async\" class=\"d-block m-auto img-thumbnail\" src=\"https:\/\/tvc.mx\/media\/554879\/HAC-HFW1209TLMN-A-LED-Camara-Bullet-Full-Color-2-Megapixeles-Dahua-Especificsaciones-tecnicas.png\" alt=\" Dimensiones\" \/><\/div>\n<div class=\"col-md-7 order-md-1 text-md-left text-center\">\n<h2>Especificaciones tecnicas<\/h2>\n<p class=\"text-muted\">\n<ul>\n<li>CMOS de 1\/2,8 pulgadas<\/li>\n<li>P\u00edxeles efectivos<\/li>\n<li>1920 (H) \u00d7 1080 (V), 2MP<\/li>\n<li>Enmascaramiento de privacidad<\/li>\n<li>Off\/On (\u00e1rea 8, rect\u00e1ngulo)<\/li>\n<li>N\u00famero de iluminador 2<\/li>\n<li>Longitud focal 2.8mm<\/li>\n<\/ul>\n<\/div>\n<\/div>\n","protected":false},"excerpt":{"rendered":"<p>Informaci\u00f3n general Experimente video en color Full HD de 2MP y la simplicidad de reutilizar la infraestructura coaxial existente con HDCVI. La c\u00e1mara Starlight HDCVI a todo color presenta una imagen en color de alta calidad con ricos detalles incluso en condiciones de oscuridad total.&hellip;<\/p>\n","protected":false},"featured_media":2574,"comment_status":"open","ping_status":"closed","template":"","meta":{"om_disable_all_campaigns":false,"_monsterinsights_skip_tracking":false,"_monsterinsights_sitenote_active":false,"_monsterinsights_sitenote_note":"","_monsterinsights_sitenote_category":0},"product_brand":[],"product_cat":[164],"product_tag":[42,165,166,151],"class_list":{"0":"post-2575","1":"product","2":"type-product","3":"status-publish","4":"has-post-thumbnail","6":"product_cat-bullet-camaras-cctv-hd","7":"product_tag-camaras","8":"product_tag-camaras-cctv-hd","9":"product_tag-cctv","10":"product_tag-seguridad","12":"first","13":"instock","14":"sale","15":"taxable","16":"shipping-taxable","17":"purchasable","18":"product-type-simple"},"aioseo_notices":[],"_links":{"self":[{"href":"https:\/\/tecsecmty.com\/index.php\/wp-json\/wp\/v2\/product\/2575","targetHints":{"allow":["GET"]}}],"collection":[{"href":"https:\/\/tecsecmty.com\/index.php\/wp-json\/wp\/v2\/product"}],"about":[{"href":"https:\/\/tecsecmty.com\/index.php\/wp-json\/wp\/v2\/types\/product"}],"replies":[{"embeddable":true,"href":"https:\/\/tecsecmty.com\/index.php\/wp-json\/wp\/v2\/comments?post=2575"}],"version-history":[{"count":0,"href":"https:\/\/tecsecmty.com\/index.php\/wp-json\/wp\/v2\/product\/2575\/revisions"}],"wp:featuredmedia":[{"embeddable":true,"href":"https:\/\/tecsecmty.com\/index.php\/wp-json\/wp\/v2\/media\/2574"}],"wp:attachment":[{"href":"https:\/\/tecsecmty.com\/index.php\/wp-json\/wp\/v2\/media?parent=2575"}],"wp:term":[{"taxonomy":"product_brand","embeddable":true,"href":"https:\/\/tecsecmty.com\/index.php\/wp-json\/wp\/v2\/product_brand?post=2575"},{"taxonomy":"product_cat","embeddable":true,"href":"https:\/\/tecsecmty.com\/index.php\/wp-json\/wp\/v2\/product_cat?post=2575"},{"taxonomy":"product_tag","embeddable":true,"href":"https:\/\/tecsecmty.com\/index.php\/wp-json\/wp\/v2\/product_tag?post=2575"}],"curies":[{"name":"wp","href":"https:\/\/api.w.org\/{rel}","templated":true}]}}