{"id":2623,"date":"2023-02-22T21:46:49","date_gmt":"2023-02-23T03:46:49","guid":{"rendered":"https:\/\/tecsecmty.com\/index.php\/producto\/dahua-hac-hfw1809tlm-a-led-camara-bullet-4k-full-color-8-megapixeles-lente-de-2-8mm-106-grados-de-apertura-microfono-integrado-40-metros-de-iluminacion-super-adapt-wdr-de-120-db-ip67-soport\/"},"modified":"2023-03-22T23:22:42","modified_gmt":"2023-03-23T05:22:42","slug":"dahua-hac-hfw1809tlm-a-led-camara-bullet-4k-full-color-8-megapixeles-lente-de-2-8mm-106-grados-de-apertura-microfono-integrado-40-metros-de-iluminacion-super-adapt-wdr-de-120-db-ip67-soport","status":"publish","type":"product","link":"https:\/\/tecsecmty.com\/index.php\/producto\/dahua-hac-hfw1809tlm-a-led-camara-bullet-4k-full-color-8-megapixeles-lente-de-2-8mm-106-grados-de-apertura-microfono-integrado-40-metros-de-iluminacion-super-adapt-wdr-de-120-db-ip67-soport\/","title":{"rendered":"DAHUA HAC-HFW1809TLM-A-LED &#8211; Camara Bullet 4k Full Color\/ 8 Megapixeles\/ Lente de 2.8mm\/ 106 Grados de Apertura\/ Microfono Integrado\/ 40 Metros de Iluminaci\u00f3n\/ Super Adapt\/ WDR de 120 dB\/ IP67\/ Soporta: CVI\/CVBS\/AHD\/TVI\/ #LoNuevo #PromoFull"},"content":{"rendered":"<div class=\"row aling-items-center padding-bottom-2x\">\n<div class=\"col-lg-12\">\n<h5 class=\"card-title text-center\">Informaci\u00f3n general<\/h5>\n<p>La serie Lite es una excelente opci\u00f3n para los consumidores que buscan productos de monitoreo de alta calidad a un precio razonable. Su bajo costo y alto rendimiento lo hacen ideal para \u00e1reas residenciales y soluciones para PYMES. Esta serie est\u00e1 equipada con una amplia gama de tecnolog\u00edas, como full-color y starlight, brindando diversas soluciones para diferentes escenarios.<\/p>\n<p><img decoding=\"async\" class=\"overview-center-img-web\" src=\"https:\/\/tvc.mx\/media\/556195\/DAHUA-HAC-HFW1809TLM-A-LED-Camara-Bullet-4k-Full-Color-8MP-21-banner-principal.png\" alt=\"C\u00e1mara Bullet\" \/><\/div>\n<\/div>\n<div class=\"row align-items-center padding-bottom-2x\">\n<div class=\"col-md-5\"><img decoding=\"async\" class=\"d-block m-auto img-thumbnail\" src=\"https:\/\/tvc.mx\/media\/556207\/3DNR-dahua.png\" alt=\" 3 DNR\" \/><\/div>\n<div class=\"col-md-7 text-md-left text-center\">\n<h2>3 DNR avanzado<\/h2>\n<p class=\"text-muted\">\n<p>La tecnolog\u00eda avanzada 3DNR de Dahua reduce el ruido de la imagen con poco o ning\u00fan impacto en la nitidez de la imagen, especialmente en condiciones de poca luz. Detecta el ruido y compara los cuadros secuenciales para reducir el ruido de manera efectiva. Tambi\u00e9n hace un uso eficiente del ancho de banda, ahorrando espacio de almacenamiento.<\/p>\n<p>&nbsp;<\/p>\n<\/div>\n<\/div>\n<hr class=\"padding-bottom-2x\" \/>\n<div class=\"row align-items-center padding-bottom-2x\">\n<div class=\"col-md-5 order-md-2\"><img decoding=\"async\" class=\"d-block m-auto img-thumbnail\" src=\"https:\/\/tvc.mx\/media\/556215\/full-color-dahua.png\" alt=\" full color\" \/><\/div>\n<div class=\"col-md-7 order-md-1 text-md-left text-center\">\n<h2>Full Color<\/h2>\n<p class=\"text-muted\">\n<p>Con su algoritmo de procesamiento de im\u00e1genes avanzado y su capacidad para absorber grandes cantidades de luz, la c\u00e1mara proporciona un monitoreo de color las 24 horas del d\u00eda, los 7 d\u00edas de la semana que recopila informaci\u00f3n clara y muy detallada, lo que aumenta significativamente la confiabilidad de las im\u00e1genes humanas y de veh\u00edculos que se recopilan como evidencia para el an\u00e1lisis inteligente.<\/p>\n<p>&nbsp;<\/p>\n<\/div>\n<\/div>\n<hr class=\"padding-bottom-2x\" \/>\n<div class=\"row align-items-center padding-bottom-2x\">\n<div class=\"col-md-5\"><img decoding=\"async\" class=\"d-block m-auto img-thumbnail\" src=\"https:\/\/tvc.mx\/media\/556231\/audio-hdcvi-Dahua.png\" alt=\" HDCVI\" \/><\/div>\n<div class=\"col-md-7 text-md-left text-center\">\n<h2>Audio con calidad de transmisi\u00f3n<\/h2>\n<p class=\"text-muted\">\n<p>La c\u00e1mara HDCVI admite la transmisi\u00f3n de se\u00f1ales de audio a trav\u00e9s de cables coaxiales. Adopta una tecnolog\u00eda \u00fanica de transmisi\u00f3n y procesamiento de audio que restaura la fuente de audio y elimina el ruido, lo que garantiza la calidad y confiabilidad de la informaci\u00f3n de audio que se recopila. Esto se vuelve importante para las aplicaciones de videovigilancia que utilizan informaci\u00f3n de audio como un tipo de evidencia complementaria.<\/p>\n<p>&nbsp;<\/p>\n<\/div>\n<\/div>\n<hr class=\"padding-bottom-2x\" \/>\n<div class=\"row align-items-center padding-bottom-2x\">\n<div class=\"col-md-5 order-md-2\"><img decoding=\"async\" class=\"d-block m-auto img-thumbnail\" src=\"https:\/\/tvc.mx\/media\/556275\/Iluminadores-inteligentes-dahua.png\" alt=\" \" \/><\/div>\n<div class=\"col-md-7 order-md-1 text-md-left text-center\">\n<h2>Iluminaci\u00f3n de luz c\u00e1lida inteligente<\/h2>\n<p class=\"text-muted\">\n<p>En entornos oscuros, la c\u00e1mara produce im\u00e1genes v\u00edvidas en colores intensos a trav\u00e9s de sus c\u00e1lidas luces LED. Con su configuraci\u00f3n de modo de luz inteligente, ajusta autom\u00e1ticamente su tiempo de exposici\u00f3n y sensibilidad a la luz para evitar la sobre exposici\u00f3n de objetos en el centro de la imagen.<\/p>\n<p>&nbsp;<\/p>\n<\/div>\n<\/div>\n<hr class=\"padding-bottom-2x\" \/>\n<div class=\"row align-items-center padding-bottom-2x\">\n<div class=\"col-md-5\"><img decoding=\"async\" class=\"d-block m-auto img-thumbnail\" src=\"https:\/\/tvc.mx\/media\/556287\/DAHUA-HAC-HFW1809TLM-A-LED-Camara-Bullet-4k-Full-Color-8MP-21-Caracteristicas-principales.png\" alt=\" carcateristicas\" \/><\/div>\n<div class=\"col-md-7 text-md-left text-center\">\n<h2>Caracteristicas principales<\/h2>\n<p class=\"text-muted\">\n<p><strong>\u00b7\u00a0<\/strong>m\u00e1x. 15 fps a 4K.<\/p>\n<p><strong>\u00b7\u00a0<\/strong>WDR real de 120 dB, 3D NR.<\/p>\n<p><strong>\u00b7\u00a0<\/strong>Im\u00e1genes en color 24\/7.<\/p>\n<p><strong>\u00b7\u00a0<\/strong>Distancia de iluminaci\u00f3n de 40 m.<\/p>\n<p><strong>\u00b7\u00a0<\/strong>S\u00faper Adaptado.<\/p>\n<p><strong>\u00b7\u00a0<\/strong>Micr\u00f3fono integrado (-A).<\/p>\n<p><strong>\u00b7\u00a0<\/strong>Lente fijo de 2,8 mm.<\/p>\n<p><strong>\u00b7\u00a0<\/strong>CVI\/CVBS\/AHD\/TVI conmutable.<\/p>\n<p><strong>\u00b7\u00a0<\/strong>IP67, 12 V CC.<\/p>\n<p>&nbsp;<\/p>\n<\/div>\n<\/div>\n<hr class=\"padding-bottom-2x\" \/>\n<div class=\"row align-items-center padding-bottom-2x\">\n<div class=\"col-md-5 order-md-2\"><img decoding=\"async\" class=\"d-block m-auto img-thumbnail\" src=\"https:\/\/tvc.mx\/media\/556299\/DAHUA-HAC-HFW1809TLM-A-LED-Camara-Bullet-4k-Full-Color-8MP-21-Especificaciones-tecnicas.png\" alt=\" dimensiones\" \/><\/div>\n<div class=\"col-md-7 order-md-1 text-md-left text-center\">\n<h2>Especificaciones T\u00e9cnicas<\/h2>\n<p class=\"text-muted\">\n<ul>\n<li>Cmos de 8 MP<\/li>\n<li>M\u00e1x. Resoluci\u00f3n 3840 (H) x 2160 (v)<\/li>\n<li>Sistema de escaneo progresivo<\/li>\n<li>Distancia de iluminaci\u00f3n\u00a040 m (131,23 pies)<\/li>\n<li>Control de encendido\/apagado del iluminador\u00a0Manual de auto<\/li>\n<li>Relaci\u00f3n se\u00f1al\/ruido\u00a0&gt; 65dB<\/li>\n<li>N\u00famero de iluminador\u00a02 (luz c\u00e1lida)<\/li>\n<li>M\u00edn. Iluminaci\u00f3n\u00a00,001 lux a F1,0 (color) 0 lux (iluminador encendido)<\/li>\n<\/ul>\n<\/div>\n<\/div>\n","protected":false},"excerpt":{"rendered":"<p>Informaci\u00f3n general La serie Lite es una excelente opci\u00f3n para los consumidores que buscan productos de monitoreo de alta calidad a un precio razonable. Su bajo costo y alto rendimiento lo hacen ideal para \u00e1reas residenciales y soluciones para PYMES. Esta serie est\u00e1 equipada con&hellip;<\/p>\n","protected":false},"featured_media":2622,"comment_status":"open","ping_status":"closed","template":"","meta":{"om_disable_all_campaigns":false,"_monsterinsights_skip_tracking":false,"_monsterinsights_sitenote_active":false,"_monsterinsights_sitenote_note":"","_monsterinsights_sitenote_category":0},"product_brand":[],"product_cat":[164],"product_tag":[42,165,166,151],"class_list":{"0":"post-2623","1":"product","2":"type-product","3":"status-publish","4":"has-post-thumbnail","6":"product_cat-bullet-camaras-cctv-hd","7":"product_tag-camaras","8":"product_tag-camaras-cctv-hd","9":"product_tag-cctv","10":"product_tag-seguridad","12":"first","13":"instock","14":"sale","15":"taxable","16":"shipping-taxable","17":"purchasable","18":"product-type-simple"},"aioseo_notices":[],"_links":{"self":[{"href":"https:\/\/tecsecmty.com\/index.php\/wp-json\/wp\/v2\/product\/2623","targetHints":{"allow":["GET"]}}],"collection":[{"href":"https:\/\/tecsecmty.com\/index.php\/wp-json\/wp\/v2\/product"}],"about":[{"href":"https:\/\/tecsecmty.com\/index.php\/wp-json\/wp\/v2\/types\/product"}],"replies":[{"embeddable":true,"href":"https:\/\/tecsecmty.com\/index.php\/wp-json\/wp\/v2\/comments?post=2623"}],"version-history":[{"count":0,"href":"https:\/\/tecsecmty.com\/index.php\/wp-json\/wp\/v2\/product\/2623\/revisions"}],"wp:featuredmedia":[{"embeddable":true,"href":"https:\/\/tecsecmty.com\/index.php\/wp-json\/wp\/v2\/media\/2622"}],"wp:attachment":[{"href":"https:\/\/tecsecmty.com\/index.php\/wp-json\/wp\/v2\/media?parent=2623"}],"wp:term":[{"taxonomy":"product_brand","embeddable":true,"href":"https:\/\/tecsecmty.com\/index.php\/wp-json\/wp\/v2\/product_brand?post=2623"},{"taxonomy":"product_cat","embeddable":true,"href":"https:\/\/tecsecmty.com\/index.php\/wp-json\/wp\/v2\/product_cat?post=2623"},{"taxonomy":"product_tag","embeddable":true,"href":"https:\/\/tecsecmty.com\/index.php\/wp-json\/wp\/v2\/product_tag?post=2623"}],"curies":[{"name":"wp","href":"https:\/\/api.w.org\/{rel}","templated":true}]}}