{"id":2649,"date":"2023-02-22T21:47:19","date_gmt":"2023-02-23T03:47:19","guid":{"rendered":"https:\/\/tecsecmty.com\/index.php\/producto\/dahua-hfw2601e-a-036-camara-bullet-de-6-megapixeles-lente-3-6-mm-wdr-real-120-db-ir-de-40-mts-ip67-microfono-integrado-1-entrada-de-audio-seriepro\/"},"modified":"2023-03-22T23:22:45","modified_gmt":"2023-03-23T05:22:45","slug":"dahua-hfw2601e-a-036-camara-bullet-de-6-megapixeles-lente-3-6-mm-wdr-real-120-db-ir-de-40-mts-ip67-microfono-integrado-1-entrada-de-audio-seriepro","status":"publish","type":"product","link":"https:\/\/tecsecmty.com\/index.php\/producto\/dahua-hfw2601e-a-036-camara-bullet-de-6-megapixeles-lente-3-6-mm-wdr-real-120-db-ir-de-40-mts-ip67-microfono-integrado-1-entrada-de-audio-seriepro\/","title":{"rendered":"DAHUA HFW2601E-A-036 &#8211; Camara Bullet de 6 Megapixeles\/ Lente 3.6 mm\/ WDR Real 120 dB\/ IR de 40 Mts \/ IP67\/ Microfono Integrado + 1 Entrada de Audio\/ #SeriePro"},"content":{"rendered":"<div class=\"row aling-items-center padding-bottom-2x\">\n<div class=\"col-lg-12\">\n<h5 class=\"card-title text-center\">Informaci\u00f3n general<\/h5>\n<p class=\"ql-align-justify\">La c\u00e1mara modelo\u00a0<strong>HFW2601EA36<\/strong>\u00a0es una c\u00e1mara\u00a0<strong>HDCVI 6MP (3096\u00d72202)<\/strong>\u00a0con la cual podemos apreciar una imagen con mayor nitidez, brillo y claridad que cualquier otra c\u00e1mara de videovigilancia. Cuenta con lente fijo de 3.6mm, potentes IR con alcance de hasta 40m para la visi\u00f3n nocturna y tambi\u00e9n dispone de la tecnolog\u00eda WDR real 120dB que ofrece im\u00e1genes m\u00e1s v\u00edvidas incluso en las condiciones de contraste de luz intensas y adem\u00e1s cuenta con \u00edndice de protecci\u00f3n IP67 por lo que goza protecci\u00f3n contra polvo y agua. Soporta entrada de voltaje dual de 12V DC\u00b130%.<\/p>\n<p><img decoding=\"async\" class=\"overview-center-img-web\" src=\"https:\/\/tvc.mx\/media\/53541\/Megapixeles.png\" alt=\"\" \/><\/div>\n<\/div>\n<div class=\"row aling-items-center padding-bottom-2x\">\n<div class=\"col-lg-12\">\n<h5 class=\"card-title text-center\">Micr\u00f3fono Integrado<\/h5>\n<p>Cuenta con un micr\u00f3fono integrado de esta manera se puede transmitir la se\u00f1al de video y audio utilizando un solo cable (coaxial o UTP) hacia un DVR HDCVI DAHUA.<\/p>\n<p><img decoding=\"async\" class=\"overview-center-img-web\" src=\"https:\/\/tvc.mx\/media\/53544\/Microfono.png\" alt=\"\" \/><\/div>\n<\/div>\n<div class=\"row aling-items-center padding-bottom-2x\">\n<div class=\"col-lg-12\">\n<h5 class=\"card-title text-center\">WDR real 120dB<\/h5>\n<p>Nuestra c\u00e1mara cuenta con WDR real 120dB, esta funci\u00f3n se encarga de medir, compensar y ajustar la luz en la imagen captada para despu\u00e9s combinar los espacios de luces brillantes con los espacios de sombras que hay en una misma toma, creando un equilibrio en la imagen fina<\/p>\n<p><img decoding=\"async\" class=\"overview-center-img-web\" src=\"https:\/\/tvc.mx\/media\/53547\/WDR.png\" alt=\"\" \/><\/div>\n<\/div>\n<div class=\"row aling-items-center padding-bottom-2x\">\n<div class=\"col-lg-12\">\n<h5 class=\"card-title text-center\">SMART IR<\/h5>\n<p>La c\u00e1mara tambi\u00e9n cuenta con Smart IR, esto es que los LEDs IR al ser activados en condiciones de poca luz regulan su intensidad dependiendo de las distancias que se encuentre el objeto en frente, esto evitar\u00e1 im\u00e1genes blancas y podr\u00e1 detectar m\u00e1s clara la imagen, los LEDs IR nos permiten una distancia de hasta\u00a0<strong>40 mts.<\/strong><\/p>\n<p><img decoding=\"async\" class=\"overview-center-img-web\" src=\"https:\/\/tvc.mx\/media\/53550\/Smart-IR.png\" alt=\"\" \/><\/div>\n<\/div>\n<div class=\"row aling-items-center padding-bottom-2x\">\n<div class=\"col-lg-12\">\n<h5 class=\"card-title text-center\">Distancia DORI<\/h5>\n<p class=\"ql-align-justify\">La distancia DORI es una proximidad general de la distancia que hace que sea f\u00e1cil elegir la c\u00e1mara adecuada para sus necesidades. La distancia DORI se calcula sobre la base de la especificaci\u00f3n del sensor y del resultado de la prueba de laboratorio seg\u00fan EN 62676-4, que define los criterios para Detectar, Observar, Reconocer e Identificar, respectivamente, por lo que esta c\u00e1mara cuenta con la capacidad de:<\/p>\n<p><img decoding=\"async\" class=\"overview-center-img-web\" src=\"https:\/\/tvc.mx\/media\/53553\/DORI.png\" alt=\"\" \/><\/div>\n<\/div>\n<div class=\"row aling-items-center padding-bottom-2x\">\n<div class=\"col-lg-12\">\n<h5 class=\"card-title text-center\">Principales caracter\u00edsticas<\/h5>\n<ul>\n<li class=\"ql-align-justify\">C\u00e1mara bullet HDCVI.<\/li>\n<li class=\"ql-align-justify\">Resoluci\u00f3n 6MP (3096\u00d72202)<\/li>\n<li class=\"ql-align-justify\">Lente 3.6mm<\/li>\n<li class=\"ql-align-justify\">\u00c1ngulo de visi\u00f3n 70\u00b0<\/li>\n<li class=\"ql-align-justify\">C\u00e1mara con micr\u00f3fono integrado (Audio HDCVI).<\/li>\n<li class=\"ql-align-justify\">Distancia de IR hasta 40m<\/li>\n<li class=\"ql-align-justify\">Men\u00fa OSD multi lenguaje.<\/li>\n<li class=\"ql-align-justify\">Compensaci\u00f3n de contraluz\u00a0BLC \/ HLC \/\u00a0WDR 120dB.<\/li>\n<li class=\"ql-align-justify\">Reducci\u00f3n de ruido 2D \/ 3D.<\/li>\n<li class=\"ql-align-justify\">Smart IR Auto \/ Manual.<\/li>\n<li class=\"ql-align-justify\">Fuente de alimentaci\u00f3n 12V DC\u00b1 30%.<\/li>\n<li class=\"ql-align-justify\">Consumo de energ\u00eda m\u00e1x. 6.8W.<\/li>\n<li class=\"ql-align-justify\">Condiciones de operaci\u00f3n -30\u00baC a 60\u00baC.<\/li>\n<li class=\"ql-align-justify\">\u00cdndice de protecci\u00f3n IP67.<\/li>\n<li class=\"ql-align-justify\">Material aluminio.<\/li>\n<li class=\"ql-align-justify\">Dimensiones 179.9mm\u00d770mm\u00d770mm.<\/li>\n<li class=\"ql-align-justify\">Peso neto .42kg.<\/li>\n<\/ul>\n<p><img decoding=\"async\" class=\"overview-center-img-web\" src=\"https:\/\/tvc.mx\/media\/53556\/dahua.jpg\" alt=\"\" \/><\/div>\n<\/div>\n","protected":false},"excerpt":{"rendered":"<p>Informaci\u00f3n general La c\u00e1mara modelo\u00a0HFW2601EA36\u00a0es una c\u00e1mara\u00a0HDCVI 6MP (3096\u00d72202)\u00a0con la cual podemos apreciar una imagen con mayor nitidez, brillo y claridad que cualquier otra c\u00e1mara de videovigilancia. Cuenta con lente fijo de 3.6mm, potentes IR con alcance de hasta 40m para la visi\u00f3n nocturna y&hellip;<\/p>\n","protected":false},"featured_media":2648,"comment_status":"open","ping_status":"closed","template":"","meta":{"om_disable_all_campaigns":false,"_monsterinsights_skip_tracking":false,"_monsterinsights_sitenote_active":false,"_monsterinsights_sitenote_note":"","_monsterinsights_sitenote_category":0},"product_brand":[],"product_cat":[164],"product_tag":[42,165,166,151],"class_list":{"0":"post-2649","1":"product","2":"type-product","3":"status-publish","4":"has-post-thumbnail","6":"product_cat-bullet-camaras-cctv-hd","7":"product_tag-camaras","8":"product_tag-camaras-cctv-hd","9":"product_tag-cctv","10":"product_tag-seguridad","12":"first","13":"instock","14":"sale","15":"taxable","16":"shipping-taxable","17":"purchasable","18":"product-type-simple"},"aioseo_notices":[],"_links":{"self":[{"href":"https:\/\/tecsecmty.com\/index.php\/wp-json\/wp\/v2\/product\/2649","targetHints":{"allow":["GET"]}}],"collection":[{"href":"https:\/\/tecsecmty.com\/index.php\/wp-json\/wp\/v2\/product"}],"about":[{"href":"https:\/\/tecsecmty.com\/index.php\/wp-json\/wp\/v2\/types\/product"}],"replies":[{"embeddable":true,"href":"https:\/\/tecsecmty.com\/index.php\/wp-json\/wp\/v2\/comments?post=2649"}],"version-history":[{"count":0,"href":"https:\/\/tecsecmty.com\/index.php\/wp-json\/wp\/v2\/product\/2649\/revisions"}],"wp:featuredmedia":[{"embeddable":true,"href":"https:\/\/tecsecmty.com\/index.php\/wp-json\/wp\/v2\/media\/2648"}],"wp:attachment":[{"href":"https:\/\/tecsecmty.com\/index.php\/wp-json\/wp\/v2\/media?parent=2649"}],"wp:term":[{"taxonomy":"product_brand","embeddable":true,"href":"https:\/\/tecsecmty.com\/index.php\/wp-json\/wp\/v2\/product_brand?post=2649"},{"taxonomy":"product_cat","embeddable":true,"href":"https:\/\/tecsecmty.com\/index.php\/wp-json\/wp\/v2\/product_cat?post=2649"},{"taxonomy":"product_tag","embeddable":true,"href":"https:\/\/tecsecmty.com\/index.php\/wp-json\/wp\/v2\/product_tag?post=2649"}],"curies":[{"name":"wp","href":"https:\/\/api.w.org\/{rel}","templated":true}]}}