{"id":2703,"date":"2023-02-22T21:48:32","date_gmt":"2023-02-23T03:48:32","guid":{"rendered":"https:\/\/tecsecmty.com\/index.php\/producto\/dahua-hac-hdbw1500r-z-camara-domo-antivandalica-de-5-megapixeles-lente-motorizado-de-2-7-12mm-ir-de-30-mts-ip67-ik10-soporta-cvi-ahd-tvi-y-cbvs\/"},"modified":"2023-03-22T23:22:38","modified_gmt":"2023-03-23T05:22:38","slug":"dahua-hac-hdbw1500r-z-camara-domo-antivandalica-de-5-megapixeles-lente-motorizado-de-2-7-12mm-ir-de-30-mts-ip67-ik10-soporta-cvi-ahd-tvi-y-cbvs","status":"publish","type":"product","link":"https:\/\/tecsecmty.com\/index.php\/producto\/dahua-hac-hdbw1500r-z-camara-domo-antivandalica-de-5-megapixeles-lente-motorizado-de-2-7-12mm-ir-de-30-mts-ip67-ik10-soporta-cvi-ahd-tvi-y-cbvs\/","title":{"rendered":"DAHUA HAC-HDBW1500R-Z &#8211; Camara Domo Antivandalica de 5 Megapixeles\/ Lente Motorizado de 2.7-12mm\/ Ir de 30 mts\/ IP67\/ IK10\/ Soporta CVI\/AHD\/TVI y CBVS\/"},"content":{"rendered":"<div class=\"row aling-items-center padding-bottom-2x\">\n<div class=\"col-lg-12\">\n<h5 class=\"card-title text-center\">Informaci\u00f3n General<\/h5>\n<p class=\"ql-align-justify\">La c\u00e1mara modelo\u00a0<strong>HDBW1500R-Z-S2<\/strong>\u00a0soporta 4 tecnolog\u00edas que actualmente lideran el mercado, tiene una resoluci\u00f3n de\u00a0<strong>5 Megap\u00edxeles<\/strong>\u00a0(2880X1620) por lo que se obtiene im\u00e1genes sorprendentes de excelente calidad y llena de detalles.<\/p>\n<p class=\"ql-align-justify\">Esta c\u00e1mara incorpora lente motorizado de 2 mm a 12mm, IR con un alcance de hasta 30 metros, puede ser utilizada en ambientes exteriores debido a su \u00edndice de protecci\u00f3n\u00a0<strong>IP67\u00a0<\/strong>e<strong>\u00a0IK10\u00a0<\/strong>para protecci\u00f3n antivand\u00e1lica.<\/p>\n<p><img decoding=\"async\" class=\"overview-center-img-web\" src=\"https:\/\/tvc.mx\/media\/444391\/Dahua-DH-HAC-HDBW1500RN-Z-2712-S2-C%C3%A1mara-Domo-HDCVI-Antivandalica-5Mp-Principal.png\" alt=\"C\u00e1mara Blanca  informaci\u00f3n general\" \/><\/div>\n<\/div>\n<div class=\"row align-items-center padding-bottom-2x\">\n<div class=\"col-md-5 order-md-2\"><img decoding=\"async\" class=\"d-block m-auto img-thumbnail\" src=\"https:\/\/tvc.mx\/media\/444395\/resolucion-5-mp-Dahua.png\" alt=\" Comparativa de resoluci\u00f3n carros\" \/><\/div>\n<div class=\"col-md-7 order-md-1 text-md-left text-center\">\n<h2>Resoluci\u00f3n 5MP calidad excelente<\/h2>\n<p class=\"text-muted\">\n<p>Experimente una claridad superior en video en tiempo real de 4 megap\u00edxeles. En HDCVI de 4MP la c\u00e1mara presenta una imagen de alta calidad con detalles claros y color preciso.<\/p>\n<p>&nbsp;<\/p>\n<\/div>\n<\/div>\n<hr class=\"padding-bottom-2x\" \/>\n<div class=\"row align-items-center padding-bottom-2x\">\n<div class=\"col-md-5\"><img decoding=\"async\" class=\"d-block m-auto img-thumbnail\" src=\"https:\/\/tvc.mx\/media\/444399\/Multiformatos-dahua.png\" alt=\" Tecnolog\u00edas\" \/><\/div>\n<div class=\"col-md-7 text-md-left text-center\">\n<h2>M\u00faltiples Formatos de Video<\/h2>\n<p class=\"text-muted\">\n<p>La c\u00e1mara admite m\u00faltiples formatos de video, incluyendo HDCVI, CVBS (an\u00e1logo) y otros dos formatos anal\u00f3gicos HD comunes en el mercado. Los cuatro formatos se pueden cambiar a trav\u00e9s del men\u00fa OSD o mediante PFM820 (controlador UTC). Esta funci\u00f3n hace que la c\u00e1mara sea compatible no solo con los XVR sino tambi\u00e9n con los HCVR, DVR existentes, en la mayor\u00eda de los usuarios finales.<\/p>\n<p>&nbsp;<\/p>\n<\/div>\n<\/div>\n<hr class=\"padding-bottom-2x\" \/>\n<div class=\"row align-items-center padding-bottom-2x\">\n<div class=\"col-md-5 order-md-2\"><img decoding=\"async\" class=\"d-block m-auto img-thumbnail\" src=\"https:\/\/tvc.mx\/media\/444403\/Smart-IR-Dahua.png\" alt=\" comparativa de IR\" \/><\/div>\n<div class=\"col-md-7 order-md-1 text-md-left text-center\">\n<h2>Smart IR<\/h2>\n<p class=\"text-muted\">\n<p class=\"ql-align-justify\">La c\u00e1mara\u00a0<strong>HDBW1500R-Z-S2<\/strong>\u00a0cuenta con Smart IR, esto es, que los LEDs IR al ser activados en condiciones de poca luz regulan su intensidad dependiendo de las distancias que se encuentre el objeto en frente, esto evitar\u00e1 im\u00e1genes blancas y podr\u00e1 detectar m\u00e1s clara la imagen, los LEDs IR nos permiten una distancia de hasta 30 mts.<\/p>\n<p>&nbsp;<\/p>\n<\/div>\n<\/div>\n<hr class=\"padding-bottom-2x\" \/>\n<div class=\"row align-items-center padding-bottom-2x\">\n<div class=\"col-md-5\"><img decoding=\"async\" class=\"d-block m-auto img-thumbnail\" src=\"https:\/\/tvc.mx\/media\/444407\/WDR-Dahua.png\" alt=\" rango din\u00e1mico amplio digital\" \/><\/div>\n<div class=\"col-md-7 text-md-left text-center\">\n<h2>DWDR<\/h2>\n<p class=\"text-muted\">\n<p class=\"ql-align-justify\">Nuestra c\u00e1mara\u00a0cuenta con DWDR, esta funci\u00f3n\u00a0se encarga de medir, compensar y ajustar la luz en la imagen\u00a0captada para despues combinar los espacios de luces brillantes con los espacios de sombras que hay en una misma toma, creando\u00a0un equilibrio en la imagen final.<\/p>\n<p>&nbsp;<\/p>\n<\/div>\n<\/div>\n<hr class=\"padding-bottom-2x\" \/>\n<div class=\"row align-items-center padding-bottom-2x\">\n<div class=\"col-md-5 order-md-2\"><img decoding=\"async\" class=\"d-block m-auto img-thumbnail\" src=\"https:\/\/tvc.mx\/media\/444411\/IP67-IK10-Dahua.png\" alt=\" Protecci\u00f3n\" \/><\/div>\n<div class=\"col-md-7 order-md-1 text-md-left text-center\">\n<h2>Protecci\u00f3n Ambiente Exterior<\/h2>\n<p class=\"text-muted\">\n<p class=\"ql-align-justify\">La c\u00e1mara admite una tolerancia de voltaje de entrada de \u00b1 10%, adecuada para las condiciones m\u00e1s inestables para aplicaciones en exteriores.\u00a0Su clasificaci\u00f3n de rayo de\u00a0<strong>4KV\u00a0<\/strong>proporciona protecci\u00f3n efectiva tanto para la c\u00e1mara como para su estructura contra los rayos.\u00a0Sometido y certificado a pruebas rigurosas de polvo e inmersi\u00f3n (\u00a0<strong>IP67<\/strong>) y pruebas de impacto ( I<strong>K10<\/strong>).<\/p>\n<p>&nbsp;<\/p>\n<\/div>\n<\/div>\n<hr class=\"padding-bottom-2x\" \/>\n<div class=\"row align-items-center padding-bottom-2x\">\n<div class=\"col-md-5\"><img decoding=\"async\" class=\"d-block m-auto img-thumbnail\" src=\"https:\/\/tvc.mx\/media\/444415\/Dahua-DH-HAC-HDBW1500RN-Z-2712-S2-C%C3%A1mara-Domo-HDCVI-Antivandalica-5Mp-caracteristicas.png\" alt=\" Dahua\" \/><\/div>\n<div class=\"col-md-7 text-md-left text-center\">\n<h2>Principales Caracter\u00edsticas<\/h2>\n<p class=\"text-muted\">\n<ul>\n<li>2D-DNR &#8211; Reducci\u00f3n digital de ruido en la imagen<\/li>\n<li>D-WDR &#8211; Amplio rango din\u00e1mico de la iluminaci\u00f3n<\/li>\n<li>ICR &#8211; Filtro mec\u00e1nico de infrarrojos<\/li>\n<li>BLC\/HLC &#8211; compensaci\u00f3n de luz de fondo \/ luz alta<\/li>\n<li>AGC &#8211; Ajuste autom\u00e1tico de la ganancia de la imagen<\/li>\n<li>Balance de blancos autom\u00e1tico<\/li>\n<li class=\"ql-align-justify\">Modo d\u00eda\/noche<\/li>\n<\/ul>\n<p>&nbsp;<\/p>\n<\/div>\n<\/div>\n<hr class=\"padding-bottom-2x\" \/>\n<div class=\"row align-items-center padding-bottom-2x\">\n<div class=\"col-md-5 order-md-2\"><img decoding=\"async\" class=\"d-block m-auto img-thumbnail\" src=\"https:\/\/tvc.mx\/media\/444419\/Dahua-DH-HAC-HDBW1500RN-Z-2712-S2-C%C3%A1mara-Domo-HDCVI-Antivandalica-5Mp-especificaciones.png\" alt=\" \" \/><\/div>\n<div class=\"col-md-7 order-md-1 text-md-left text-center\">\n<h2>Especificaciones<\/h2>\n<p class=\"text-muted\">\n<ul>\n<li>1\/2.7\u00a0\u00bb Progressive Scan CMOS<\/li>\n<li>5 megap\u00edxeles<\/li>\n<li>Lente motorizado 2.7mm\u00a0&#8211; 12\u00a0mm<\/li>\n<li>\u00c1ngulo de visi\u00f3n:106\u00a0\u00b0 &#8211; 34\u00a0\u00b0<\/li>\n<li>Rango del iluminador IR:30\u00a0m<\/li>\n<li>Compatibilidad con el iluminador de infrarrojos:\u00a0ICR &#8211; Filtro mec\u00e1nico de infrarrojos<\/li>\n<li>Ajuste de potencia del iluminador IR: Autom\u00e1tico<\/li>\n<li>Salida de v\u00eddeo:1\u00a0Vpp\u00a075\u00a0\u03a9,\u00a0AHD\u00a0\/\u00a0HD-CVI\u00a0\/\u00a0HD-TVI\u00a0\/\u00a0CVBS<\/li>\n<li>Carcasa: Aluminio<\/li>\n<li>A prueba de vandalismo:IK10<\/li>\n<li>Grado de protecci\u00f3n:IP67<\/li>\n<li>Alimentaci\u00f3n:12\u00a0V\u00a0DC\u00a0\/ 530\u00a0mA<\/li>\n<\/ul>\n<\/div>\n<\/div>\n","protected":false},"excerpt":{"rendered":"<p>Informaci\u00f3n General La c\u00e1mara modelo\u00a0HDBW1500R-Z-S2\u00a0soporta 4 tecnolog\u00edas que actualmente lideran el mercado, tiene una resoluci\u00f3n de\u00a05 Megap\u00edxeles\u00a0(2880X1620) por lo que se obtiene im\u00e1genes sorprendentes de excelente calidad y llena de detalles. Esta c\u00e1mara incorpora lente motorizado de 2 mm a 12mm, IR con un alcance&hellip;<\/p>\n","protected":false},"featured_media":2702,"comment_status":"open","ping_status":"closed","template":"","meta":{"om_disable_all_campaigns":false,"_monsterinsights_skip_tracking":false,"_monsterinsights_sitenote_active":false,"_monsterinsights_sitenote_note":"","_monsterinsights_sitenote_category":0},"product_brand":[],"product_cat":[167],"product_tag":[42,165,166,151],"class_list":{"0":"post-2703","1":"product","2":"type-product","3":"status-publish","4":"has-post-thumbnail","6":"product_cat-domo-camaras-cctv-hd","7":"product_tag-camaras","8":"product_tag-camaras-cctv-hd","9":"product_tag-cctv","10":"product_tag-seguridad","12":"first","13":"instock","14":"sale","15":"taxable","16":"shipping-taxable","17":"purchasable","18":"product-type-simple"},"aioseo_notices":[],"_links":{"self":[{"href":"https:\/\/tecsecmty.com\/index.php\/wp-json\/wp\/v2\/product\/2703","targetHints":{"allow":["GET"]}}],"collection":[{"href":"https:\/\/tecsecmty.com\/index.php\/wp-json\/wp\/v2\/product"}],"about":[{"href":"https:\/\/tecsecmty.com\/index.php\/wp-json\/wp\/v2\/types\/product"}],"replies":[{"embeddable":true,"href":"https:\/\/tecsecmty.com\/index.php\/wp-json\/wp\/v2\/comments?post=2703"}],"version-history":[{"count":0,"href":"https:\/\/tecsecmty.com\/index.php\/wp-json\/wp\/v2\/product\/2703\/revisions"}],"wp:featuredmedia":[{"embeddable":true,"href":"https:\/\/tecsecmty.com\/index.php\/wp-json\/wp\/v2\/media\/2702"}],"wp:attachment":[{"href":"https:\/\/tecsecmty.com\/index.php\/wp-json\/wp\/v2\/media?parent=2703"}],"wp:term":[{"taxonomy":"product_brand","embeddable":true,"href":"https:\/\/tecsecmty.com\/index.php\/wp-json\/wp\/v2\/product_brand?post=2703"},{"taxonomy":"product_cat","embeddable":true,"href":"https:\/\/tecsecmty.com\/index.php\/wp-json\/wp\/v2\/product_cat?post=2703"},{"taxonomy":"product_tag","embeddable":true,"href":"https:\/\/tecsecmty.com\/index.php\/wp-json\/wp\/v2\/product_tag?post=2703"}],"curies":[{"name":"wp","href":"https:\/\/api.w.org\/{rel}","templated":true}]}}