{"id":2894,"date":"2023-02-22T22:01:28","date_gmt":"2023-02-23T04:01:28","guid":{"rendered":"https:\/\/tecsecmty.com\/index.php\/producto\/dahua-xvr5108hs-i3-dvr-de-8-canales-5-megapixeles-lite-wizsense-ia-h-265-8-canales-hdcvi4-ip-hasta-12-canales-ip-1-ch-de-reconocimiento-facial-codificacion-ia-smd-plus-1ch-proteccion-peri\/"},"modified":"2023-03-22T23:23:12","modified_gmt":"2023-03-23T05:23:12","slug":"dahua-xvr5108hs-i3-dvr-de-8-canales-5-megapixeles-lite-wizsense-ia-h-265-8-canales-hdcvi4-ip-hasta-12-canales-ip-1-ch-de-reconocimiento-facial-codificacion-ia-smd-plus-1ch-proteccion-peri","status":"publish","type":"product","link":"https:\/\/tecsecmty.com\/index.php\/producto\/dahua-xvr5108hs-i3-dvr-de-8-canales-5-megapixeles-lite-wizsense-ia-h-265-8-canales-hdcvi4-ip-hasta-12-canales-ip-1-ch-de-reconocimiento-facial-codificacion-ia-smd-plus-1ch-proteccion-peri\/","title":{"rendered":"DAHUA XVR5108HS-I3 &#8211; DVR de 8 Canales 5 Megapixeles Lite\/ WizSense\/ IA\/ H.265+\/ 8 Canales HDCVI+4 IP\/ Hasta 12 Canales IP\/ 1 Ch de Reconocimiento Facial\/ Codificaci\u00f3n IA\/ SMD Plus\/ 1Ch Proteccion Perimetral\/ 1 Bah\u00eda para Disco Duro\/ IoT&amp;Pos\/"},"content":{"rendered":"<div class=\"row aling-items-center padding-bottom-2x\">\n<div class=\"col-lg-12\">\n<h5 class=\"card-title text-center\">Informaci\u00f3n General<\/h5>\n<p>La nueva serie grabadores,\u00a0<strong>XVR5108HS-I3<\/strong>\u00a0con SMD Plus de canal completo para beneficiar a los clientes con la actualizaci\u00f3n de IA. La serie est\u00e1 dise\u00f1ada para reducir las tasas de falsas alarmas y los costos de vigilancia humana, lo que brinda un gran valor a los clientes que buscan productos con alarmas precisas para humanos\/veh\u00edculos para elevar el nivel de seguridad de varias instalaciones interiores y exteriores.<\/p>\n<p><strong>*Las inteligencias se pierden al colocar un canal IP<\/strong><\/p>\n<p><img decoding=\"async\" class=\"overview-center-img-web\" src=\"https:\/\/tvc.mx\/media\/420099\/DVR-de-8-canales-de-5-megapixeles-lite-reconocimiento-facial-proteccion-perimetra-XVR5108HS-I3-Dahua-imgpp.png\" alt=\"\" \/><\/div>\n<\/div>\n<div class=\"row align-items-center padding-bottom-2x\">\n<div class=\"col-md-5\"><img decoding=\"async\" class=\"d-block m-auto img-thumbnail\" src=\"https:\/\/tvc.mx\/media\/420163\/reconocimiento-facial-dahua.png\" alt=\" \" \/><\/div>\n<div class=\"col-md-7 text-md-left text-center\">\n<h2>Reconocimiento facial en tiempo real<\/h2>\n<p class=\"text-muted\">\n<p>Reconocimiento facial en tiempo real de transmisi\u00f3n de video. Funciones de an\u00e1lisis de atributos faciales que incluyen g\u00e9nero, edad, expresi\u00f3n, anteojos, bigote, m\u00e1scara bucal. Identificar personas y tambi\u00e9n capturar, grabar rostros con metadatos. Filtrado de caracter\u00edsticas faciales mientras se muestra en tiempo real, solo muestra caras con caracter\u00edsticas objetivo.<\/p>\n<p><strong>* El reconocimiento facial tiene efecto cuando se selecciona Rostro en modo AI.<\/strong><\/p>\n<p>&nbsp;<\/p>\n<\/div>\n<\/div>\n<hr class=\"padding-bottom-2x\" \/>\n<div class=\"row align-items-center padding-bottom-2x\">\n<div class=\"col-md-5 order-md-2\"><img decoding=\"async\" class=\"d-block m-auto img-thumbnail\" src=\"https:\/\/tvc.mx\/media\/420167\/proteccion-perimetral-dahua.png\" alt=\" \" \/><\/div>\n<div class=\"col-md-7 order-md-1 text-md-left text-center\">\n<h2>Protecci\u00f3n perimetral<\/h2>\n<p class=\"text-muted\">\n<p>Filtrado autom\u00e1tico de falsas alarmas causadas por animales, hojas susurrantes, luces brillantes, etc. Permite que el sistema act\u00fae como reconocimiento secundario de los objetivos. Mejora de la precisi\u00f3n de las alarmas.<\/p>\n<p><strong>* La protecci\u00f3n perimetral entra en vigor cuando se selecciona IVS&amp;SMD en modo AI.<\/strong><\/p>\n<p>&nbsp;<\/p>\n<\/div>\n<\/div>\n<hr class=\"padding-bottom-2x\" \/>\n<div class=\"row align-items-center padding-bottom-2x\">\n<div class=\"col-md-5\"><img decoding=\"async\" class=\"d-block m-auto img-thumbnail\" src=\"https:\/\/tvc.mx\/media\/420171\/SMD-plus-Dahua.png\" alt=\" \" \/><\/div>\n<div class=\"col-md-7 text-md-left text-center\">\n<h2>SMD Plus<\/h2>\n<p class=\"text-muted\">\n<p>SMD Plus, conocido como Smart Motion Detection Plus, que es una versi\u00f3n mejorada de SMD que mejora en gran medida la precisi\u00f3n de la alarma al cargar un algoritmo de aprendizaje profundo. Analiza formas de personas y veh\u00edculos basado en la detecci\u00f3n de movimiento y env\u00eda alarmas solo cuando la persona y el veh\u00edculo se entrometen.<\/p>\n<p><strong>* SMD Plus surte efecto cuando se selecciona SMD o IVS&amp;SMD en modo AI.<\/strong><\/p>\n<p>&nbsp;<\/p>\n<\/div>\n<\/div>\n<hr class=\"padding-bottom-2x\" \/>\n<div class=\"row align-items-center padding-bottom-2x\">\n<div class=\"col-md-5 order-md-2\"><img decoding=\"async\" class=\"d-block m-auto img-thumbnail\" src=\"https:\/\/tvc.mx\/media\/420175\/Metadatos-dahua.png\" alt=\" \" \/><\/div>\n<div class=\"col-md-7 order-md-1 text-md-left text-center\">\n<h2>B\u00fasqueda de IA<\/h2>\n<p class=\"text-muted\">\n<p>Extraiga y clasifique personas y veh\u00edculos a partir de datos de video masivos, f\u00e1cil para que los usuarios finales rastreen y analicen informaci\u00f3n hist\u00f3rica. Persona y veh\u00edculo opcionales para la reproducci\u00f3n para lograr una b\u00fasqueda r\u00e1pida de objetivos, ahorrando tiempo de recuperaci\u00f3n de eventos.<\/p>\n<p>&nbsp;<\/p>\n<\/div>\n<\/div>\n<hr class=\"padding-bottom-2x\" \/>\n<div class=\"row align-items-center padding-bottom-2x\">\n<div class=\"col-md-5\"><img decoding=\"async\" class=\"d-block m-auto img-thumbnail\" src=\"https:\/\/tvc.mx\/media\/420179\/tabla-de-compayibilidad-de-HDD-para-equipo-dahua.png\" alt=\" \" \/><\/div>\n<div class=\"col-md-7 text-md-left text-center\">\n<h2>Tabla de compatibilidad HDD<\/h2>\n<p class=\"text-muted\">\n<p>El almacenamiento es parte fundamental de un sistema de videovigilancia por tal motivo te recomendamos revisar nuestra lista de compatibilidad antes de seleccionar un disco duro (HDD).<\/p>\n<p>https:\/\/foro.tvc.mx\/docs\/lista-compatibilidad-hdd<\/p>\n<p>&nbsp;<\/p>\n<\/div>\n<\/div>\n<hr class=\"padding-bottom-2x\" \/>\n<div class=\"row align-items-center padding-bottom-2x\">\n<div class=\"col-md-5 order-md-2\"><img decoding=\"async\" class=\"d-block m-auto img-thumbnail\" src=\"https:\/\/tvc.mx\/media\/420183\/DVR-de-8-canales-de-5-megapixeles-lite-reconocimiento-facial-proteccion-perimetra-XVR5108HS-I3-Dahua-caracteristicas.png\" alt=\" \" \/><\/div>\n<div class=\"col-md-7 order-md-1 text-md-left text-center\">\n<h2>Principales caracter\u00edsticas<\/h2>\n<p class=\"text-muted\">\n<ul>\n<li>Funcionamiento con los dispositivos Dahua que operan seg\u00fan el concepto de Internet de las cosas (IoT),<\/li>\n<li>POS &#8211; soporta los dispositivos instalados en los puntos de venta y muestra los datos de ellos como texto superpuesto en una ventana seleccionada del canal,<\/li>\n<li>SMD PLUS &#8211; b\u00fasqueda de un objeto clasificado como: persona, veh\u00edculo de motor<\/li>\n<li>Soporte para Coax Audio\/Alarm,<\/li>\n<li>An\u00e1lisis Inteligente de la Imagen :\u00a0cruzamiento de la l\u00ednea (cable trampa),\u00a0intrusi\u00f3n, clasificaci\u00f3n de personas y veh\u00edculos<\/li>\n<li>funciones avanzadas de reconocimiento facial y b\u00fasqueda de rostros<\/li>\n<li>Soporte para hasta 10 bases de datos de rostros, incluidas 10 000 im\u00e1genes de rostros<\/li>\n<li>Detecci\u00f3n de rostros que no est\u00e1n presentes en la base de datos del dispositivo<\/li>\n<li>B\u00fasqueda de rostros en grabaciones basada en max 8 fotos seleccionadas, con posibilidad de ajustar de forma independiente el umbral de similitud para cada foto<\/li>\n<\/ul>\n<p>&nbsp;<\/p>\n<\/div>\n<\/div>\n<hr class=\"padding-bottom-2x\" \/>\n<div class=\"row align-items-center padding-bottom-2x\">\n<div class=\"col-md-5\"><img decoding=\"async\" class=\"d-block m-auto img-thumbnail\" src=\"https:\/\/tvc.mx\/media\/420187\/DVR-de-8-canales-de-5-megapixeles-lite-reconocimiento-facial-proteccion-perimetra-XVR5108HS-I3-Dahua-especificaciones.png\" alt=\" \" \/><\/div>\n<div class=\"col-md-7 text-md-left text-center\">\n<h2>Especificaciones<\/h2>\n<p class=\"text-muted\">\n<ul>\n<li>Est\u00e1ndar: AHD,\u00a0HD-CVI,\u00a0HD-TVI,\u00a0CVBS,\u00a0TCP\/IP<\/li>\n<li>Entradas de v\u00eddeo: 8\u00a0uds.\u00a0BNC<\/li>\n<li>Salidas de v\u00eddeo:1\u00a0uds.\u00a0HDMI,1\u00a0uds.\u00a0VGA<\/li>\n<li>Entradas de audio:1\u00a0uds. &#8211;\u00a0CINCH, 8\u00a0&#8211; Soporte para audio a trav\u00e9s del cable coaxial, s\u00f3lo HD-CVI<\/li>\n<li>M\u00e9todo de compresi\u00f3n de im\u00e1genes: AI Coding \/ H.265+ \/\u00a0H.265\u00a0\/ H.264+ \/\u00a0H.264<\/li>\n<li>Modos de funcionamiento:8 x\u00a0\u00a0AHD\u00a0\/\u00a0HD-CVI\u00a0\/\u00a0HD-TVI\u00a0\/\u00a0CVBS\u00a0\/ IP + 4 x\u00a0IP<\/li>\n<li>Modos de grabaci\u00f3n: Manual, detecci\u00f3n de movimiento, horario<\/li>\n<li>Discos duros compatibles:1\u00a0x 10\u00a0TB\u00a0SATA<\/li>\n<li>Guarda fotogramas individuales o grabaciones enteras del archivo en la unidad USB<\/li>\n<li>B\u00fasqueda de grabaciones por tiempo + l\u00ednea de tiempo con el tipo de grabaci\u00f3n. Reproducci\u00f3n: hacia adelante, modo r\u00e1pido, modo lento, por pasos<\/li>\n<li>B\u00fasqueda avanzada (con la precisi\u00f3n de un segundo)<\/li>\n<li>B\u00fasqueda inteligente de rostros IA &#8211; b\u00fasqueda simult\u00e1nea en el archivo de grabaciones de rostros, basada en max 8 fotos teniendo en cuenta el umbral de similitud (para cada foto por separado)<\/li>\n<li>Reproducci\u00f3n sincr\u00f3nica de 1\/4\/9 canales<\/li>\n<li>2\u00a0uds.\u00a0USB 2.0<\/li>\n<li>Alimentaci\u00f3n:12\u00a0V\u00a0DC\u00a0\/ 2\u00a0A<\/li>\n<\/ul>\n<\/div>\n<\/div>\n","protected":false},"excerpt":{"rendered":"<p>Informaci\u00f3n General La nueva serie grabadores,\u00a0XVR5108HS-I3\u00a0con SMD Plus de canal completo para beneficiar a los clientes con la actualizaci\u00f3n de IA. La serie est\u00e1 dise\u00f1ada para reducir las tasas de falsas alarmas y los costos de vigilancia humana, lo que brinda un gran valor a&hellip;<\/p>\n","protected":false},"featured_media":2893,"comment_status":"open","ping_status":"closed","template":"","meta":{"om_disable_all_campaigns":false,"_monsterinsights_skip_tracking":false,"_monsterinsights_sitenote_active":false,"_monsterinsights_sitenote_note":"","_monsterinsights_sitenote_category":0},"product_brand":[],"product_cat":[175],"product_tag":[66,58,172,173],"class_list":{"0":"post-2894","1":"product","2":"type-product","3":"status-publish","4":"has-post-thumbnail","6":"product_cat-dvrs-hd-8-canales","7":"product_tag-dahua","8":"product_tag-dvr","9":"product_tag-dvr-dahua","10":"product_tag-videgrabadora-de-camaras","12":"first","13":"instock","14":"sale","15":"taxable","16":"shipping-taxable","17":"purchasable","18":"product-type-simple"},"aioseo_notices":[],"_links":{"self":[{"href":"https:\/\/tecsecmty.com\/index.php\/wp-json\/wp\/v2\/product\/2894","targetHints":{"allow":["GET"]}}],"collection":[{"href":"https:\/\/tecsecmty.com\/index.php\/wp-json\/wp\/v2\/product"}],"about":[{"href":"https:\/\/tecsecmty.com\/index.php\/wp-json\/wp\/v2\/types\/product"}],"replies":[{"embeddable":true,"href":"https:\/\/tecsecmty.com\/index.php\/wp-json\/wp\/v2\/comments?post=2894"}],"version-history":[{"count":0,"href":"https:\/\/tecsecmty.com\/index.php\/wp-json\/wp\/v2\/product\/2894\/revisions"}],"wp:featuredmedia":[{"embeddable":true,"href":"https:\/\/tecsecmty.com\/index.php\/wp-json\/wp\/v2\/media\/2893"}],"wp:attachment":[{"href":"https:\/\/tecsecmty.com\/index.php\/wp-json\/wp\/v2\/media?parent=2894"}],"wp:term":[{"taxonomy":"product_brand","embeddable":true,"href":"https:\/\/tecsecmty.com\/index.php\/wp-json\/wp\/v2\/product_brand?post=2894"},{"taxonomy":"product_cat","embeddable":true,"href":"https:\/\/tecsecmty.com\/index.php\/wp-json\/wp\/v2\/product_cat?post=2894"},{"taxonomy":"product_tag","embeddable":true,"href":"https:\/\/tecsecmty.com\/index.php\/wp-json\/wp\/v2\/product_tag?post=2894"}],"curies":[{"name":"wp","href":"https:\/\/api.w.org\/{rel}","templated":true}]}}