{"id":2927,"date":"2023-02-22T22:09:18","date_gmt":"2023-02-23T04:09:18","guid":{"rendered":"https:\/\/tecsecmty.com\/index.php\/producto\/dahua-dh-pfa140a-caja-de-conexiones-anticorrosion-material-aluminio-secc-ip66-lonuevo\/"},"modified":"2023-03-22T23:22:25","modified_gmt":"2023-03-23T05:22:25","slug":"dahua-dh-pfa140a-caja-de-conexiones-anticorrosion-material-aluminio-secc-ip66-lonuevo","status":"publish","type":"product","link":"https:\/\/tecsecmty.com\/index.php\/producto\/dahua-dh-pfa140a-caja-de-conexiones-anticorrosion-material-aluminio-secc-ip66-lonuevo\/","title":{"rendered":"DAHUA DH-PFA140A &#8211; Caja de Conexiones Anticorrosi\u00f3n\/ Material Aluminio &amp; SECC\/ IP66\/ #LoNuevo"},"content":{"rendered":"<div class=\"row aling-items-center padding-bottom-2x\">\n<div class=\"col-lg-12\">\n<h5 class=\"card-title text-center\">Informaci\u00f3n General<\/h5>\n<p>El modelo\u00a0<strong>PFA140<\/strong>\u00a0es una caja de conexiones para c\u00e1maras PTZ Dahua, esta dise\u00f1ado en est\u00e9ticamente apta para uso exterior y de instalaci\u00f3n en techo o pared. La estructura impermeable de la caja permite instalarla en exterior ya que esta compuesta por Aluminio y SECC (<em>Steel Electrogalvanized ColdRolled Coil<\/em>, rollo de acero electrogalvanizado conformado en fr\u00edo).<\/p>\n<p><img decoding=\"async\" class=\"overview-center-img-web\" src=\"https:\/\/tvc.mx\/media\/470442\/caja-de-conexiones-exterior-para-camaras-PTZ-PFA140-dahua.png\" alt=\"\" \/><\/div>\n<\/div>\n<div class=\"row aling-items-center padding-bottom-2x\">\n<div class=\"col-lg-12\">\n<h5 class=\"card-title text-center\">Modo de instalaciones<\/h5>\n<p>La caja de conexiones\u00a0<strong>PFA140<\/strong>\u00a0le permite utilizarla de diferentes maneras en conjunto con los brazos para PTZ.<\/p>\n<p><img decoding=\"async\" class=\"overview-center-img-web\" src=\"https:\/\/tvc.mx\/media\/470444\/instalaciones-varias.png\" alt=\"\" \/><\/div>\n<\/div>\n<div class=\"row align-items-center padding-bottom-2x\">\n<div class=\"col-md-5\"><img decoding=\"async\" class=\"d-block m-auto img-thumbnail\" src=\"https:\/\/tvc.mx\/media\/470446\/compatibann.png\" alt=\" \" \/><\/div>\n<div class=\"col-md-7 text-md-left text-center\">\n<h2>Amplia compatibilidad<\/h2>\n<p class=\"text-muted\">\n<p>La caja de conexiones es compatible con los brazos\u00a0<strong>PFB303W\u00a0<\/strong>y\u00a0<strong>PFB305W.<\/strong><\/p>\n<p>Las c\u00e1maras PTZ SD6C225IHCS3, SD60230UHNI\u00a0, SD6AL245UHNI, SD6CE225IHCS3 ,\u00a0SD6CE225UHNI, SD6CE430IHC pueden utiizar esta caja de conexiones y su respectivo brazo para realizar una instalaci\u00f3n est\u00e9tica, pr\u00e1ctica y segura.<\/p>\n<p>&nbsp;<\/p>\n<\/div>\n<\/div>\n<hr class=\"padding-bottom-2x\" \/>\n<div class=\"row align-items-center padding-bottom-2x\">\n<div class=\"col-md-5 order-md-2\"><img decoding=\"async\" class=\"d-block m-auto img-thumbnail\" src=\"https:\/\/tvc.mx\/media\/470448\/caja-de-conexiones-exterior-para-camaras-PTZ-PFA140-dahua-caracteristicas.png\" alt=\" \" \/><\/div>\n<div class=\"col-md-7 order-md-1 text-md-left text-center\">\n<h2>Principales Caracter\u00edsticas<\/h2>\n<p class=\"text-muted\">\n<ul>\n<li>Material: Aluminio y SECC<\/li>\n<li>Dimensi\u00f3n 297 mm x 248 mm x 106 mm<\/li>\n<li>Rosca en pulgadas M20(G1\/2\u201d)<\/li>\n<li>Cargar los portes 8,0 kg<\/li>\n<li>Peso 3,2 kg<\/li>\n<li>Color blanco<\/li>\n<li>Temperatura de funcionamiento &#8211; 40\u00baC~+60\u00baC<\/li>\n<li>Humedad 0~90% de humedad relativa<\/li>\n<\/ul>\n<\/div>\n<\/div>\n","protected":false},"excerpt":{"rendered":"<p>Informaci\u00f3n General El modelo\u00a0PFA140\u00a0es una caja de conexiones para c\u00e1maras PTZ Dahua, esta dise\u00f1ado en est\u00e9ticamente apta para uso exterior y de instalaci\u00f3n en techo o pared. La estructura impermeable de la caja permite instalarla en exterior ya que esta compuesta por Aluminio y SECC&hellip;<\/p>\n","protected":false},"featured_media":2926,"comment_status":"open","ping_status":"closed","template":"","meta":{"om_disable_all_campaigns":false,"_monsterinsights_skip_tracking":false,"_monsterinsights_sitenote_active":false,"_monsterinsights_sitenote_note":"","_monsterinsights_sitenote_category":0},"product_brand":[],"product_cat":[190],"product_tag":[178,179,180,181,182,183,184,185],"class_list":{"0":"post-2927","1":"product","2":"type-product","3":"status-publish","4":"has-post-thumbnail","6":"product_cat-soporte-y-montaje","7":"product_tag-accesorios-dahua","8":"product_tag-gabinetes","9":"product_tag-lentes","10":"product_tag-microfonos","11":"product_tag-probadores-de-video","12":"product_tag-soporte-y-montaje","13":"product_tag-teclados-y-joystick","14":"product_tag-tranceptores","16":"first","17":"instock","18":"sale","19":"taxable","20":"shipping-taxable","21":"purchasable","22":"product-type-simple"},"aioseo_notices":[],"_links":{"self":[{"href":"https:\/\/tecsecmty.com\/index.php\/wp-json\/wp\/v2\/product\/2927","targetHints":{"allow":["GET"]}}],"collection":[{"href":"https:\/\/tecsecmty.com\/index.php\/wp-json\/wp\/v2\/product"}],"about":[{"href":"https:\/\/tecsecmty.com\/index.php\/wp-json\/wp\/v2\/types\/product"}],"replies":[{"embeddable":true,"href":"https:\/\/tecsecmty.com\/index.php\/wp-json\/wp\/v2\/comments?post=2927"}],"version-history":[{"count":0,"href":"https:\/\/tecsecmty.com\/index.php\/wp-json\/wp\/v2\/product\/2927\/revisions"}],"wp:featuredmedia":[{"embeddable":true,"href":"https:\/\/tecsecmty.com\/index.php\/wp-json\/wp\/v2\/media\/2926"}],"wp:attachment":[{"href":"https:\/\/tecsecmty.com\/index.php\/wp-json\/wp\/v2\/media?parent=2927"}],"wp:term":[{"taxonomy":"product_brand","embeddable":true,"href":"https:\/\/tecsecmty.com\/index.php\/wp-json\/wp\/v2\/product_brand?post=2927"},{"taxonomy":"product_cat","embeddable":true,"href":"https:\/\/tecsecmty.com\/index.php\/wp-json\/wp\/v2\/product_cat?post=2927"},{"taxonomy":"product_tag","embeddable":true,"href":"https:\/\/tecsecmty.com\/index.php\/wp-json\/wp\/v2\/product_tag?post=2927"}],"curies":[{"name":"wp","href":"https:\/\/api.w.org\/{rel}","templated":true}]}}