{"id":2933,"date":"2023-02-22T22:09:25","date_gmt":"2023-02-23T04:09:25","guid":{"rendered":"https:\/\/tecsecmty.com\/index.php\/producto\/dahua-dh-pfb211w-brazo-para-pared-compatible-con-camaras-domo-modelos-hdbwxxexx-hdbwxxh-xx-y\/"},"modified":"2023-03-22T23:22:25","modified_gmt":"2023-03-23T05:22:25","slug":"dahua-dh-pfb211w-brazo-para-pared-compatible-con-camaras-domo-modelos-hdbwxxexx-hdbwxxh-xx-y","status":"publish","type":"product","link":"https:\/\/tecsecmty.com\/index.php\/producto\/dahua-dh-pfb211w-brazo-para-pared-compatible-con-camaras-domo-modelos-hdbwxxexx-hdbwxxh-xx-y\/","title":{"rendered":"DAHUA DH-PFB211W &#8211; Brazo para Pared compatible con C\u00e1maras Domo Modelos: HDBWxxExx, HDBWxxH-xx y"},"content":{"rendered":"<div class=\"row aling-items-center padding-bottom-2x\">\n<div class=\"col-lg-12\">\n<h5 class=\"card-title text-center\">Informaci\u00f3n General<\/h5>\n<p>EL\u00a0<strong>PFB211W<\/strong>\u00a0es un brazo de pared para c\u00e1maras domo de la marca Dahua, el brazo est\u00e1 construido de un material con aleaci\u00f3n de aluminio el cual le permite soportar hasta\u00a0<strong>3Kg<\/strong>\u00a0de peso. Tiene un dise\u00f1o est\u00e9tico que permite el paso interno de cableado y cuenta con m\u00faltiples orificios para instalaci\u00f3n de diferentes tipos de c\u00e1maras domo de la series HDBWxxExx, HDBWxxH-xx.<\/p>\n<p><img decoding=\"async\" class=\"overview-center-img-web\" src=\"https:\/\/tvc.mx\/media\/152038\/Dahua-PFB211W-Brazo-de-Pared-C%C3%A1maras-Domo-BannerPpal.png\" alt=\"\" \/><\/div>\n<\/div>\n<div class=\"row aling-items-center padding-bottom-2x\">\n<div class=\"col-lg-12\">\n<h5 class=\"card-title text-center\">Amplia Compatibilidad<\/h5>\n<p>El brazo de pared\u00a0<strong>PFB211W\u00a0<\/strong>es compatible con las c\u00e1maras Dahua HDABW3802EZ, HDABW3231EZ, HDBW5442H-Z4E, HDBW7442H-Z4FR, HDBW7442H-Z4.<\/p>\n<p><img decoding=\"async\" class=\"overview-center-img-web\" src=\"https:\/\/tvc.mx\/media\/152094\/Dahua-PFB211W-Brazo-de-Pared-C%C3%A1maras-Domo-Compatibilidad.png\" alt=\"\" \/><\/div>\n<\/div>\n<div class=\"row aling-items-center padding-bottom-2x\">\n<div class=\"col-lg-12\">\n<h5 class=\"card-title text-center\">Principales Caracter\u00edsticas<\/h5>\n<ul>\n<li>Material: Aleaci\u00f3n de Aluminio.<\/li>\n<li>Dimensi\u00f3nes: 235.4mm x 180.3mm x 84.2mm.<\/li>\n<li>Temperatura de operaci\u00f3n: -40\u00baC ~ 60\u00baC.<\/li>\n<li>Humedad: 0~90% RH.<\/li>\n<li>Capacidad de carga: 3.0Kg.<\/li>\n<li>Peso: 0.97kg.<\/li>\n<li>Color: Blanco<\/li>\n<li>Modelos Compatibles: HDABW3802EZ, HDABW3231EZ, HDBW5442H-Z4E, HDBW7442H-Z4FR y HDBW7442H-Z4.<\/li>\n<\/ul>\n<p><img decoding=\"async\" class=\"overview-center-img-web\" src=\"https:\/\/tvc.mx\/media\/152098\/principalcaracimg-pal.png\" alt=\"\" \/><\/div>\n<\/div>\n","protected":false},"excerpt":{"rendered":"<p>Informaci\u00f3n General EL\u00a0PFB211W\u00a0es un brazo de pared para c\u00e1maras domo de la marca Dahua, el brazo est\u00e1 construido de un material con aleaci\u00f3n de aluminio el cual le permite soportar hasta\u00a03Kg\u00a0de peso. Tiene un dise\u00f1o est\u00e9tico que permite el paso interno de cableado y cuenta&hellip;<\/p>\n","protected":false},"featured_media":2932,"comment_status":"open","ping_status":"closed","template":"","meta":{"om_disable_all_campaigns":false,"_monsterinsights_skip_tracking":false,"_monsterinsights_sitenote_active":false,"_monsterinsights_sitenote_note":"","_monsterinsights_sitenote_category":0},"product_brand":[],"product_cat":[190],"product_tag":[178,179,180,181,182,183,184,185],"class_list":{"0":"post-2933","1":"product","2":"type-product","3":"status-publish","4":"has-post-thumbnail","6":"product_cat-soporte-y-montaje","7":"product_tag-accesorios-dahua","8":"product_tag-gabinetes","9":"product_tag-lentes","10":"product_tag-microfonos","11":"product_tag-probadores-de-video","12":"product_tag-soporte-y-montaje","13":"product_tag-teclados-y-joystick","14":"product_tag-tranceptores","16":"first","17":"instock","18":"sale","19":"taxable","20":"shipping-taxable","21":"purchasable","22":"product-type-simple"},"aioseo_notices":[],"_links":{"self":[{"href":"https:\/\/tecsecmty.com\/index.php\/wp-json\/wp\/v2\/product\/2933","targetHints":{"allow":["GET"]}}],"collection":[{"href":"https:\/\/tecsecmty.com\/index.php\/wp-json\/wp\/v2\/product"}],"about":[{"href":"https:\/\/tecsecmty.com\/index.php\/wp-json\/wp\/v2\/types\/product"}],"replies":[{"embeddable":true,"href":"https:\/\/tecsecmty.com\/index.php\/wp-json\/wp\/v2\/comments?post=2933"}],"version-history":[{"count":0,"href":"https:\/\/tecsecmty.com\/index.php\/wp-json\/wp\/v2\/product\/2933\/revisions"}],"wp:featuredmedia":[{"embeddable":true,"href":"https:\/\/tecsecmty.com\/index.php\/wp-json\/wp\/v2\/media\/2932"}],"wp:attachment":[{"href":"https:\/\/tecsecmty.com\/index.php\/wp-json\/wp\/v2\/media?parent=2933"}],"wp:term":[{"taxonomy":"product_brand","embeddable":true,"href":"https:\/\/tecsecmty.com\/index.php\/wp-json\/wp\/v2\/product_brand?post=2933"},{"taxonomy":"product_cat","embeddable":true,"href":"https:\/\/tecsecmty.com\/index.php\/wp-json\/wp\/v2\/product_cat?post=2933"},{"taxonomy":"product_tag","embeddable":true,"href":"https:\/\/tecsecmty.com\/index.php\/wp-json\/wp\/v2\/product_tag?post=2933"}],"curies":[{"name":"wp","href":"https:\/\/api.w.org\/{rel}","templated":true}]}}