{"id":2935,"date":"2023-02-22T22:09:26","date_gmt":"2023-02-23T04:09:26","guid":{"rendered":"https:\/\/tecsecmty.com\/index.php\/producto\/dahua-dh-pfb303s-soporte-para-montaje-en-parapeto-giratorio-diseno-estetico-compatible-con-camaras-ptz-dahua-de-las-series-sd59-sd50-sd40\/"},"modified":"2023-03-22T23:22:25","modified_gmt":"2023-03-23T05:22:25","slug":"dahua-dh-pfb303s-soporte-para-montaje-en-parapeto-giratorio-diseno-estetico-compatible-con-camaras-ptz-dahua-de-las-series-sd59-sd50-sd40","status":"publish","type":"product","link":"https:\/\/tecsecmty.com\/index.php\/producto\/dahua-dh-pfb303s-soporte-para-montaje-en-parapeto-giratorio-diseno-estetico-compatible-con-camaras-ptz-dahua-de-las-series-sd59-sd50-sd40\/","title":{"rendered":"DAHUA DH-PFB303S &#8211; Soporte para Montaje en Parapeto\/ Giratorio\/ Dise\u00f1o Estetico\/ Compatible con Camaras PTZ Dahua de las Series SD59\/ SD50\/ SD40"},"content":{"rendered":"<div class=\"row aling-items-center padding-bottom-2x\">\n<div class=\"col-lg-12\">\n<h5 class=\"card-title text-center\">Informaci\u00f3n general<\/h5>\n<p>El modelo PFB303S es un montaje parapeto giratorio para c\u00e1maras ptz series SD59, SD50, SD40. El montaje est\u00e1 construido de un material de aluminio el cual le permite soportar hasta 7kg de peso.<\/p>\n<p><img decoding=\"async\" class=\"overview-center-img-web\" src=\"https:\/\/tvc.mx\/media\/478146\/soporte-para-montaje-en-parapeto-giratorio-con-camara-ptz-PFB303S-Dahua.png\" alt=\"\" \/><\/div>\n<\/div>\n<div class=\"row align-items-center padding-bottom-2x\">\n<div class=\"col-md-5\"><img decoding=\"async\" class=\"d-block m-auto img-thumbnail\" src=\"https:\/\/tvc.mx\/media\/478148\/soporte-para-montaje-en-parapeto-giratorio-con-camara-ptz-PFB303S-Dahua-caracteristicas.png\" alt=\" \" \/><\/div>\n<div class=\"col-md-7 text-md-left text-center\">\n<h2>Caracter\u00edsticas principales<\/h2>\n<p class=\"text-muted\">\n<ul>\n<li class=\"ql-align-justify\">Material aluminio y SUS 430.<\/li>\n<li class=\"ql-align-justify\">Dimensiones\u00a087.85cm x 82.40cm x 18.0cm.<\/li>\n<li class=\"ql-align-justify\">Temperatura de funcionamiento -40\u00baC\u00a0~ 60\u00baC.<\/li>\n<li class=\"ql-align-justify\">Humedad\u00a00 ~ 90% RH.<\/li>\n<li class=\"ql-align-justify\">Peso de carga 7.0kg.<\/li>\n<li class=\"ql-align-justify\">Peso 4.3kg.<\/li>\n<li class=\"ql-align-justify\">Color blanco.<\/li>\n<li class=\"ql-align-justify\">Modelos compatibles: series SD59, SD50 y SD40.<\/li>\n<\/ul>\n<\/div>\n<\/div>\n","protected":false},"excerpt":{"rendered":"<p>Informaci\u00f3n general El modelo PFB303S es un montaje parapeto giratorio para c\u00e1maras ptz series SD59, SD50, SD40. El montaje est\u00e1 construido de un material de aluminio el cual le permite soportar hasta 7kg de peso. Caracter\u00edsticas principales Material aluminio y SUS 430. Dimensiones\u00a087.85cm x 82.40cm&hellip;<\/p>\n","protected":false},"featured_media":2934,"comment_status":"open","ping_status":"closed","template":"","meta":{"om_disable_all_campaigns":false,"_monsterinsights_skip_tracking":false,"_monsterinsights_sitenote_active":false,"_monsterinsights_sitenote_note":"","_monsterinsights_sitenote_category":0},"product_brand":[],"product_cat":[190],"product_tag":[178,179,180,181,182,183,184,185],"class_list":{"0":"post-2935","1":"product","2":"type-product","3":"status-publish","4":"has-post-thumbnail","6":"product_cat-soporte-y-montaje","7":"product_tag-accesorios-dahua","8":"product_tag-gabinetes","9":"product_tag-lentes","10":"product_tag-microfonos","11":"product_tag-probadores-de-video","12":"product_tag-soporte-y-montaje","13":"product_tag-teclados-y-joystick","14":"product_tag-tranceptores","16":"first","17":"instock","18":"sale","19":"taxable","20":"shipping-taxable","21":"purchasable","22":"product-type-simple"},"aioseo_notices":[],"_links":{"self":[{"href":"https:\/\/tecsecmty.com\/index.php\/wp-json\/wp\/v2\/product\/2935","targetHints":{"allow":["GET"]}}],"collection":[{"href":"https:\/\/tecsecmty.com\/index.php\/wp-json\/wp\/v2\/product"}],"about":[{"href":"https:\/\/tecsecmty.com\/index.php\/wp-json\/wp\/v2\/types\/product"}],"replies":[{"embeddable":true,"href":"https:\/\/tecsecmty.com\/index.php\/wp-json\/wp\/v2\/comments?post=2935"}],"version-history":[{"count":0,"href":"https:\/\/tecsecmty.com\/index.php\/wp-json\/wp\/v2\/product\/2935\/revisions"}],"wp:featuredmedia":[{"embeddable":true,"href":"https:\/\/tecsecmty.com\/index.php\/wp-json\/wp\/v2\/media\/2934"}],"wp:attachment":[{"href":"https:\/\/tecsecmty.com\/index.php\/wp-json\/wp\/v2\/media?parent=2935"}],"wp:term":[{"taxonomy":"product_brand","embeddable":true,"href":"https:\/\/tecsecmty.com\/index.php\/wp-json\/wp\/v2\/product_brand?post=2935"},{"taxonomy":"product_cat","embeddable":true,"href":"https:\/\/tecsecmty.com\/index.php\/wp-json\/wp\/v2\/product_cat?post=2935"},{"taxonomy":"product_tag","embeddable":true,"href":"https:\/\/tecsecmty.com\/index.php\/wp-json\/wp\/v2\/product_tag?post=2935"}],"curies":[{"name":"wp","href":"https:\/\/api.w.org\/{rel}","templated":true}]}}