{"id":2937,"date":"2023-02-22T22:09:29","date_gmt":"2023-02-23T04:09:29","guid":{"rendered":"https:\/\/tecsecmty.com\/index.php\/producto\/dahua-exb100-montaje-en-pared-para-camara-dahua-antiexplosion-epc230u\/"},"modified":"2023-03-22T23:22:37","modified_gmt":"2023-03-23T05:22:37","slug":"dahua-exb100-montaje-en-pared-para-camara-dahua-antiexplosion-epc230u","status":"publish","type":"product","link":"https:\/\/tecsecmty.com\/index.php\/producto\/dahua-exb100-montaje-en-pared-para-camara-dahua-antiexplosion-epc230u\/","title":{"rendered":"DAHUA EXB100- MONTAJE EN PARED PARA CAMARA DAHUA ANTIEXPLOSION EPC230U"},"content":{"rendered":"<div class=\"row aling-items-center padding-bottom-2x\">\n<div class=\"col-lg-12\">\n<h5 class=\"card-title text-center\">Informaci\u00f3n General<\/h5>\n<p>EL\u00a0modelo EXB100\u00a0es un montaje de pared que se utiliza para la c\u00e1mara anti-explosi\u00f3n EPC230U de la marca Dahua, el brazo est\u00e1 construido de acero inoxidable dise\u00f1ado para entornos de temperaturas extremas, tiene una capacidad de carga de hasta 50 kg.\u00a0Recomendado para usar con la c\u00e1mara protegida contra explosiones EPC230UN<\/p>\n<p><img decoding=\"async\" class=\"overview-center-img-web\" src=\"https:\/\/tvc.mx\/media\/167202\/DH-EXB100-Montaje-en-Pared-para-c%C3%A1mara-EPC230Ub.png\" alt=\"\" \/><\/div>\n<\/div>\n<div class=\"row aling-items-center padding-bottom-2x\">\n<div class=\"col-lg-12\">\n<h5 class=\"card-title text-center\">F\u00e1cil Instalaci\u00f3n<\/h5>\n<p>El Montaje de Pared es de f\u00e1cil instalaci\u00f3n en conjunto con el adaptador ZAZ100W .<\/p>\n<p><img decoding=\"async\" class=\"overview-center-img-web\" src=\"https:\/\/tvc.mx\/media\/167238\/INST.png\" alt=\"\" \/><\/div>\n<\/div>\n<div class=\"row aling-items-center padding-bottom-2x\">\n<div class=\"col-lg-12\">\n<h5 class=\"card-title text-center\">Material resistente a la Intemperie<\/h5>\n<p>El montaje EXB100 esta construido de acero inoxidable tipo 304,\u00a0su contenido de cromo-n\u00edquel y bajo contenido de carbono, es el m\u00e1s vers\u00e1til y ampliamente utilizado\u00a0en recintos el\u00e9ctricos resistentes a la corrosi\u00f3n, herrajes de acero inoxidable, tanques de almacenamiento, recipientes a presi\u00f3n y tuber\u00edas.<\/p>\n<p><img decoding=\"async\" class=\"overview-center-img-web\" src=\"https:\/\/tvc.mx\/media\/167298\/DH-EXB100-Montaje-en-Pared-para-c%C3%A1mara-EPC230Ub--intemperie.png\" alt=\"\" \/><\/div>\n<\/div>\n<div class=\"row aling-items-center padding-bottom-2x\">\n<div class=\"col-lg-12\">\n<h5 class=\"card-title text-center\">Principales Caracter\u00edsticas<\/h5>\n<ul>\n<li class=\"ql-align-justify\">Material acero inoxidable.<\/li>\n<li class=\"ql-align-justify\">Dimensiones\u00a0150.0 mm x 160.0 mm x 395.0 mm.<\/li>\n<li class=\"ql-align-justify\">Temperatura de operaci\u00f3n\u00a0-40\u00baC ~60\u00baC.<\/li>\n<li class=\"ql-align-justify\">Humedad\u00a0-95% RH.<\/li>\n<li class=\"ql-align-justify\">Capacidad de carga\u00a050 Kg.<\/li>\n<li class=\"ql-align-justify\">Peso\u00a01.60 Kg.<\/li>\n<\/ul>\n<p><img decoding=\"async\" class=\"overview-center-img-web\" src=\"https:\/\/tvc.mx\/media\/167526\/principalcaracimg-pal.png\" alt=\"\" \/><\/div>\n<\/div>\n","protected":false},"excerpt":{"rendered":"<p>Informaci\u00f3n General EL\u00a0modelo EXB100\u00a0es un montaje de pared que se utiliza para la c\u00e1mara anti-explosi\u00f3n EPC230U de la marca Dahua, el brazo est\u00e1 construido de acero inoxidable dise\u00f1ado para entornos de temperaturas extremas, tiene una capacidad de carga de hasta 50 kg.\u00a0Recomendado para usar con&hellip;<\/p>\n","protected":false},"featured_media":2936,"comment_status":"open","ping_status":"closed","template":"","meta":{"om_disable_all_campaigns":false,"_monsterinsights_skip_tracking":false,"_monsterinsights_sitenote_active":false,"_monsterinsights_sitenote_note":"","_monsterinsights_sitenote_category":0},"product_brand":[],"product_cat":[190],"product_tag":[178,179,180,181,182,183,184,185],"class_list":{"0":"post-2937","1":"product","2":"type-product","3":"status-publish","4":"has-post-thumbnail","6":"product_cat-soporte-y-montaje","7":"product_tag-accesorios-dahua","8":"product_tag-gabinetes","9":"product_tag-lentes","10":"product_tag-microfonos","11":"product_tag-probadores-de-video","12":"product_tag-soporte-y-montaje","13":"product_tag-teclados-y-joystick","14":"product_tag-tranceptores","16":"first","17":"instock","18":"sale","19":"taxable","20":"shipping-taxable","21":"purchasable","22":"product-type-simple"},"aioseo_notices":[],"_links":{"self":[{"href":"https:\/\/tecsecmty.com\/index.php\/wp-json\/wp\/v2\/product\/2937","targetHints":{"allow":["GET"]}}],"collection":[{"href":"https:\/\/tecsecmty.com\/index.php\/wp-json\/wp\/v2\/product"}],"about":[{"href":"https:\/\/tecsecmty.com\/index.php\/wp-json\/wp\/v2\/types\/product"}],"replies":[{"embeddable":true,"href":"https:\/\/tecsecmty.com\/index.php\/wp-json\/wp\/v2\/comments?post=2937"}],"version-history":[{"count":0,"href":"https:\/\/tecsecmty.com\/index.php\/wp-json\/wp\/v2\/product\/2937\/revisions"}],"wp:featuredmedia":[{"embeddable":true,"href":"https:\/\/tecsecmty.com\/index.php\/wp-json\/wp\/v2\/media\/2936"}],"wp:attachment":[{"href":"https:\/\/tecsecmty.com\/index.php\/wp-json\/wp\/v2\/media?parent=2937"}],"wp:term":[{"taxonomy":"product_brand","embeddable":true,"href":"https:\/\/tecsecmty.com\/index.php\/wp-json\/wp\/v2\/product_brand?post=2937"},{"taxonomy":"product_cat","embeddable":true,"href":"https:\/\/tecsecmty.com\/index.php\/wp-json\/wp\/v2\/product_cat?post=2937"},{"taxonomy":"product_tag","embeddable":true,"href":"https:\/\/tecsecmty.com\/index.php\/wp-json\/wp\/v2\/product_tag?post=2937"}],"curies":[{"name":"wp","href":"https:\/\/api.w.org\/{rel}","templated":true}]}}