{"id":2959,"date":"2023-02-22T22:09:54","date_gmt":"2023-02-23T04:09:54","guid":{"rendered":"https:\/\/tecsecmty.com\/index.php\/producto\/dahua-pfa130e-caja-de-conexiones-para-camaras-dahua-compatible-con-series-hfw6-hfw10-hfw4-hfw5-hfw9-hdw9-hdw8-hdw7-hdw6-t3a-hdw10-hdpw-t2a-hdw2-t1a-hdw4\/"},"modified":"2023-03-22T23:23:02","modified_gmt":"2023-03-23T05:23:02","slug":"dahua-pfa130e-caja-de-conexiones-para-camaras-dahua-compatible-con-series-hfw6-hfw10-hfw4-hfw5-hfw9-hdw9-hdw8-hdw7-hdw6-t3a-hdw10-hdpw-t2a-hdw2-t1a-hdw4","status":"publish","type":"product","link":"https:\/\/tecsecmty.com\/index.php\/producto\/dahua-pfa130e-caja-de-conexiones-para-camaras-dahua-compatible-con-series-hfw6-hfw10-hfw4-hfw5-hfw9-hdw9-hdw8-hdw7-hdw6-t3a-hdw10-hdpw-t2a-hdw2-t1a-hdw4\/","title":{"rendered":"DAHUA PFA130E &#8211; Caja de conexiones para camaras DAHUA compatible con series HFW6 \/ HFW10 \/ HFW4 \/ HFW5 \/ HFW9 \/ HDW9 \/ HDW8 \/ HDW7 \/ HDW6 \/ T3A \/ HDW10 \/ HDPW \/ T2A \/ HDW2 \/ T1A \/ HDW4"},"content":{"rendered":"<div class=\"row aling-items-center padding-bottom-2x\">\n<div class=\"col-lg-12\">\n<p class=\"ql-align-justify\">El modelo\u00a0<strong>PFA130E<\/strong>\u00a0es una caja de conexiones impermeable con un dise\u00f1o est\u00e9tico para c\u00e1maras mini domo con anclaje en 4 puntos,\u00a0construida de aluminio el cual le permite soportar hasta 3kg de peso,\u00a0ideal para almacenar conectores, cables y fuentes de alimentaci\u00f3n en el interior.<\/p>\n<p><img decoding=\"async\" class=\"overview-center-img-\" src=\"https:\/\/tvc.mx\/media\/10466\/CAJAPFA130EPPALc.png\" alt=\"\" \/><\/div>\n<\/div>\n<div class=\"row aling-items-center padding-bottom-2x\">\n<div class=\"col-lg-12\">\n<p class=\"ql-align-justify\">Tiene una funci\u00f3n muy \u00fatil para ocultar los cables y conectores que salen de la c\u00e1mara. Cuenta con una distancia entre aberturas de montaje de 48x48mm.<\/p>\n<p><img decoding=\"async\" class=\"overview-center-img-\" src=\"https:\/\/tvc.mx\/media\/10455\/PFA130E-medida.png\" alt=\"\" \/><\/div>\n<\/div>\n<div class=\"row aling-items-center padding-bottom-2x\">\n<div class=\"col-lg-12\">\n<p class=\"ql-align-justify\">Instalaci\u00f3n f\u00e1cil y pr\u00e1ctica para los modelos de las series: HFW6\/ HFW10\/ HFW4\/ HFW5\/ HFW9\/ HDW9\/ HDW8\/ HDW7\/ HDW6\/ T3A\/ HDW10\/ HDPW\/ T2<\/p>\n<p><img decoding=\"async\" class=\"overview-center-img-\" src=\"https:\/\/tvc.mx\/media\/10456\/instalacion-pfa130e.png\" alt=\"\" \/><\/div>\n<\/div>\n","protected":false},"excerpt":{"rendered":"<p>El modelo\u00a0PFA130E\u00a0es una caja de conexiones impermeable con un dise\u00f1o est\u00e9tico para c\u00e1maras mini domo con anclaje en 4 puntos,\u00a0construida de aluminio el cual le permite soportar hasta 3kg de peso,\u00a0ideal para almacenar conectores, cables y fuentes de alimentaci\u00f3n en el interior. Tiene una funci\u00f3n&hellip;<\/p>\n","protected":false},"featured_media":2958,"comment_status":"open","ping_status":"closed","template":"","meta":{"om_disable_all_campaigns":false,"_monsterinsights_skip_tracking":false,"_monsterinsights_sitenote_active":false,"_monsterinsights_sitenote_note":"","_monsterinsights_sitenote_category":0},"product_brand":[],"product_cat":[190],"product_tag":[178,179,180,181,182,183,184,185],"class_list":{"0":"post-2959","1":"product","2":"type-product","3":"status-publish","4":"has-post-thumbnail","6":"product_cat-soporte-y-montaje","7":"product_tag-accesorios-dahua","8":"product_tag-gabinetes","9":"product_tag-lentes","10":"product_tag-microfonos","11":"product_tag-probadores-de-video","12":"product_tag-soporte-y-montaje","13":"product_tag-teclados-y-joystick","14":"product_tag-tranceptores","16":"first","17":"instock","18":"sale","19":"taxable","20":"shipping-taxable","21":"purchasable","22":"product-type-simple"},"aioseo_notices":[],"_links":{"self":[{"href":"https:\/\/tecsecmty.com\/index.php\/wp-json\/wp\/v2\/product\/2959","targetHints":{"allow":["GET"]}}],"collection":[{"href":"https:\/\/tecsecmty.com\/index.php\/wp-json\/wp\/v2\/product"}],"about":[{"href":"https:\/\/tecsecmty.com\/index.php\/wp-json\/wp\/v2\/types\/product"}],"replies":[{"embeddable":true,"href":"https:\/\/tecsecmty.com\/index.php\/wp-json\/wp\/v2\/comments?post=2959"}],"version-history":[{"count":0,"href":"https:\/\/tecsecmty.com\/index.php\/wp-json\/wp\/v2\/product\/2959\/revisions"}],"wp:featuredmedia":[{"embeddable":true,"href":"https:\/\/tecsecmty.com\/index.php\/wp-json\/wp\/v2\/media\/2958"}],"wp:attachment":[{"href":"https:\/\/tecsecmty.com\/index.php\/wp-json\/wp\/v2\/media?parent=2959"}],"wp:term":[{"taxonomy":"product_brand","embeddable":true,"href":"https:\/\/tecsecmty.com\/index.php\/wp-json\/wp\/v2\/product_brand?post=2959"},{"taxonomy":"product_cat","embeddable":true,"href":"https:\/\/tecsecmty.com\/index.php\/wp-json\/wp\/v2\/product_cat?post=2959"},{"taxonomy":"product_tag","embeddable":true,"href":"https:\/\/tecsecmty.com\/index.php\/wp-json\/wp\/v2\/product_tag?post=2959"}],"curies":[{"name":"wp","href":"https:\/\/api.w.org\/{rel}","templated":true}]}}