{"id":2967,"date":"2023-02-22T22:10:06","date_gmt":"2023-02-23T04:10:06","guid":{"rendered":"https:\/\/tecsecmty.com\/index.php\/producto\/dahua-pfa138-caja-de-conexiones-compatible-con-series-hdbw1-incluidos-hdbw3231-3802e-z-hdbw5231-5431-5631-5831e-z5e-hdb5331e-hdbw5331e-hdbw8242e-z4fd-hdbw8242e-z4fr-5231-5431-5631-5831e-ze\/"},"modified":"2023-03-22T23:23:02","modified_gmt":"2023-03-23T05:23:02","slug":"dahua-pfa138-caja-de-conexiones-compatible-con-series-hdbw1-incluidos-hdbw3231-3802e-z-hdbw5231-5431-5631-5831e-z5e-hdb5331e-hdbw5331e-hdbw8242e-z4fd-hdbw8242e-z4fr-5231-5431-5631-5831e-ze","status":"publish","type":"product","link":"https:\/\/tecsecmty.com\/index.php\/producto\/dahua-pfa138-caja-de-conexiones-compatible-con-series-hdbw1-incluidos-hdbw3231-3802e-z-hdbw5231-5431-5631-5831e-z5e-hdb5331e-hdbw5331e-hdbw8242e-z4fd-hdbw8242e-z4fr-5231-5431-5631-5831e-ze\/","title":{"rendered":"DAHUA PFA138 -Caja de Conexiones compatible con Series HDBW1\/ Incluidos HDBW3231\/3802E-Z\/ HDBW5231\/5431\/5631\/5831E-Z5E, HDB5331E, HDBW5331E, HDBW8242E-Z4FD, HDBW8242E-Z4FR\/5231\/5431\/5631\/5831E-ZE"},"content":{"rendered":"<div class=\"row aling-items-center padding-bottom-2x\">\n<div class=\"col-lg-12\">\n<p class=\"ql-align-justify\">El modelo\u00a0<strong>PFA138<\/strong>\u00a0es una caja de conexiones impermeable para c\u00e1maras mini domo con anclaje en 4 puntos,\u00a0construida de aluminio el cual le permite soportar hasta 3kg de peso. Puede utilizarse para el montaje de c\u00e1maras antivand\u00e1licas. Tiene una funci\u00f3n muy \u00fatil para ocultar los cables y conectores que salen de la c\u00e1mara.<\/p>\n<p><img decoding=\"async\" class=\"overview-center-img- aligncenter\" src=\"https:\/\/tvc.mx\/media\/14944\/PFA138-ppal-ban2.png\" alt=\"\" \/><\/div>\n<\/div>\n<div class=\"row aling-items-center padding-bottom-2x\">\n<div class=\"col-lg-12\">\n<h5 class=\"card-title text-center\">Compatibilidad<\/h5>\n<p class=\"ql-align-justify\">La caja de conexiones es compatible con series HDBW1.<\/p>\n<p><img decoding=\"async\" class=\"overview-center-img- aligncenter\" src=\"https:\/\/tvc.mx\/media\/14948\/PFA138-ppal-ban4.png\" alt=\"\" \/><\/div>\n<\/div>\n<div class=\"row aling-items-center padding-bottom-2x\">\n<div class=\"col-lg-12\">\n<h5 class=\"card-title text-center\">Instalaci\u00f3n Sencilla<\/h5>\n<p class=\"ql-align-justify\">Aqui les mostramos como es la instalaci\u00f3n, f\u00e1cil y sencilla!<\/p>\n<p><img decoding=\"async\" class=\"overview-center-img- aligncenter\" src=\"https:\/\/tvc.mx\/media\/14946\/PFA138-ppal-ban3.png\" alt=\"\" \/><\/div>\n<\/div>\n","protected":false},"excerpt":{"rendered":"<p>El modelo\u00a0PFA138\u00a0es una caja de conexiones impermeable para c\u00e1maras mini domo con anclaje en 4 puntos,\u00a0construida de aluminio el cual le permite soportar hasta 3kg de peso. Puede utilizarse para el montaje de c\u00e1maras antivand\u00e1licas. Tiene una funci\u00f3n muy \u00fatil para ocultar los cables y&hellip;<\/p>\n","protected":false},"featured_media":2966,"comment_status":"open","ping_status":"closed","template":"","meta":{"om_disable_all_campaigns":false,"_monsterinsights_skip_tracking":false,"_monsterinsights_sitenote_active":false,"_monsterinsights_sitenote_note":"","_monsterinsights_sitenote_category":0},"product_brand":[],"product_cat":[190],"product_tag":[178,179,180,181,182,183,184,185],"class_list":{"0":"post-2967","1":"product","2":"type-product","3":"status-publish","4":"has-post-thumbnail","6":"product_cat-soporte-y-montaje","7":"product_tag-accesorios-dahua","8":"product_tag-gabinetes","9":"product_tag-lentes","10":"product_tag-microfonos","11":"product_tag-probadores-de-video","12":"product_tag-soporte-y-montaje","13":"product_tag-teclados-y-joystick","14":"product_tag-tranceptores","16":"first","17":"instock","18":"sale","19":"taxable","20":"shipping-taxable","21":"purchasable","22":"product-type-simple"},"aioseo_notices":[],"_links":{"self":[{"href":"https:\/\/tecsecmty.com\/index.php\/wp-json\/wp\/v2\/product\/2967","targetHints":{"allow":["GET"]}}],"collection":[{"href":"https:\/\/tecsecmty.com\/index.php\/wp-json\/wp\/v2\/product"}],"about":[{"href":"https:\/\/tecsecmty.com\/index.php\/wp-json\/wp\/v2\/types\/product"}],"replies":[{"embeddable":true,"href":"https:\/\/tecsecmty.com\/index.php\/wp-json\/wp\/v2\/comments?post=2967"}],"version-history":[{"count":0,"href":"https:\/\/tecsecmty.com\/index.php\/wp-json\/wp\/v2\/product\/2967\/revisions"}],"wp:featuredmedia":[{"embeddable":true,"href":"https:\/\/tecsecmty.com\/index.php\/wp-json\/wp\/v2\/media\/2966"}],"wp:attachment":[{"href":"https:\/\/tecsecmty.com\/index.php\/wp-json\/wp\/v2\/media?parent=2967"}],"wp:term":[{"taxonomy":"product_brand","embeddable":true,"href":"https:\/\/tecsecmty.com\/index.php\/wp-json\/wp\/v2\/product_brand?post=2967"},{"taxonomy":"product_cat","embeddable":true,"href":"https:\/\/tecsecmty.com\/index.php\/wp-json\/wp\/v2\/product_cat?post=2967"},{"taxonomy":"product_tag","embeddable":true,"href":"https:\/\/tecsecmty.com\/index.php\/wp-json\/wp\/v2\/product_tag?post=2967"}],"curies":[{"name":"wp","href":"https:\/\/api.w.org\/{rel}","templated":true}]}}