{"id":2981,"date":"2023-02-22T22:10:23","date_gmt":"2023-02-23T04:10:23","guid":{"rendered":"https:\/\/tecsecmty.com\/index.php\/producto\/dahua-pfb200c-montaje-para-plafon-compatible-con-mini-ptz-s22-y-domos-con-case-hdbw4\/"},"modified":"2023-03-22T23:23:03","modified_gmt":"2023-03-23T05:23:03","slug":"dahua-pfb200c-montaje-para-plafon-compatible-con-mini-ptz-s22-y-domos-con-case-hdbw4","status":"publish","type":"product","link":"https:\/\/tecsecmty.com\/index.php\/producto\/dahua-pfb200c-montaje-para-plafon-compatible-con-mini-ptz-s22-y-domos-con-case-hdbw4\/","title":{"rendered":"DAHUA PFB200C &#8211; Montaje para Plafon\/ Compatible con Mini PTZ S22 y Domos con Case HDBW4"},"content":{"rendered":"<p>https:\/\/tvc.mx\/products\/28334<\/p>\n<div class=\"row aling-items-center padding-bottom-2x\">\n<div class=\"col-lg-12\">\n<h5 class=\"card-title text-center\">Informaci\u00f3n General<\/h5>\n<p class=\"ql-align-justify\">El\u00a0<strong>PFB200C<\/strong>\u00a0es un soporte para montaje en plaf\u00f3n compatible con c\u00e1maras domo de la marca Dahua,est\u00e1 construido de un material de aluminio\u00a0el cual le permite soportar hasta 1Kg de peso, sus medidas: 166 x 75.8mm. Adaptable\u00a0con las c\u00e1maras de las series HDBW4y SD22.<\/p>\n<p><img decoding=\"async\" class=\"overview-center-img-web\" src=\"https:\/\/tvc.mx\/media\/476884\/montaje-para-plafon-compatible-con-domos-PFB200C-Dahua.png\" alt=\"\" \/><\/div>\n<\/div>\n<div class=\"row align-items-center padding-bottom-2x\">\n<div class=\"col-md-5\"><img decoding=\"async\" class=\"d-block m-auto img-thumbnail\" src=\"https:\/\/tvc.mx\/media\/476886\/compatibilidad-de-domos-dahua.png\" alt=\" \" \/><\/div>\n<div class=\"col-md-7 text-md-left text-center\">\n<h2>Compatibilidad con Domos<\/h2>\n<p class=\"text-muted\">\n<p class=\"ql-align-justify\">El montaje para plaf\u00f3n es compatible con las c\u00e1maras de la serie HDBW4 ( HDBW2831RZS , HDBW2431RZS, HDBW1831R40 y HDBW1831R28 ).<\/p>\n<p class=\"ql-align-justify\">Tambi\u00e9n es compatible con la Serie SD22 ( SD22204IGC, SD22204GN y SD22204UEN )<\/p>\n<p>&nbsp;<\/p>\n<\/div>\n<\/div>\n<hr class=\"padding-bottom-2x\" \/>\n<div class=\"row align-items-center padding-bottom-2x\">\n<div class=\"col-md-5 order-md-2\"><img decoding=\"async\" class=\"d-block m-auto img-thumbnail\" src=\"https:\/\/tvc.mx\/media\/476888\/montaje-para-plafon-compatible-con-domos-PFB200C-Dahua-caracteristicas.png\" alt=\" \" \/><\/div>\n<div class=\"col-md-7 order-md-1 text-md-left text-center\">\n<h2>Principales Caracter\u00edsticas<\/h2>\n<p class=\"text-muted\">\n<ul>\n<li>Material Aluminio<\/li>\n<li>Dimensiones (WxHxD) \u03a6166mmx75.8mm<\/li>\n<li>Rosca de tubo G 3\/4&#8243;<\/li>\n<li>Temperatura de operaci\u00f3n -40\u00baC~60\u00baC<\/li>\n<li>Humedad 0~90% RH<\/li>\n<li>Peso de carga 1 kg<\/li>\n<li>Peso 0.32 kg<\/li>\n<li>Modelos compatibles HDBW4, SD22<\/li>\n<\/ul>\n<\/div>\n<\/div>\n","protected":false},"excerpt":{"rendered":"<p>https:\/\/tvc.mx\/products\/28334 Informaci\u00f3n General El\u00a0PFB200C\u00a0es un soporte para montaje en plaf\u00f3n compatible con c\u00e1maras domo de la marca Dahua,est\u00e1 construido de un material de aluminio\u00a0el cual le permite soportar hasta 1Kg de peso, sus medidas: 166 x 75.8mm. Adaptable\u00a0con las c\u00e1maras de las series HDBW4y SD22.&hellip;<\/p>\n","protected":false},"featured_media":2980,"comment_status":"open","ping_status":"closed","template":"","meta":{"om_disable_all_campaigns":false,"_monsterinsights_skip_tracking":false,"_monsterinsights_sitenote_active":false,"_monsterinsights_sitenote_note":"","_monsterinsights_sitenote_category":0},"product_brand":[],"product_cat":[190],"product_tag":[178,179,180,181,182,183,184,185],"class_list":{"0":"post-2981","1":"product","2":"type-product","3":"status-publish","4":"has-post-thumbnail","6":"product_cat-soporte-y-montaje","7":"product_tag-accesorios-dahua","8":"product_tag-gabinetes","9":"product_tag-lentes","10":"product_tag-microfonos","11":"product_tag-probadores-de-video","12":"product_tag-soporte-y-montaje","13":"product_tag-teclados-y-joystick","14":"product_tag-tranceptores","16":"first","17":"instock","18":"sale","19":"taxable","20":"shipping-taxable","21":"purchasable","22":"product-type-simple"},"aioseo_notices":[],"_links":{"self":[{"href":"https:\/\/tecsecmty.com\/index.php\/wp-json\/wp\/v2\/product\/2981","targetHints":{"allow":["GET"]}}],"collection":[{"href":"https:\/\/tecsecmty.com\/index.php\/wp-json\/wp\/v2\/product"}],"about":[{"href":"https:\/\/tecsecmty.com\/index.php\/wp-json\/wp\/v2\/types\/product"}],"replies":[{"embeddable":true,"href":"https:\/\/tecsecmty.com\/index.php\/wp-json\/wp\/v2\/comments?post=2981"}],"version-history":[{"count":0,"href":"https:\/\/tecsecmty.com\/index.php\/wp-json\/wp\/v2\/product\/2981\/revisions"}],"wp:featuredmedia":[{"embeddable":true,"href":"https:\/\/tecsecmty.com\/index.php\/wp-json\/wp\/v2\/media\/2980"}],"wp:attachment":[{"href":"https:\/\/tecsecmty.com\/index.php\/wp-json\/wp\/v2\/media?parent=2981"}],"wp:term":[{"taxonomy":"product_brand","embeddable":true,"href":"https:\/\/tecsecmty.com\/index.php\/wp-json\/wp\/v2\/product_brand?post=2981"},{"taxonomy":"product_cat","embeddable":true,"href":"https:\/\/tecsecmty.com\/index.php\/wp-json\/wp\/v2\/product_cat?post=2981"},{"taxonomy":"product_tag","embeddable":true,"href":"https:\/\/tecsecmty.com\/index.php\/wp-json\/wp\/v2\/product_tag?post=2981"}],"curies":[{"name":"wp","href":"https:\/\/api.w.org\/{rel}","templated":true}]}}