{"id":2997,"date":"2023-02-22T22:10:41","date_gmt":"2023-02-23T04:10:41","guid":{"rendered":"https:\/\/tecsecmty.com\/index.php\/producto\/dahua-pfb710w-sg-brazo-para-pared-compatible-con-camaras-ptz-psdw81642m-material-de-aluminio-y-acero\/"},"modified":"2023-03-22T23:23:04","modified_gmt":"2023-03-23T05:23:04","slug":"dahua-pfb710w-sg-brazo-para-pared-compatible-con-camaras-ptz-psdw81642m-material-de-aluminio-y-acero","status":"publish","type":"product","link":"https:\/\/tecsecmty.com\/index.php\/producto\/dahua-pfb710w-sg-brazo-para-pared-compatible-con-camaras-ptz-psdw81642m-material-de-aluminio-y-acero\/","title":{"rendered":"DAHUA PFB710W-SG &#8211; Brazo para Pared compatible con Camaras PTZ PSDW81642M\/ Material de Aluminio y Acero\/"},"content":{"rendered":"<div class=\"row aling-items-center padding-bottom-2x\">\n<div class=\"col-lg-12\">\n<h5 class=\"card-title text-center\">Informaci\u00f3n General<\/h5>\n<p>El brazo de pared y\/o montaje de techo para c\u00e1maras PTZ de la marca Dahua, el adaptador est\u00e1 construido de un material de acero inoxidable, en color gris plata, este adaptador nos permite realizar una instalaci\u00f3n mucho m\u00e1s sencilla debido a que se puede sostener el peso de la c\u00e1mara PTZ en este adaptador mientras es instalada.<\/p>\n<p><img decoding=\"async\" class=\"overview-center-img-web\" src=\"https:\/\/tvc.mx\/media\/525707\/Montaje_para_pared_camaras_PTZ_Dahua_PFB710W-SG_Over_Ppal.png\" alt=\"\" \/><\/p>\n<\/div>\n<\/div>\n<div class=\"row align-items-center padding-bottom-2x\">\n<div class=\"col-md-5\"><img decoding=\"async\" class=\"d-block m-auto img-thumbnail\" src=\"https:\/\/tvc.mx\/media\/525711\/soporte-para-camaras-en-gris-plata-ptz-dahua.png\" alt=\" \" \/><\/div>\n<div class=\"col-md-7 text-md-left text-center\">\n<h2>Montaje c\u00e1maras PTZ<\/h2>\n<p>El soporte est\u00e1 construido de un material de acero inoxidable, en color elegante, el cual le permite soportar hasta 30Kg de peso, adem\u00e1s de ser a prueba de agua.<\/p>\n<\/div>\n<\/div>\n","protected":false},"excerpt":{"rendered":"<p>Informaci\u00f3n General El brazo de pared y\/o montaje de techo para c\u00e1maras PTZ de la marca Dahua, el adaptador est\u00e1 construido de un material de acero inoxidable, en color gris plata, este adaptador nos permite realizar una instalaci\u00f3n mucho m\u00e1s sencilla debido a que se&hellip;<\/p>\n","protected":false},"featured_media":2996,"comment_status":"open","ping_status":"closed","template":"","meta":{"om_disable_all_campaigns":false,"_monsterinsights_skip_tracking":false,"_monsterinsights_sitenote_active":false,"_monsterinsights_sitenote_note":"","_monsterinsights_sitenote_category":0},"product_brand":[],"product_cat":[190],"product_tag":[178,179,180,181,182,183,184,185],"class_list":{"0":"post-2997","1":"product","2":"type-product","3":"status-publish","4":"has-post-thumbnail","6":"product_cat-soporte-y-montaje","7":"product_tag-accesorios-dahua","8":"product_tag-gabinetes","9":"product_tag-lentes","10":"product_tag-microfonos","11":"product_tag-probadores-de-video","12":"product_tag-soporte-y-montaje","13":"product_tag-teclados-y-joystick","14":"product_tag-tranceptores","16":"first","17":"instock","18":"sale","19":"taxable","20":"shipping-taxable","21":"purchasable","22":"product-type-simple"},"aioseo_notices":[],"_links":{"self":[{"href":"https:\/\/tecsecmty.com\/index.php\/wp-json\/wp\/v2\/product\/2997","targetHints":{"allow":["GET"]}}],"collection":[{"href":"https:\/\/tecsecmty.com\/index.php\/wp-json\/wp\/v2\/product"}],"about":[{"href":"https:\/\/tecsecmty.com\/index.php\/wp-json\/wp\/v2\/types\/product"}],"replies":[{"embeddable":true,"href":"https:\/\/tecsecmty.com\/index.php\/wp-json\/wp\/v2\/comments?post=2997"}],"version-history":[{"count":0,"href":"https:\/\/tecsecmty.com\/index.php\/wp-json\/wp\/v2\/product\/2997\/revisions"}],"wp:featuredmedia":[{"embeddable":true,"href":"https:\/\/tecsecmty.com\/index.php\/wp-json\/wp\/v2\/media\/2996"}],"wp:attachment":[{"href":"https:\/\/tecsecmty.com\/index.php\/wp-json\/wp\/v2\/media?parent=2997"}],"wp:term":[{"taxonomy":"product_brand","embeddable":true,"href":"https:\/\/tecsecmty.com\/index.php\/wp-json\/wp\/v2\/product_brand?post=2997"},{"taxonomy":"product_cat","embeddable":true,"href":"https:\/\/tecsecmty.com\/index.php\/wp-json\/wp\/v2\/product_cat?post=2997"},{"taxonomy":"product_tag","embeddable":true,"href":"https:\/\/tecsecmty.com\/index.php\/wp-json\/wp\/v2\/product_tag?post=2997"}],"curies":[{"name":"wp","href":"https:\/\/api.w.org\/{rel}","templated":true}]}}