{"id":3001,"date":"2023-02-22T22:10:45","date_gmt":"2023-02-23T04:10:45","guid":{"rendered":"https:\/\/tecsecmty.com\/index.php\/producto\/dahua-nkb1000-e-teclado-controlador-ip-con-joystick-para-ptzs-analogicas-e-ip-control-de-dvrs-y-nvrs-pantalla-lcd-rj-45-rs232-pelco-d-p\/"},"modified":"2023-03-22T23:22:59","modified_gmt":"2023-03-23T05:22:59","slug":"dahua-nkb1000-e-teclado-controlador-ip-con-joystick-para-ptzs-analogicas-e-ip-control-de-dvrs-y-nvrs-pantalla-lcd-rj-45-rs232-pelco-d-p","status":"publish","type":"product","link":"https:\/\/tecsecmty.com\/index.php\/producto\/dahua-nkb1000-e-teclado-controlador-ip-con-joystick-para-ptzs-analogicas-e-ip-control-de-dvrs-y-nvrs-pantalla-lcd-rj-45-rs232-pelco-d-p\/","title":{"rendered":"DAHUA NKB1000-E &#8211; Teclado Controlador IP con Joystick para PTZs Analogicas e IP\/ Control de DVRs y NVRs\/ Pantalla LCD\/ RJ-45\/ RS232\/ Pelco D &amp; P\/"},"content":{"rendered":"<div class=\"row aling-items-center padding-bottom-2x\">\n<div class=\"col-lg-12\">\n<h5 class=\"card-title text-center\">Informaci\u00f3n General<\/h5>\n<p>El teclado de control\u00a0NKB\u00a0es usado para operar dispositivos PTZ, DVR, Domo de Alta Velocidad, Plataforma Central de Administraci\u00f3n, etc. Con el teclado es posible controlar las funciones de Pan (movimientos horizontales), Tilt (movimientos verticales), Zoom (acercamientos y alejamientos), enfoque, etc. Adem\u00e1s, se pueden configurar y ejecutar funciones avanzadas como Recorridos (Tour) y Secuencias de Presets programados.<\/p>\n<p><img decoding=\"async\" class=\"overview-center-img-web\" src=\"https:\/\/tvc.mx\/media\/450155\/teclado-controlador-ip-con-joystick-para-ptz-analogica-e-ip-NKB1000-E-Dahua-imgpp.png\" alt=\"\" \/><\/div>\n<\/div>\n<div class=\"row align-items-center padding-bottom-2x\">\n<div class=\"col-md-5 order-md-2\"><img decoding=\"async\" class=\"d-block m-auto img-thumbnail\" src=\"https:\/\/tvc.mx\/media\/450159\/aplicaciones-de-control-dahua.png\" alt=\" \" \/><\/div>\n<div class=\"col-md-7 order-md-1 text-md-left text-center\">\n<h2>Funciones Principales<\/h2>\n<p class=\"text-muted\">\n<ul>\n<li class=\"ql-align-justify\">Comunicaci\u00f3n de Red, RS232, RS422, RS485 y USB.<\/li>\n<li class=\"ql-align-justify\">Compatible con DVR, C\u00e1maras PTZ (IP y An\u00e1logas).<\/li>\n<li class=\"ql-align-justify\">Compatible con Smart PSS V\u00eda USB.<\/li>\n<li class=\"ql-align-justify\">Botones de Ejecuci\u00f3n de Funciones.<\/li>\n<\/ul>\n<p>El teclado\u00a0NKB\u00a0a trav\u00e9s de la interfaz\u00a0RS232\/RS485\/RS422\u00a0soporta diversos Protocolos; DVR: DH1\/DH2\u00a0y Domo:\u00a0DH-SD\/PELCO-D\/PELCO-P\/PELCO-D1\/PELCO-P1. Soporta conexiones de red; DVR\/Domo IP: IP Direcci\u00f3n\/Puerto \/Protocolo. Cuenta con Funciones Auxiliares, Men\u00fa en pantalla y Consejos para el usuario del Procedimiento de Operaci\u00f3n.<\/p>\n<p>&nbsp;<\/p>\n<\/div>\n<\/div>\n<hr class=\"padding-bottom-2x\" \/>\n<div class=\"row align-items-center padding-bottom-2x\">\n<div class=\"col-md-5\"><img decoding=\"async\" class=\"d-block m-auto img-thumbnail\" src=\"https:\/\/tvc.mx\/media\/450163\/teclado-controlador-ip-con-joystick-para-ptz-analogica-e-ip-NKB1000-E-Dahua-caracteristicas.png\" alt=\" \" \/><\/div>\n<div class=\"col-md-7 text-md-left text-center\">\n<h2>Principales Caracter\u00edsticas<\/h2>\n<p class=\"text-muted\">\n<ul>\n<li>Teclado para controlar<\/li>\n<li>Domo de alta velocidad Dahua<\/li>\n<li>DVR independiente de Dahua<\/li>\n<li>Conexi\u00f3n del servidor de video en red<\/li>\n<li>RS485, RS422 (reservado), USB, RS232 y funciones de red<\/li>\n<li>Control de Joystick Tridimensional de las Funciones PTZ<\/li>\n<li>Funciones auxiliares de posici\u00f3n predeterminada, exploraci\u00f3n autom\u00e1tica, panor\u00e1mica autom\u00e1tica, recorrido autom\u00e1tico y patr\u00f3n<\/li>\n<li>Men\u00fa en pantalla y consejos de procedimiento de operaci\u00f3n del usuario<\/li>\n<li>Con\u00e9ctese a la plataforma SmartPSS o DSS a trav\u00e9s de USB<\/li>\n<\/ul>\n<p>&nbsp;<\/p>\n<\/div>\n<\/div>\n<hr class=\"padding-bottom-2x\" \/>\n<div class=\"row align-items-center padding-bottom-2x\">\n<div class=\"col-md-5 order-md-2\"><img decoding=\"async\" class=\"d-block m-auto img-thumbnail\" src=\"https:\/\/tvc.mx\/media\/450167\/teclado-controlador-ip-con-joystick-para-ptz-analogica-e-ip-NKB1000-E-Dahua-especificaciones.png\" alt=\" \" \/><\/div>\n<div class=\"col-md-7 order-md-1 text-md-left text-center\">\n<h2>Especificaciones<\/h2>\n<p class=\"text-muted\">\n<ul>\n<li>Distancia m\u00e1xima del control:1200\u00a0m @\u00a0RS-485\u00a0\/ RS-232<\/li>\n<li>Est\u00e1ndar de comunicaci\u00f3n: Modo de red &#8211; Ethernet, Puerto RJ-45 Modo directo &#8211;\u00a0RS-485, regleta de terminales Modo directo &#8211; RS-232, Puerto D-sub<\/li>\n<li>Manipulador: Palanca de mando de 3 ejes, Velocidad proporcional a la oscilaci\u00f3n (posibilidad de controlar el zoom con la palanca de mando)<\/li>\n<li>Pantalla: LCD &#8211; con retroiluminaci\u00f3n<\/li>\n<li>Control: c\u00e1maras domo de alta velocidad Dahua o de otros fabricantes, Grabadores DAHUA<\/li>\n<li>Alimentaci\u00f3n:12\u00a0V\u00a0DC\u00a0\/ 1\u00a0A<\/li>\n<\/ul>\n<\/div>\n<\/div>\n","protected":false},"excerpt":{"rendered":"<p>Informaci\u00f3n General El teclado de control\u00a0NKB\u00a0es usado para operar dispositivos PTZ, DVR, Domo de Alta Velocidad, Plataforma Central de Administraci\u00f3n, etc. Con el teclado es posible controlar las funciones de Pan (movimientos horizontales), Tilt (movimientos verticales), Zoom (acercamientos y alejamientos), enfoque, etc. Adem\u00e1s, se pueden&hellip;<\/p>\n","protected":false},"featured_media":3000,"comment_status":"open","ping_status":"closed","template":"","meta":{"om_disable_all_campaigns":false,"_monsterinsights_skip_tracking":false,"_monsterinsights_sitenote_active":false,"_monsterinsights_sitenote_note":"","_monsterinsights_sitenote_category":0},"product_brand":[],"product_cat":[191],"product_tag":[178,179,180,181,182,183,184,185],"class_list":{"0":"post-3001","1":"product","2":"type-product","3":"status-publish","4":"has-post-thumbnail","6":"product_cat-teclados-y-joystick","7":"product_tag-accesorios-dahua","8":"product_tag-gabinetes","9":"product_tag-lentes","10":"product_tag-microfonos","11":"product_tag-probadores-de-video","12":"product_tag-soporte-y-montaje","13":"product_tag-teclados-y-joystick","14":"product_tag-tranceptores","16":"first","17":"instock","18":"sale","19":"taxable","20":"shipping-taxable","21":"purchasable","22":"product-type-simple"},"aioseo_notices":[],"_links":{"self":[{"href":"https:\/\/tecsecmty.com\/index.php\/wp-json\/wp\/v2\/product\/3001","targetHints":{"allow":["GET"]}}],"collection":[{"href":"https:\/\/tecsecmty.com\/index.php\/wp-json\/wp\/v2\/product"}],"about":[{"href":"https:\/\/tecsecmty.com\/index.php\/wp-json\/wp\/v2\/types\/product"}],"replies":[{"embeddable":true,"href":"https:\/\/tecsecmty.com\/index.php\/wp-json\/wp\/v2\/comments?post=3001"}],"version-history":[{"count":0,"href":"https:\/\/tecsecmty.com\/index.php\/wp-json\/wp\/v2\/product\/3001\/revisions"}],"wp:featuredmedia":[{"embeddable":true,"href":"https:\/\/tecsecmty.com\/index.php\/wp-json\/wp\/v2\/media\/3000"}],"wp:attachment":[{"href":"https:\/\/tecsecmty.com\/index.php\/wp-json\/wp\/v2\/media?parent=3001"}],"wp:term":[{"taxonomy":"product_brand","embeddable":true,"href":"https:\/\/tecsecmty.com\/index.php\/wp-json\/wp\/v2\/product_brand?post=3001"},{"taxonomy":"product_cat","embeddable":true,"href":"https:\/\/tecsecmty.com\/index.php\/wp-json\/wp\/v2\/product_cat?post=3001"},{"taxonomy":"product_tag","embeddable":true,"href":"https:\/\/tecsecmty.com\/index.php\/wp-json\/wp\/v2\/product_tag?post=3001"}],"curies":[{"name":"wp","href":"https:\/\/api.w.org\/{rel}","templated":true}]}}