{"id":3003,"date":"2023-02-22T22:10:48","date_gmt":"2023-02-23T04:10:48","guid":{"rendered":"https:\/\/tecsecmty.com\/index.php\/producto\/dahua-nkb5000-f-teclado-controlador-de-red-hd-control-de-ptzs-dvrs-nvrs-e-ipc-4-salidas-hdmi-soporta-funcion-de-videowall-soporta-resolucion-4k-onvif-audio-bidireccional-teclado-inalambrico\/"},"modified":"2023-03-22T23:22:59","modified_gmt":"2023-03-23T05:22:59","slug":"dahua-nkb5000-f-teclado-controlador-de-red-hd-control-de-ptzs-dvrs-nvrs-e-ipc-4-salidas-hdmi-soporta-funcion-de-videowall-soporta-resolucion-4k-onvif-audio-bidireccional-teclado-inalambrico","status":"publish","type":"product","link":"https:\/\/tecsecmty.com\/index.php\/producto\/dahua-nkb5000-f-teclado-controlador-de-red-hd-control-de-ptzs-dvrs-nvrs-e-ipc-4-salidas-hdmi-soporta-funcion-de-videowall-soporta-resolucion-4k-onvif-audio-bidireccional-teclado-inalambrico\/","title":{"rendered":"DAHUA NKB5000-F &#8211; Teclado Controlador de Red HD\/ Control de PTZs, DVRs, NVRs e IPC\/ 4 Salidas HDMI\/ Soporta Funci\u00f3n de Videowall\/ Soporta Resoluci\u00f3n 4k\/ Onvif\/ Audio Bidireccional\/ Teclado Inal\u00e1mbrico\/ Pantalla Tactil de 10 Pulgadas\/ Wifi\/ RS232\/RS485\/"},"content":{"rendered":"<div class=\"row aling-items-center padding-bottom-2x\">\n<div class=\"col-lg-12\">\n<h5 class=\"card-title text-center\">Informaci\u00f3n General<\/h5>\n<p>Es un control multidispositivos en forma de teclado ergon\u00f3mico avanzado que combina con una pantalla t\u00e1ctil para una operaci\u00f3n m\u00e1s eficiente LCD de 10 pulgadas, permite visualizar las c\u00e1maras PTZ mientras se realiza el movimiento sin dejar de vigilar el sistema de monitoreo principal, aunado a eso se puede realizar una imagen de pantalla con la siguiente matriz 1\/4\/\/9\/16 para visualizar c\u00e1maras. Cuenta con movimiento de 4-Axis (zoom, enfoque, iris).<\/p>\n<p><img decoding=\"async\" class=\"overview-center-img-web\" src=\"https:\/\/tvc.mx\/media\/456276\/teclado-controlador-con-joystickpara-PTZ-analogicas-e-ip-NKB5000-F-Dahua.png\" alt=\"\" \/><\/div>\n<\/div>\n<div class=\"row align-items-center padding-bottom-2x\">\n<div class=\"col-md-5 order-md-2\"><img decoding=\"async\" class=\"d-block m-auto img-thumbnail\" src=\"https:\/\/tvc.mx\/media\/456318\/dise%C3%B1o-dahua.png\" alt=\" \" \/><\/div>\n<div class=\"col-md-7 order-md-1 text-md-left text-center\">\n<h2>Dise\u00f1o Ergon\u00f3mico<\/h2>\n<p class=\"text-muted\">\n<p>El dise\u00f1o anti-fatiga del teclado se ajusta a la curva de los brazos humanos con un \u00e1ngulo regulable para ajustarse a las diferentes estaturas de los usuarios.<\/p>\n<p>&nbsp;<\/p>\n<\/div>\n<\/div>\n<hr class=\"padding-bottom-2x\" \/>\n<div class=\"row align-items-center padding-bottom-2x\">\n<div class=\"col-md-5\"><img decoding=\"async\" class=\"d-block m-auto img-thumbnail\" src=\"https:\/\/tvc.mx\/media\/456321\/Touch-dahua.png\" alt=\" \" \/><\/div>\n<div class=\"col-md-7 text-md-left text-center\">\n<h2>Pantalla T\u00e1ctil<\/h2>\n<p class=\"text-muted\">\n<p>Para una operaci\u00f3n m\u00e1s eficiente el teclado cuenta con una pantalla t\u00e1ctil LCD\u00a0de 10 pulgadas, que soporta una resoluci\u00f3n de 1280&#215;800,permite visualizar las c\u00e1maras PTZ mientras se realiza el movimiento sin dejar de vigilar el sistema de monitoreo principal. Cuenta con movimiento de\u00a0<strong>4-Axis<\/strong>\u00a0(zoom, enfoque, iris).<\/p>\n<p>&nbsp;<\/p>\n<\/div>\n<\/div>\n<hr class=\"padding-bottom-2x\" \/>\n<div class=\"row align-items-center padding-bottom-2x\">\n<div class=\"col-md-5 order-md-2\"><img decoding=\"async\" class=\"d-block m-auto img-thumbnail\" src=\"https:\/\/tvc.mx\/media\/58563\/operar.png\" alt=\" \" \/><\/div>\n<div class=\"col-md-7 order-md-1 text-md-left text-center\">\n<h2>F\u00e1cil de Operar<\/h2>\n<p class=\"text-muted\">\n<p>Permite operar dispositivos como c\u00e1maras\u00a0<strong>PTZ<\/strong>,\u00a0<strong>DVR<\/strong>,\u00a0<strong>NVR\u00a0<\/strong>y\u00a0<strong>TV Wall<\/strong>\u00a0de la marca DAHUA tanto en tecnolog\u00eda an\u00e1loga como en tecnolog\u00eda IP, adem\u00e1s cuenta con puertos RS485 y RS232 para conectar c\u00e1maras PTZ an\u00e1logas de otras marcas gracias a que cuenta con los protocolos PELCO-D\/PELCO-P\/PELCO-D1\/PELCO-P1<\/p>\n<p>&nbsp;<\/p>\n<\/div>\n<\/div>\n<hr class=\"padding-bottom-2x\" \/>\n<div class=\"row align-items-center padding-bottom-2x\">\n<div class=\"col-md-5\"><img decoding=\"async\" class=\"d-block m-auto img-thumbnail\" src=\"https:\/\/tvc.mx\/media\/456324\/modo-de-conexion-dahua.png\" alt=\" \" \/><\/div>\n<div class=\"col-md-7 text-md-left text-center\">\n<h2>Modos de Operaci\u00f3n<\/h2>\n<p class=\"text-muted\">\n<p>El teclado nos permite trabajar en dos modos: Modo Directo y Modo de Red, el modo directo es conectado mediante los puertos rs232 y\/o rs485 y el modo red la conexi\u00f3n es mediante un switch de\u00a0datos, a trav\u00e9s de ellos podemos operar los dispositivos y controlar las funciones de Pan (movimientos horizontales), Tilt (movimientos verticales), Zoom (acercamientos y alejamientos), enfoque, etc.<\/p>\n<p>Adem\u00e1s, se pueden configurar y ejecutar funciones avanzadas como Recorridos (Tour) y Secuencias de Presets programados<\/p>\n<p>&nbsp;<\/p>\n<\/div>\n<\/div>\n<hr class=\"padding-bottom-2x\" \/>\n<div class=\"row align-items-center padding-bottom-2x\">\n<div class=\"col-md-5 order-md-2\"><img decoding=\"async\" class=\"d-block m-auto img-thumbnail\" src=\"https:\/\/tvc.mx\/media\/456327\/teclado-controlador-con-joystickpara-PTZ-analogicas-e-ip-NKB5000-F-Dahua-caracteristicas.png\" alt=\" \" \/><\/div>\n<div class=\"col-md-7 order-md-1 text-md-left text-center\">\n<h2>Principales Caracter\u00edsticas<\/h2>\n<p class=\"text-muted\">\n<ul>\n<li>Archivado en el disco USB (pendrive, disco externo)<\/li>\n<li>Est\u00e1 incluido el teclado inal\u00e1mbrico<\/li>\n<li>Vista previa en vivo :\u00a04 x 12\u00a0Mpx,\u00a04 x 8\u00a0Mpx\u00a04K UHD,\u00a06 x 5\u00a0Mpx,\u00a08 x 4\u00a0Mpx,\u00a010 x 3\u00a0Mpx,\u00a016 x 2\u00a0Mpx<\/li>\n<li>Soporta audio bidireccional<\/li>\n<li>Botones luminosos del teclado<\/li>\n<li>Divisi\u00f3n de la pantalla en la vista previa de c\u00e1maras : 1 \/ 4 \/ 8 \/ 9 \/ 16<\/li>\n<li>Men\u00fa gr\u00e1fico &#8211; control t\u00e1ctil y a trav\u00e9s de botones o Manejo con rat\u00f3n<\/li>\n<\/ul>\n<p>&nbsp;<\/p>\n<\/div>\n<\/div>\n<hr class=\"padding-bottom-2x\" \/>\n<div class=\"row align-items-center padding-bottom-2x\">\n<div class=\"col-md-5\"><img decoding=\"async\" class=\"d-block m-auto img-thumbnail\" src=\"https:\/\/tvc.mx\/media\/456330\/teclado-controlador-con-joystickpara-PTZ-analogicas-e-ip-NKB5000-F-Dahua-especificaciones.png\" alt=\" \" \/><\/div>\n<div class=\"col-md-7 text-md-left text-center\">\n<h2>Especificaciones<\/h2>\n<p class=\"text-muted\">\n<ul>\n<li>Numeraci\u00f3n de la c\u00e1mara (ID):1\u00a0&#8211; 255<\/li>\n<li>Distancia m\u00e1xima del control:1200\u00a0m @\u00a0RS-485,\u00a015\u00a0m @ RS-232<\/li>\n<li>Usuarios + administradores: 20\u00a0+ 1<\/li>\n<li>RS-485\u00a0&#8211; terminales de cables<\/li>\n<li>RS-232 &#8211; 15\u00a0pin<\/li>\n<li>2 x\u00a0RJ-45\u00a0&#8211; Gigabit Ethernet<\/li>\n<li>2 x\u00a0USB 2.0<\/li>\n<li>2 x\u00a0USB 3.0<\/li>\n<li>4 x\u00a0HDMI<\/li>\n<li>2 x\u00a0Puerto Jack 3.5 mm &#8211; Salida para auriculares, Entrada para micr\u00f3fono externo<\/li>\n<li>Puerto SMA<\/li>\n<li>Est\u00e1ndar de comunicaci\u00f3n: Modo de red &#8211; Gigabit Ethernet, Puerto RJ-45, Modo de red &#8211; Wi-Fi, Modo directo &#8211;\u00a0RS-485, regleta de terminales, Modo directo &#8211; RS-232, Puerto D-sub, Bluetooth<\/li>\n<li>Manipulador: Palanca de mando de 3 ejes, Velocidad proporcional a la oscilaci\u00f3n<\/li>\n<li>Pantalla:10.2\u00a0\u00bb LCD &#8211; 1280 x 800\u00a0px, pantalla t\u00e1ctil capacitiva, con retroiluminaci\u00f3n<\/li>\n<li>Salida de v\u00eddeo: 4 x\u00a0HDMI<\/li>\n<li>Control: c\u00e1maras domo de alta velocidad Dahua, Grabadores DAHUA<\/li>\n<li>Alimentaci\u00f3n:12\u00a0V\u00a0DC\u00a0\/ 4\u00a0A<\/li>\n<\/ul>\n<p>&nbsp;<\/p>\n<\/div>\n<\/div>\n<hr class=\"padding-bottom-2x\" \/>\n<div class=\"row align-items-center padding-bottom-2x\">\n<div class=\"col-md-5\"><img decoding=\"async\" class=\"d-block m-auto img-thumbnail\" src=\"https:\/\/tvc.mx\/media\/469606\/DAHUA-NKB5000-F.png\" alt=\" \" \/><\/div>\n<div class=\"col-md-7 text-md-left text-center\">\n<h2>Incluye<\/h2>\n<p class=\"text-muted\">\n<p>1 Cable hembra RS232<\/p>\n<p>1 Patchcord<\/p>\n<p>2 Borneras de pellizco<\/p>\n<p>1 Antena para wifi<\/p>\n<p>1 Eliminador con cable\u00a0DC12V, 4A<\/p>\n<p>Poliza de garantia<\/p>\n<p>Manual de uso<\/p>\n<p>Informaci\u00f3n legal y regulatoria<\/p>\n<p>Liga para descarga de manuales y fichas<\/p>\n<\/div>\n<\/div>\n","protected":false},"excerpt":{"rendered":"<p>Informaci\u00f3n General Es un control multidispositivos en forma de teclado ergon\u00f3mico avanzado que combina con una pantalla t\u00e1ctil para una operaci\u00f3n m\u00e1s eficiente LCD de 10 pulgadas, permite visualizar las c\u00e1maras PTZ mientras se realiza el movimiento sin dejar de vigilar el sistema de monitoreo&hellip;<\/p>\n","protected":false},"featured_media":3002,"comment_status":"open","ping_status":"closed","template":"","meta":{"om_disable_all_campaigns":false,"_monsterinsights_skip_tracking":false,"_monsterinsights_sitenote_active":false,"_monsterinsights_sitenote_note":"","_monsterinsights_sitenote_category":0},"product_brand":[],"product_cat":[191],"product_tag":[178,179,180,181,182,183,184,185],"class_list":{"0":"post-3003","1":"product","2":"type-product","3":"status-publish","4":"has-post-thumbnail","6":"product_cat-teclados-y-joystick","7":"product_tag-accesorios-dahua","8":"product_tag-gabinetes","9":"product_tag-lentes","10":"product_tag-microfonos","11":"product_tag-probadores-de-video","12":"product_tag-soporte-y-montaje","13":"product_tag-teclados-y-joystick","14":"product_tag-tranceptores","16":"first","17":"instock","18":"sale","19":"taxable","20":"shipping-taxable","21":"purchasable","22":"product-type-simple"},"aioseo_notices":[],"_links":{"self":[{"href":"https:\/\/tecsecmty.com\/index.php\/wp-json\/wp\/v2\/product\/3003","targetHints":{"allow":["GET"]}}],"collection":[{"href":"https:\/\/tecsecmty.com\/index.php\/wp-json\/wp\/v2\/product"}],"about":[{"href":"https:\/\/tecsecmty.com\/index.php\/wp-json\/wp\/v2\/types\/product"}],"replies":[{"embeddable":true,"href":"https:\/\/tecsecmty.com\/index.php\/wp-json\/wp\/v2\/comments?post=3003"}],"version-history":[{"count":0,"href":"https:\/\/tecsecmty.com\/index.php\/wp-json\/wp\/v2\/product\/3003\/revisions"}],"wp:featuredmedia":[{"embeddable":true,"href":"https:\/\/tecsecmty.com\/index.php\/wp-json\/wp\/v2\/media\/3002"}],"wp:attachment":[{"href":"https:\/\/tecsecmty.com\/index.php\/wp-json\/wp\/v2\/media?parent=3003"}],"wp:term":[{"taxonomy":"product_brand","embeddable":true,"href":"https:\/\/tecsecmty.com\/index.php\/wp-json\/wp\/v2\/product_brand?post=3003"},{"taxonomy":"product_cat","embeddable":true,"href":"https:\/\/tecsecmty.com\/index.php\/wp-json\/wp\/v2\/product_cat?post=3003"},{"taxonomy":"product_tag","embeddable":true,"href":"https:\/\/tecsecmty.com\/index.php\/wp-json\/wp\/v2\/product_tag?post=3003"}],"curies":[{"name":"wp","href":"https:\/\/api.w.org\/{rel}","templated":true}]}}