{"id":3007,"date":"2023-02-22T22:10:53","date_gmt":"2023-02-23T04:10:53","guid":{"rendered":"https:\/\/tecsecmty.com\/index.php\/producto\/dahua-pfm800-e-par-de-transceptores-pasivos-hdcvi-1080p-a-250-mts-720p-a-400-mts-soporta-ahd-tvi-cbvs\/"},"modified":"2023-03-22T23:23:05","modified_gmt":"2023-03-23T05:23:05","slug":"dahua-pfm800-e-par-de-transceptores-pasivos-hdcvi-1080p-a-250-mts-720p-a-400-mts-soporta-ahd-tvi-cbvs","status":"publish","type":"product","link":"https:\/\/tecsecmty.com\/index.php\/producto\/dahua-pfm800-e-par-de-transceptores-pasivos-hdcvi-1080p-a-250-mts-720p-a-400-mts-soporta-ahd-tvi-cbvs\/","title":{"rendered":"DAHUA PFM800-E &#8211; Par de Transceptores Pasivos HDCVI\/ 1080p a 250 Mts\/ 720p a 400 Mts\/ Soporta AHD\/ TVI\/ CBVS\/"},"content":{"rendered":"<div class=\"row aling-items-center padding-bottom-2x\">\n<div class=\"col-lg-12\">\n<h5 class=\"card-title text-center\">Informaci\u00f3n General<\/h5>\n<p>Transceptor pasivo ( no requiere alimentaci\u00f3n ) ideales para sistemas de video vigilancia (c\u00e1maras y dvr) que operan en formatos de alta resoluci\u00f3n. Soporta resoluciones de\u00a01080P y 720P, lo cual\u00a0permite a las c\u00e1maras\u00a0transmitir video a\u00a0distancias de hasta<strong>\u00a0250 metros<\/strong>\u00a0para resoluci\u00f3n de\u00a01080p.<\/p>\n<p><img decoding=\"async\" class=\"overview-center-img-web\" src=\"https:\/\/tvc.mx\/media\/341559\/DAHUA-PFM800-E-Par-de-Transceptores-Pasivos-HDCVI-1080p-a-250-Mts-720p-a-400-Mts-Soporta-AHD-TVI-CBVS-b.png\" alt=\"\" \/><\/p>\n<\/div>\n<\/div>\n<div class=\"row aling-items-center padding-bottom-2x\">\n<div class=\"col-lg-12\">\n<h5 class=\"card-title text-center\">Protecci\u00f3n ESD<\/h5>\n<p>Las siglas ESD se relacionan con la descarga electrost\u00e1tica, un fen\u00f3meno que hace que circule una corriente el\u00e9ctrica repentina y moment\u00e1nea entre dos\u00a0objetos de distinto potencial el\u00e9ctrico. Nuestro transceptor esta preparado para proteger los circuitos electr\u00f3nicos contra los da\u00f1os causados por eventos de sobretensi\u00f3n, antiest\u00e1ticas y anti-interferencia.<\/p>\n<p><img decoding=\"async\" class=\"overview-center-img-web\" src=\"https:\/\/tvc.mx\/media\/31542\/ESD.png\" alt=\"\" \/><\/p>\n<\/div>\n<\/div>\n<div class=\"row align-items-center padding-bottom-2x\">\n<div class=\"col-md-5\"><img decoding=\"async\" class=\"d-block m-auto img-thumbnail\" src=\"https:\/\/tvc.mx\/media\/31543\/Compatibles.png\" alt=\" \" \/><\/div>\n<div class=\"col-md-7 text-md-left text-center\">\n<h2>Formatos Compatibles<\/h2>\n<p>Estos transceptores son compatibles con los formatos que existen en el mercado actual: HDCVI \/ TVC \/ AHD Y CVBS.<\/p>\n<p>&nbsp;<\/p>\n<\/div>\n<\/div>\n<hr class=\"padding-bottom-2x\" \/>\n<div class=\"row aling-items-center padding-bottom-2x\">\n<div class=\"col-lg-12\">\n<h5 class=\"card-title text-center\">Principales Caracteristicas<\/h5>\n<ul>\n<li class=\"ql-align-justify\">Formatos compatibles HDCVI\/AHD\/TVI\/CVBS.<\/li>\n<li class=\"ql-align-justify\">Resoluci\u00f3n\u00a01080P \/ 720P.<\/li>\n<li class=\"ql-align-justify\">Transmisi\u00f3n de video hasta<strong>\u00a0250 mts.<\/strong>\u00a0en\u00a0<strong>1080P<\/strong>\u00a0y\u00a0400mts. en 720P.<\/li>\n<li class=\"ql-align-justify\">Elimina la distorsi\u00f3n de imagen causada por loops de tierra.<\/li>\n<li class=\"ql-align-justify\">Elimina problemas como el desgaste de la imagen, diafon\u00eda etc.<\/li>\n<li class=\"ql-align-justify\">Protege el sistema de CCTV de la interferencia de cables el\u00e9ctricos.<\/li>\n<li class=\"ql-align-justify\">Integra en el circuito una protecci\u00f3n contra sobretensiones (ESD).<\/li>\n<li class=\"ql-align-justify\">Compacto, f\u00e1cil conexi\u00f3n BNC macho.<\/li>\n<li class=\"ql-align-justify\">Transceptor pasivo\u00a0no requiere\u00a0de fuente de alimentaci\u00f3n.<\/li>\n<li class=\"ql-align-justify\">Temperatura de operaci\u00f3n\u00a0-10\u00baC ~ + 55\u00baC.<\/li>\n<li class=\"ql-align-justify\">Color negro.<\/li>\n<li class=\"ql-align-justify\">Dimensiones 180mm*19mm*16mm.<\/li>\n<li class=\"ql-align-justify\">Peso 42gr.<\/li>\n<\/ul>\n<p><img decoding=\"async\" class=\"overview-center-img-web\" src=\"https:\/\/tvc.mx\/media\/341567\/Dahua-B.png\" alt=\"\" \/><\/p>\n<\/div>\n<\/div>\n","protected":false},"excerpt":{"rendered":"<p>Informaci\u00f3n General Transceptor pasivo ( no requiere alimentaci\u00f3n ) ideales para sistemas de video vigilancia (c\u00e1maras y dvr) que operan en formatos de alta resoluci\u00f3n. Soporta resoluciones de\u00a01080P y 720P, lo cual\u00a0permite a las c\u00e1maras\u00a0transmitir video a\u00a0distancias de hasta\u00a0250 metros\u00a0para resoluci\u00f3n de\u00a01080p. Protecci\u00f3n ESD Las&hellip;<\/p>\n","protected":false},"featured_media":3006,"comment_status":"open","ping_status":"closed","template":"","meta":{"om_disable_all_campaigns":false,"_monsterinsights_skip_tracking":false,"_monsterinsights_sitenote_active":false,"_monsterinsights_sitenote_note":"","_monsterinsights_sitenote_category":0},"product_brand":[],"product_cat":[192],"product_tag":[178,179,180,181,182,183,184,185],"class_list":{"0":"post-3007","1":"product","2":"type-product","3":"status-publish","4":"has-post-thumbnail","6":"product_cat-transceptores","7":"product_tag-accesorios-dahua","8":"product_tag-gabinetes","9":"product_tag-lentes","10":"product_tag-microfonos","11":"product_tag-probadores-de-video","12":"product_tag-soporte-y-montaje","13":"product_tag-teclados-y-joystick","14":"product_tag-tranceptores","16":"first","17":"instock","18":"sale","19":"taxable","20":"shipping-taxable","21":"purchasable","22":"product-type-simple"},"aioseo_notices":[],"_links":{"self":[{"href":"https:\/\/tecsecmty.com\/index.php\/wp-json\/wp\/v2\/product\/3007","targetHints":{"allow":["GET"]}}],"collection":[{"href":"https:\/\/tecsecmty.com\/index.php\/wp-json\/wp\/v2\/product"}],"about":[{"href":"https:\/\/tecsecmty.com\/index.php\/wp-json\/wp\/v2\/types\/product"}],"replies":[{"embeddable":true,"href":"https:\/\/tecsecmty.com\/index.php\/wp-json\/wp\/v2\/comments?post=3007"}],"version-history":[{"count":0,"href":"https:\/\/tecsecmty.com\/index.php\/wp-json\/wp\/v2\/product\/3007\/revisions"}],"wp:featuredmedia":[{"embeddable":true,"href":"https:\/\/tecsecmty.com\/index.php\/wp-json\/wp\/v2\/media\/3006"}],"wp:attachment":[{"href":"https:\/\/tecsecmty.com\/index.php\/wp-json\/wp\/v2\/media?parent=3007"}],"wp:term":[{"taxonomy":"product_brand","embeddable":true,"href":"https:\/\/tecsecmty.com\/index.php\/wp-json\/wp\/v2\/product_brand?post=3007"},{"taxonomy":"product_cat","embeddable":true,"href":"https:\/\/tecsecmty.com\/index.php\/wp-json\/wp\/v2\/product_cat?post=3007"},{"taxonomy":"product_tag","embeddable":true,"href":"https:\/\/tecsecmty.com\/index.php\/wp-json\/wp\/v2\/product_tag?post=3007"}],"curies":[{"name":"wp","href":"https:\/\/api.w.org\/{rel}","templated":true}]}}