{"id":3009,"date":"2023-02-22T22:10:56","date_gmt":"2023-02-23T04:10:56","guid":{"rendered":"https:\/\/tecsecmty.com\/index.php\/producto\/dahua-pfm8004k-par-de-transceptores-pasivos-4k-resolucion-de-hasta-8-megapixeles-distancia-de-hasta-200-metros-en-4k-soporta-720p-1080p-4mp-5mp-4k-y-formatos-hdcvi-tvi-ahd-cvbs\/"},"modified":"2023-03-22T23:23:05","modified_gmt":"2023-03-23T05:23:05","slug":"dahua-pfm8004k-par-de-transceptores-pasivos-4k-resolucion-de-hasta-8-megapixeles-distancia-de-hasta-200-metros-en-4k-soporta-720p-1080p-4mp-5mp-4k-y-formatos-hdcvi-tvi-ahd-cvbs","status":"publish","type":"product","link":"https:\/\/tecsecmty.com\/index.php\/producto\/dahua-pfm8004k-par-de-transceptores-pasivos-4k-resolucion-de-hasta-8-megapixeles-distancia-de-hasta-200-metros-en-4k-soporta-720p-1080p-4mp-5mp-4k-y-formatos-hdcvi-tvi-ahd-cvbs\/","title":{"rendered":"DAHUA PFM8004K &#8211; Par de Transceptores Pasivos 4k\/ Resoluci\u00f3n de Hasta 8 Megap\u00edxeles\/ Distancia de Hasta 200 Metros en 4K\/ Soporta: 720P\/1080P\/4MP\/5MP\/4K\/ y Formatos: HDCVI\/TVI\/AHD\/CVBS\/"},"content":{"rendered":"<div class=\"row aling-items-center padding-bottom-2x\">\n<div class=\"col-lg-12\">\n<h5 class=\"card-title text-center\">Informaci\u00f3n General<\/h5>\n<p>Los transceptores modelo PFM8004K son transceptores pasivos ( no requieren alimentaci\u00f3n ) ideales para sistemas de video vigilancia (c\u00e1maras y dvr) que operan en formatos de alta resoluci\u00f3n.Soporta resoluciones de 4K,5MP.4MP, 1080P y 720P, lo cual permite a las c\u00e1maras transmitir video a distancias de hasta 200 metros para resoluci\u00f3n de 4MK<\/p>\n<p><img decoding=\"async\" class=\"overview-center-img-web\" src=\"https:\/\/tvc.mx\/media\/37692\/pfm.jpg\" alt=\"\" \/><\/div>\n<\/div>\n<div class=\"row aling-items-center padding-bottom-2x\">\n<div class=\"col-lg-12\">\n<h5 class=\"card-title text-center\">Formatos compatibles.<\/h5>\n<p>Estos transceptores son compatibles con los formatos que existen en el mercado actual: HDCVI \/ TVC \/ AHD \/ CVBS.<\/p>\n<p><img decoding=\"async\" class=\"overview-center-img-web\" src=\"https:\/\/tvc.mx\/media\/37695\/Tecnologias.jpg\" alt=\"\" \/><\/div>\n<\/div>\n<div class=\"row aling-items-center padding-bottom-2x\">\n<div class=\"col-lg-12\">\n<h5 class=\"card-title text-center\">Protecci\u00f3n ESD.<\/h5>\n<p>Las siglas ESD se relacionan con la descarga electrost\u00e1tica, un fen\u00f3meno que hace que circule una corriente el\u00e9ctrica repentina y moment\u00e1nea entre dos objetos de distinto potencial el\u00e9ctrico. Nuestro transceptor esta preparado para proteger los circuitos electr\u00f3nicos contra los da\u00f1os causados por eventos de sobretensi\u00f3n, antiest\u00e1ticas y anti-interferencia.<\/p>\n<p><img decoding=\"async\" class=\"overview-center-img-web\" src=\"https:\/\/tvc.mx\/media\/37698\/ESD.jpg\" alt=\"\" \/><\/div>\n<\/div>\n<div class=\"row aling-items-center padding-bottom-2x\">\n<div class=\"col-lg-12\">\n<h5 class=\"card-title text-center\">Largas Distancias de transmisi\u00f3n.<\/h5>\n<p>Podremos tener un\u00a0gran\u00a0alcance de transmisi\u00f3n siguiente:<\/p>\n<p><img decoding=\"async\" class=\"overview-center-img-web\" src=\"https:\/\/tvc.mx\/media\/37701\/dist.jpg\" alt=\"\" \/><\/div>\n<\/div>\n<div class=\"row aling-items-center padding-bottom-2x\">\n<div class=\"col-lg-12\">\n<h5 class=\"card-title text-center\">Principales caracter\u00edsticas.<\/h5>\n<ul>\n<li class=\"ql-align-justify\">Formatos compatibles HDCVI\/AHD\/TVI\/CVBS.<\/li>\n<li class=\"ql-align-justify\">Resoluci\u00f3n\u00a04K \/ 5MP \/ 4MP \/ 1080P \/ 720P.<\/li>\n<li class=\"ql-align-justify\">Transmisi\u00f3n de video hasta<strong>\u00a0200 mts.<\/strong>\u00a0en\u00a0<strong>4K<\/strong>\u00a0y\u00a0<strong>4MP<\/strong>\u00a0,250 mts. en 1080P y\u00a0400mts. en 720P.<\/li>\n<li class=\"ql-align-justify\">Elimina la distorsi\u00f3n de imagen causada por loops de tierra.<\/li>\n<li class=\"ql-align-justify\">Elimina problemas como el desgaste de la imagen, diafon\u00eda etc.<\/li>\n<li class=\"ql-align-justify\">Protege el sistema de CCTV de la interferencia de cables el\u00e9ctricos.<\/li>\n<li class=\"ql-align-justify\">Integra en el circuito una protecci\u00f3n contra sobretensiones (ESD).<\/li>\n<li class=\"ql-align-justify\">Compacto, f\u00e1cil conexi\u00f3n BNC macho.<\/li>\n<li class=\"ql-align-justify\">Transceptor pasivo\u00a0no requiere\u00a0de fuente de alimentaci\u00f3n.<\/li>\n<li class=\"ql-align-justify\">Temperatura de operaci\u00f3n\u00a0-30\u00baC ~ + 70\u00baC.<\/li>\n<li class=\"ql-align-justify\">Color negro.<\/li>\n<li class=\"ql-align-justify\">Dimensiones 17.3cm*1.95cm*2.1cm.<\/li>\n<li class=\"ql-align-justify\">Peso 40gr.<\/li>\n<\/ul>\n<p><img decoding=\"async\" class=\"overview-center-img-web\" src=\"https:\/\/tvc.mx\/media\/37710\/caract.png\" alt=\"\" \/><\/div>\n<\/div>\n","protected":false},"excerpt":{"rendered":"<p>Informaci\u00f3n General Los transceptores modelo PFM8004K son transceptores pasivos ( no requieren alimentaci\u00f3n ) ideales para sistemas de video vigilancia (c\u00e1maras y dvr) que operan en formatos de alta resoluci\u00f3n.Soporta resoluciones de 4K,5MP.4MP, 1080P y 720P, lo cual permite a las c\u00e1maras transmitir video a&hellip;<\/p>\n","protected":false},"featured_media":3008,"comment_status":"open","ping_status":"closed","template":"","meta":{"om_disable_all_campaigns":false,"_monsterinsights_skip_tracking":false,"_monsterinsights_sitenote_active":false,"_monsterinsights_sitenote_note":"","_monsterinsights_sitenote_category":0},"product_brand":[],"product_cat":[192],"product_tag":[178,179,180,181,182,183,184,185],"class_list":{"0":"post-3009","1":"product","2":"type-product","3":"status-publish","4":"has-post-thumbnail","6":"product_cat-transceptores","7":"product_tag-accesorios-dahua","8":"product_tag-gabinetes","9":"product_tag-lentes","10":"product_tag-microfonos","11":"product_tag-probadores-de-video","12":"product_tag-soporte-y-montaje","13":"product_tag-teclados-y-joystick","14":"product_tag-tranceptores","16":"first","17":"instock","18":"sale","19":"taxable","20":"shipping-taxable","21":"purchasable","22":"product-type-simple"},"aioseo_notices":[],"_links":{"self":[{"href":"https:\/\/tecsecmty.com\/index.php\/wp-json\/wp\/v2\/product\/3009","targetHints":{"allow":["GET"]}}],"collection":[{"href":"https:\/\/tecsecmty.com\/index.php\/wp-json\/wp\/v2\/product"}],"about":[{"href":"https:\/\/tecsecmty.com\/index.php\/wp-json\/wp\/v2\/types\/product"}],"replies":[{"embeddable":true,"href":"https:\/\/tecsecmty.com\/index.php\/wp-json\/wp\/v2\/comments?post=3009"}],"version-history":[{"count":0,"href":"https:\/\/tecsecmty.com\/index.php\/wp-json\/wp\/v2\/product\/3009\/revisions"}],"wp:featuredmedia":[{"embeddable":true,"href":"https:\/\/tecsecmty.com\/index.php\/wp-json\/wp\/v2\/media\/3008"}],"wp:attachment":[{"href":"https:\/\/tecsecmty.com\/index.php\/wp-json\/wp\/v2\/media?parent=3009"}],"wp:term":[{"taxonomy":"product_brand","embeddable":true,"href":"https:\/\/tecsecmty.com\/index.php\/wp-json\/wp\/v2\/product_brand?post=3009"},{"taxonomy":"product_cat","embeddable":true,"href":"https:\/\/tecsecmty.com\/index.php\/wp-json\/wp\/v2\/product_cat?post=3009"},{"taxonomy":"product_tag","embeddable":true,"href":"https:\/\/tecsecmty.com\/index.php\/wp-json\/wp\/v2\/product_tag?post=3009"}],"curies":[{"name":"wp","href":"https:\/\/api.w.org\/{rel}","templated":true}]}}