{"id":3039,"date":"2023-02-22T23:38:59","date_gmt":"2023-02-23T05:38:59","guid":{"rendered":"https:\/\/tecsecmty.com\/index.php\/producto\/dahua-dhi-pkp-wp0b-cable-usb-para-proyeccion-inalambrica-a-pantalla-interactiva-usb-transmision-inalambrica\/"},"modified":"2023-03-22T23:22:36","modified_gmt":"2023-03-23T05:22:36","slug":"dahua-dhi-pkp-wp0b-cable-usb-para-proyeccion-inalambrica-a-pantalla-interactiva-usb-transmision-inalambrica","status":"publish","type":"product","link":"https:\/\/tecsecmty.com\/index.php\/producto\/dahua-dhi-pkp-wp0b-cable-usb-para-proyeccion-inalambrica-a-pantalla-interactiva-usb-transmision-inalambrica\/","title":{"rendered":"DAHUA DHI-PKP-WP0B &#8211; Cable USB para Proyecci\u00f3n Inalambrica a Pantalla Interactiva\/ USB\/ Transmisi\u00f3n Inalambrica \/"},"content":{"rendered":"<div class=\"row aling-items-center padding-bottom-2x\">\n<div class=\"col-lg-12\">\n<h5 class=\"card-title text-center\">Informaci\u00f3n General<\/h5>\n<p>Cable inal\u00e1mbrico para compartir pantalla, proyecci\u00f3n con un solo bot\u00f3n<\/p>\n<p><img decoding=\"async\" class=\"overview-center-img-web\" src=\"https:\/\/tvc.mx\/media\/497070\/Digital_Signage_USB_Cable_Proyeccion_Inalambrica_a_Pantalla_Interactiva_Dahua_DHI-PKP-WP0B_Over_Ppal.png\" alt=\"\" \/><\/div>\n<\/div>\n<div class=\"row align-items-center padding-bottom-2x\">\n<div class=\"col-md-5\"><img decoding=\"async\" class=\"d-block m-auto img-thumbnail\" src=\"https:\/\/tvc.mx\/media\/497054\/Digital_Signage_USB_Cable_Proyeccion_Inalambrica_a_Pantalla_Interactiva_Dahua_DHI-PKP-WP0B_Over_M.png\" alt=\" \" \/><\/div>\n<div class=\"col-md-7 text-md-left text-center\">\n<h2>Especificaciones<\/h2>\n<p class=\"text-muted\">\n<ul>\n<li>Sistema operativo compatible Windows 7, Windows 8 y Windows 10; Mac OS X 10.6, Mac OS X 10.7 y posteriores.<\/li>\n<li>Cifrado CCMP<\/li>\n<li>Protocolo de autenticaci\u00f3n WPA2-PSK<\/li>\n<li>Protocolo de transmisi\u00f3n inal\u00e1mbrica IEEE 802.11a\/g\/n<\/li>\n<li>Tasa de datos inal\u00e1mbricos 54Mbps<\/li>\n<li>Cuadros por segundo Windows: 1920 \u00d7 1080 a 25 fps\/1366 \u00d7 768 a 25 fps \/ IOS: 1920 \u00d7 1080 a 30 fps\/1366 \u00d7 768 a 30 fps<\/li>\n<li>Resoluci\u00f3n de entrada 1920 \u00d7 1200<\/li>\n<li>Resoluci\u00f3n de salida 1920 \u00d7 1080<\/li>\n<li>Puerto 1 \u00d7 USB 2.0<\/li>\n<li>Voltaje de entrada 5V DC.<\/li>\n<li>El consumo de energ\u00eda 2.5 vatios<\/li>\n<li>Distancia de transmisi\u00f3n La distancia entre los proyectores inal\u00e1mbricos y el anfitri\u00f3n es de hasta 15 m.<\/li>\n<li>Banda de frecuencia 2.4 GHz y 5 GHz (recomendado)<\/li>\n<\/ul>\n<\/div>\n<\/div>\n","protected":false},"excerpt":{"rendered":"<p>Informaci\u00f3n General Cable inal\u00e1mbrico para compartir pantalla, proyecci\u00f3n con un solo bot\u00f3n Especificaciones Sistema operativo compatible Windows 7, Windows 8 y Windows 10; Mac OS X 10.6, Mac OS X 10.7 y posteriores. Cifrado CCMP Protocolo de autenticaci\u00f3n WPA2-PSK Protocolo de transmisi\u00f3n inal\u00e1mbrica IEEE 802.11a\/g\/n&hellip;<\/p>\n","protected":false},"featured_media":3038,"comment_status":"open","ping_status":"closed","template":"","meta":{"om_disable_all_campaigns":false,"_monsterinsights_skip_tracking":false,"_monsterinsights_sitenote_active":false,"_monsterinsights_sitenote_note":"","_monsterinsights_sitenote_category":0},"product_brand":[],"product_cat":[198],"product_tag":[201,200,199],"class_list":{"0":"post-3039","1":"product","2":"type-product","3":"status-publish","4":"has-post-thumbnail","6":"product_cat-accesorios-videowall","7":"product_tag-soporte-dahua","8":"product_tag-soporte-tv","9":"product_tag-videowall","11":"first","12":"instock","13":"sale","14":"taxable","15":"shipping-taxable","16":"purchasable","17":"product-type-simple"},"aioseo_notices":[],"_links":{"self":[{"href":"https:\/\/tecsecmty.com\/index.php\/wp-json\/wp\/v2\/product\/3039","targetHints":{"allow":["GET"]}}],"collection":[{"href":"https:\/\/tecsecmty.com\/index.php\/wp-json\/wp\/v2\/product"}],"about":[{"href":"https:\/\/tecsecmty.com\/index.php\/wp-json\/wp\/v2\/types\/product"}],"replies":[{"embeddable":true,"href":"https:\/\/tecsecmty.com\/index.php\/wp-json\/wp\/v2\/comments?post=3039"}],"version-history":[{"count":0,"href":"https:\/\/tecsecmty.com\/index.php\/wp-json\/wp\/v2\/product\/3039\/revisions"}],"wp:featuredmedia":[{"embeddable":true,"href":"https:\/\/tecsecmty.com\/index.php\/wp-json\/wp\/v2\/media\/3038"}],"wp:attachment":[{"href":"https:\/\/tecsecmty.com\/index.php\/wp-json\/wp\/v2\/media?parent=3039"}],"wp:term":[{"taxonomy":"product_brand","embeddable":true,"href":"https:\/\/tecsecmty.com\/index.php\/wp-json\/wp\/v2\/product_brand?post=3039"},{"taxonomy":"product_cat","embeddable":true,"href":"https:\/\/tecsecmty.com\/index.php\/wp-json\/wp\/v2\/product_cat?post=3039"},{"taxonomy":"product_tag","embeddable":true,"href":"https:\/\/tecsecmty.com\/index.php\/wp-json\/wp\/v2\/product_tag?post=3039"}],"curies":[{"name":"wp","href":"https:\/\/api.w.org\/{rel}","templated":true}]}}