{"id":3051,"date":"2023-02-22T23:39:13","date_gmt":"2023-02-23T05:39:13","guid":{"rendered":"https:\/\/tecsecmty.com\/index.php\/producto\/dahua-nvd0905dh4i4k-decodoficador-de-video-ultra-hd-4k-h265-h265-h264-mjpeg-9-salidas-hdmi-as-alarma\/"},"modified":"2023-03-22T23:22:59","modified_gmt":"2023-03-23T05:22:59","slug":"dahua-nvd0905dh4i4k-decodoficador-de-video-ultra-hd-4k-h265-h265-h264-mjpeg-9-salidas-hdmi-as-alarma","status":"publish","type":"product","link":"https:\/\/tecsecmty.com\/index.php\/producto\/dahua-nvd0905dh4i4k-decodoficador-de-video-ultra-hd-4k-h265-h265-h264-mjpeg-9-salidas-hdmi-as-alarma\/","title":{"rendered":"DAHUA NVD0905DH4I4K- DECODOFICADOR DE VIDEO ULTRA HD (4K)\/ H265+\/ H265\/ H264\/ MJPEG\/ 9 SALIDAS HDMI\/ A&amp;S ALARMA\/"},"content":{"rendered":"<div class=\"row aling-items-center padding-bottom-2x\">\n<div class=\"col-lg-12\">\n<h5 class=\"card-title text-center\">Informaci\u00f3n General<\/h5>\n<p>El decodificador\u00a0<strong>NVD0905DH-4I-4K<\/strong>\u00a0permite gestionar la visualizaci\u00f3n de im\u00e1genes en hasta 9 monitores con conector HDMI. El dispositivo es totalmente configurable a trav\u00e9s de la red, y las pantallas gestionadas por \u00e9l pueden visualizar las im\u00e1genes de c\u00e1maras IP y directamente de las entradas HDMI y DVI del dispositivo.<\/p>\n<p><img decoding=\"async\" class=\"overview-center-img-web\" src=\"https:\/\/tvc.mx\/media\/465008\/Dahua-NVD0905DH4I4K-Decodificador-de-Video-Ultra-HD-4K-H.265plus-9-Salidas-HDMI-AlarmaIP.png\" alt=\"\" \/><\/div>\n<\/div>\n<div class=\"row align-items-center padding-bottom-2x\">\n<div class=\"col-md-5\"><img decoding=\"async\" class=\"d-block m-auto img-thumbnail\" src=\"https:\/\/tvc.mx\/media\/465010\/funcionamiento-decodificador-dahua.png\" alt=\" \" \/><\/div>\n<div class=\"col-md-7 text-md-left text-center\">\n<h2>Funcionamiento<\/h2>\n<p class=\"text-muted\">\n<p>El decodificador\u00a0<strong>NVD0905DH-4I-4K\u00a0<\/strong>permite la configuraci\u00f3n desde su computadora mediante la iterfaz web, cuenta con 2 entradas HDMI donde podr\u00e1 env\u00edar video y tambi\u00e9n lo podr\u00e1 recibir mediante la red.<\/p>\n<p>&nbsp;<\/p>\n<\/div>\n<\/div>\n<hr class=\"padding-bottom-2x\" \/>\n<div class=\"row align-items-center padding-bottom-2x\">\n<div class=\"col-md-5 order-md-2\"><img decoding=\"async\" class=\"d-block m-auto img-thumbnail\" src=\"https:\/\/tvc.mx\/media\/465012\/Salida-de-video-dahua.png\" alt=\" \" \/><\/div>\n<div class=\"col-md-7 order-md-1 text-md-left text-center\">\n<h2>Salida de Video<\/h2>\n<p class=\"text-muted\">\n<p>El decodificador permite hacer una matriz 3&#215;3 debido a que cuenta con 9 salidas de Video HDMI 4K.<\/p>\n<p>&nbsp;<\/p>\n<\/div>\n<\/div>\n<hr class=\"padding-bottom-2x\" \/>\n<div class=\"row align-items-center padding-bottom-2x\">\n<div class=\"col-md-5\"><img decoding=\"async\" class=\"d-block m-auto img-thumbnail\" src=\"https:\/\/tvc.mx\/media\/465014\/multiples-modos-de-combinacion-dahua.png\" alt=\" \" \/><\/div>\n<div class=\"col-md-7 text-md-left text-center\">\n<h2>M\u00faltiples Modos de Combinaci\u00f3n<\/h2>\n<p class=\"text-muted\">\n<p>Nuestro decodificador de video\u00a0<strong>NVD0905DH4I4K<\/strong>, soporta m\u00faltiples modos de combinaci\u00f3n como lo son:<\/p>\n<ol>\n<li>Control de pantalla de<strong>\u00a0empalme<\/strong>\u00a0para zoom.<\/li>\n<li>Merge &#8211; Fusi\u00f3n,<\/li>\n<li>Roam &#8211; Desplazamiento<\/li>\n<li>Overlay &#8211; Superposici\u00f3n.<\/li>\n<\/ol>\n<p>&nbsp;<\/p>\n<\/div>\n<\/div>\n<hr class=\"padding-bottom-2x\" \/>\n<div class=\"row align-items-center padding-bottom-2x\">\n<div class=\"col-md-5 order-md-2\"><img decoding=\"async\" class=\"d-block m-auto img-thumbnail\" src=\"https:\/\/tvc.mx\/media\/465016\/Dahua-NVD0905DH4I4K-Decodificador-de-Video-Ultra-HD-4K-H.265plus-9-Salidas-HDMI-AlarmaIP-caracteristicas.png\" alt=\" \" \/><\/div>\n<div class=\"col-md-7 order-md-1 text-md-left text-center\">\n<h2>Principales caracter\u00edsticas.<\/h2>\n<p class=\"text-muted\">\n<ul>\n<li>Dise\u00f1ado\u00a0para\u00a0visores\u00a0de\u00a0operadores\u00a0independientes<\/li>\n<li>Decodificaci\u00f3n\u00a0de\u00a0video\u00a0H.265\u00a0+\u00a0\/\u00a0H.265\u00a0\/\u00a0H.264\u00a0\/\u00a0MPEG4\u00a0\/\u00a0MPEG2\u00a0\/\u00a0MJPEG<\/li>\n<li>Capacidad\u00a0de\u00a0decodificaci\u00f3n\u00a0ultra\u00a0alta<\/li>\n<\/ul>\n<p>&nbsp;<\/p>\n<\/div>\n<\/div>\n<hr class=\"padding-bottom-2x\" \/>\n<div class=\"row align-items-center padding-bottom-2x\">\n<div class=\"col-md-5\"><img decoding=\"async\" class=\"d-block m-auto img-thumbnail\" src=\"https:\/\/tvc.mx\/media\/465018\/Dahua-NVD0905DH4I4K-Decodificador-de-Video-Ultra-HD-4K-H.265plus-9-Salidas-HDMI-AlarmaIP-especificaciones.png\" alt=\" \" \/><\/div>\n<div class=\"col-md-7 text-md-left text-center\">\n<h2>Especificaciones<\/h2>\n<p class=\"text-muted\">\n<ul>\n<li>Puertos de entrada: 2 x HDMI.<\/li>\n<li>Puertos de entrada: 2 x DVI.<\/li>\n<li>Puertos de salida: 9 x HDMI.<\/li>\n<li>Formatos de Video: H.265+\/ H.265\/ H.264\/ MPEG4\/ MPEG2\/ MJPEG.<\/li>\n<li>Formatos de Audio: PCM\/G711\/AAC.<\/li>\n<li>Decodificaci\u00f3n Total de Video: 3CH@32MP(25fps)\/9CH@12MP(15fps)<\/li>\n<li>Decodificaci\u00f3n Total de Video12CH@8MP\/48CH@1 .<\/li>\n<li>Resoluciones soportadas: 32MP\/12MP\/8MP\/6MP\/5MP\/4MP\/3MP<\/li>\n<li>Resoluciones soportadas: \/1080P\/720P\/960H\/D1\/HD1\/2CIF\/CIF\/QCIF\u00a0.<\/li>\n<li>2 Puertos de red RJ45 (10M\/100M\/1000M).<\/li>\n<li>3 Puertos RS232(1 DB9, 2 RJ45).<\/li>\n<li>1 Puerto RS485\u00a0.<\/li>\n<li>Comunicaci\u00f3n Bidireccional :1 Par 3.5mm jack (reservado) (2.0V Line in\/50mV Mic in\/10K\u03a9,<\/li>\n<li>2.0V\/16\u03a9 out).<\/li>\n<li>4 entradas de alarma.<\/li>\n<li>4 salidas de alarma (30VDC 1A, 125VAC, 0.5A).<\/li>\n<li>Temperatura de trabajo: -10 \u00b0C t hasta +55 \u00b0C.<\/li>\n<li>Fuente de poder: AC100-240V, 50Hz-60Hz.<\/li>\n<li>Consumo: &lt;70W.<\/li>\n<li>Dimensiones: 1.5U, 440\u00d7408\u00d770mm.<\/li>\n<li>Peso: 4.83 Kg.<\/li>\n<li>Color: Negro.<\/li>\n<\/ul>\n<\/div>\n<\/div>\n","protected":false},"excerpt":{"rendered":"<p>Informaci\u00f3n General El decodificador\u00a0NVD0905DH-4I-4K\u00a0permite gestionar la visualizaci\u00f3n de im\u00e1genes en hasta 9 monitores con conector HDMI. El dispositivo es totalmente configurable a trav\u00e9s de la red, y las pantallas gestionadas por \u00e9l pueden visualizar las im\u00e1genes de c\u00e1maras IP y directamente de las entradas HDMI&hellip;<\/p>\n","protected":false},"featured_media":3050,"comment_status":"open","ping_status":"closed","template":"","meta":{"om_disable_all_campaigns":false,"_monsterinsights_skip_tracking":false,"_monsterinsights_sitenote_active":false,"_monsterinsights_sitenote_note":"","_monsterinsights_sitenote_category":0},"product_brand":[],"product_cat":[202],"product_tag":[201,200,199],"class_list":{"0":"post-3051","1":"product","2":"type-product","3":"status-publish","4":"has-post-thumbnail","6":"product_cat-controladores","7":"product_tag-soporte-dahua","8":"product_tag-soporte-tv","9":"product_tag-videowall","11":"first","12":"instock","13":"sale","14":"taxable","15":"shipping-taxable","16":"purchasable","17":"product-type-simple"},"aioseo_notices":[],"_links":{"self":[{"href":"https:\/\/tecsecmty.com\/index.php\/wp-json\/wp\/v2\/product\/3051","targetHints":{"allow":["GET"]}}],"collection":[{"href":"https:\/\/tecsecmty.com\/index.php\/wp-json\/wp\/v2\/product"}],"about":[{"href":"https:\/\/tecsecmty.com\/index.php\/wp-json\/wp\/v2\/types\/product"}],"replies":[{"embeddable":true,"href":"https:\/\/tecsecmty.com\/index.php\/wp-json\/wp\/v2\/comments?post=3051"}],"version-history":[{"count":0,"href":"https:\/\/tecsecmty.com\/index.php\/wp-json\/wp\/v2\/product\/3051\/revisions"}],"wp:featuredmedia":[{"embeddable":true,"href":"https:\/\/tecsecmty.com\/index.php\/wp-json\/wp\/v2\/media\/3050"}],"wp:attachment":[{"href":"https:\/\/tecsecmty.com\/index.php\/wp-json\/wp\/v2\/media?parent=3051"}],"wp:term":[{"taxonomy":"product_brand","embeddable":true,"href":"https:\/\/tecsecmty.com\/index.php\/wp-json\/wp\/v2\/product_brand?post=3051"},{"taxonomy":"product_cat","embeddable":true,"href":"https:\/\/tecsecmty.com\/index.php\/wp-json\/wp\/v2\/product_cat?post=3051"},{"taxonomy":"product_tag","embeddable":true,"href":"https:\/\/tecsecmty.com\/index.php\/wp-json\/wp\/v2\/product_tag?post=3051"}],"curies":[{"name":"wp","href":"https:\/\/api.w.org\/{rel}","templated":true}]}}