{"id":3116,"date":"2023-02-22T23:49:03","date_gmt":"2023-02-23T05:49:03","guid":{"rendered":"https:\/\/tecsecmty.com\/index.php\/producto\/dahua-evs5048sr-servidor-de-almacenamiento-ip-rendimiento-grabacion-1024mbps-48-bahias-raid\/"},"modified":"2023-03-22T23:22:37","modified_gmt":"2023-03-23T05:22:37","slug":"dahua-evs5048sr-servidor-de-almacenamiento-ip-rendimiento-grabacion-1024mbps-48-bahias-raid","status":"publish","type":"product","link":"https:\/\/tecsecmty.com\/index.php\/producto\/dahua-evs5048sr-servidor-de-almacenamiento-ip-rendimiento-grabacion-1024mbps-48-bahias-raid\/","title":{"rendered":"DAHUA EVS5048SR- SERVIDOR DE ALMACENAMIENTO IP\/RENDIMIENTO GRABACION 1024MBPS\/ 48 BAHIAS\/ RAID"},"content":{"rendered":"<div class=\"row aling-items-center padding-bottom-2x\">\n<div class=\"col-lg-12\">\n<h5 class=\"card-title text-center\">Informaci\u00f3n General<\/h5>\n<p>EVS5048S-R ofrece una tecnolog\u00eda de almacenamiento sin precedentes. Est\u00e1 dise\u00f1ado y desarrollado para satisfacer las necesidades de las aplicaciones de videovigilancia IP de rango medio a alto. Admite 320 canales de entradas de c\u00e1mara IP y un ancho de banda de entrada\/grabaci\u00f3n de 640 Mbps<\/p>\n<p><img decoding=\"async\" class=\"overview-center-img-web\" src=\"https:\/\/tvc.mx\/media\/496290\/servidor-de-almacenamiento-IP--EVS5048S-R-Dahua.png\" alt=\"\" \/><\/div>\n<\/div>\n<div class=\"row align-items-center padding-bottom-2x\">\n<div class=\"col-md-5\"><img decoding=\"async\" class=\"d-block m-auto img-thumbnail\" src=\"https:\/\/tvc.mx\/media\/496292\/servidor-de-almacenamiento-IP--EVS5048S-R-Dahua-caracteristicas.png\" alt=\" \" \/><\/div>\n<div class=\"col-md-7 text-md-left text-center\">\n<h2>Principales Caracter\u00edsticas<\/h2>\n<p class=\"text-muted\">\n<ul>\n<li>Procesador Intel \u00b7 Max 320 entradas de c\u00e1mara IP<\/li>\n<li>Max 640 Mbps Entrante\/ancho de banda de grabaci\u00f3n<\/li>\n<li>48 discos duros, SATA, Hot-Swap<\/li>\n<li>Admite RAID 0\/1\/5\/6\/10\/50\/60\/JBOD, repuesto activo<\/li>\n<li>iSCSI y Mini SAS para espacio de almacenamiento ampliado<\/li>\n<li>Admite almacenamiento de protocolo iSCSI est\u00e1ndar<\/li>\n<li>Dise\u00f1o modular y sin cables<\/li>\n<li>Energ\u00eda redundante<\/li>\n<\/ul>\n<\/div>\n<\/div>\n","protected":false},"excerpt":{"rendered":"<p>Informaci\u00f3n General EVS5048S-R ofrece una tecnolog\u00eda de almacenamiento sin precedentes. Est\u00e1 dise\u00f1ado y desarrollado para satisfacer las necesidades de las aplicaciones de videovigilancia IP de rango medio a alto. Admite 320 canales de entradas de c\u00e1mara IP y un ancho de banda de entrada\/grabaci\u00f3n de&hellip;<\/p>\n","protected":false},"featured_media":3115,"comment_status":"open","ping_status":"closed","template":"","meta":{"om_disable_all_campaigns":false,"_monsterinsights_skip_tracking":false,"_monsterinsights_sitenote_active":false,"_monsterinsights_sitenote_note":"","_monsterinsights_sitenote_category":0},"product_brand":[],"product_cat":[205],"product_tag":[206],"class_list":{"0":"post-3116","1":"product","2":"type-product","3":"status-publish","4":"has-post-thumbnail","6":"product_cat-servidores-y-software-de-videovigilancia","7":"product_tag-servidores-y-software-de-videovigilancia","9":"first","10":"instock","11":"sale","12":"taxable","13":"shipping-taxable","14":"purchasable","15":"product-type-simple"},"aioseo_notices":[],"_links":{"self":[{"href":"https:\/\/tecsecmty.com\/index.php\/wp-json\/wp\/v2\/product\/3116","targetHints":{"allow":["GET"]}}],"collection":[{"href":"https:\/\/tecsecmty.com\/index.php\/wp-json\/wp\/v2\/product"}],"about":[{"href":"https:\/\/tecsecmty.com\/index.php\/wp-json\/wp\/v2\/types\/product"}],"replies":[{"embeddable":true,"href":"https:\/\/tecsecmty.com\/index.php\/wp-json\/wp\/v2\/comments?post=3116"}],"version-history":[{"count":0,"href":"https:\/\/tecsecmty.com\/index.php\/wp-json\/wp\/v2\/product\/3116\/revisions"}],"wp:featuredmedia":[{"embeddable":true,"href":"https:\/\/tecsecmty.com\/index.php\/wp-json\/wp\/v2\/media\/3115"}],"wp:attachment":[{"href":"https:\/\/tecsecmty.com\/index.php\/wp-json\/wp\/v2\/media?parent=3116"}],"wp:term":[{"taxonomy":"product_brand","embeddable":true,"href":"https:\/\/tecsecmty.com\/index.php\/wp-json\/wp\/v2\/product_brand?post=3116"},{"taxonomy":"product_cat","embeddable":true,"href":"https:\/\/tecsecmty.com\/index.php\/wp-json\/wp\/v2\/product_cat?post=3116"},{"taxonomy":"product_tag","embeddable":true,"href":"https:\/\/tecsecmty.com\/index.php\/wp-json\/wp\/v2\/product_tag?post=3116"}],"curies":[{"name":"wp","href":"https:\/\/api.w.org\/{rel}","templated":true}]}}