{"id":3137,"date":"2023-02-23T00:14:33","date_gmt":"2023-02-23T06:14:33","guid":{"rendered":"https:\/\/tecsecmty.com\/index.php\/producto\/av-tt004-gabinete-metalico-para-modulos-dsc-seco-larm-beige-lamina-de-alta-calidad\/"},"modified":"2023-03-22T23:20:52","modified_gmt":"2023-03-23T05:20:52","slug":"av-tt004-gabinete-metalico-para-modulos-dsc-seco-larm-beige-lamina-de-alta-calidad","status":"publish","type":"product","link":"https:\/\/tecsecmty.com\/index.php\/producto\/av-tt004-gabinete-metalico-para-modulos-dsc-seco-larm-beige-lamina-de-alta-calidad\/","title":{"rendered":"AV TT004 &#8211; Gabinete Met\u00e1lico para Modulos DSC SECO LARM BEIGE Lamina de Alta Calidad"},"content":{"rendered":"<h5 class=\"card-title text-center\">Gabinete met\u00e1lico peque\u00f1o, ideal para modulos DSC y fuentes de poder SECO LARM.<\/h5>\n<h4>Descripci\u00f3n t\u00e9cnica:<\/h4>\n<h4>Dimensiones Alto: 19 cm. Ancho: 23 cm. Fondo: 9 cm.<\/h4>\n<h4>Dise\u00f1ado para interiores<\/h4>\n<h4>Met\u00e1lico en color Beige<\/h4>\n<h4><\/h4>\n<h4>Beneficios adicionales<\/h4>\n<h4>Puerta removible<\/h4>\n<h4>Montaje de pared<\/h4>\n<h4><\/h4>\n<h4><\/h4>\n<h4>Funcionalidad:<\/h4>\n<h4>Ideal para el montaje de m\u00f3dulos y fuentes de poder como SECO LARM<\/h4>\n<h4><\/h4>\n<h4>Instalaci\u00f3n:<\/h4>\n<h4>Industrias<\/h4>\n<h4>Zonas residenciales<\/h4>\n<h4>Zonas comerciales<\/h4>\n<h4><\/h4>\n<h4><\/h4>\n<h4>Compatibilidad:<\/h4>\n<h4>Todos los modulos DSC (expansores, fuentes etc) asi como fuentes de poder SECO LARM<\/h4>\n","protected":false},"excerpt":{"rendered":"<p>Gabinete met\u00e1lico peque\u00f1o, ideal para modulos DSC y fuentes de poder SECO LARM. Descripci\u00f3n t\u00e9cnica: Dimensiones Alto: 19 cm. Ancho: 23 cm. Fondo: 9 cm. Dise\u00f1ado para interiores Met\u00e1lico en color Beige Beneficios adicionales Puerta removible Montaje de pared Funcionalidad: Ideal para el montaje de&hellip;<\/p>\n","protected":false},"featured_media":3136,"comment_status":"open","ping_status":"closed","template":"","meta":{"om_disable_all_campaigns":false,"_monsterinsights_skip_tracking":false,"_monsterinsights_sitenote_active":false,"_monsterinsights_sitenote_note":"","_monsterinsights_sitenote_category":0},"product_brand":[],"product_cat":[218],"product_tag":[212,211,151],"class_list":{"0":"post-3137","1":"product","2":"type-product","3":"status-publish","4":"has-post-thumbnail","6":"product_cat-accesorios-alarmas-alarmas-dsc","7":"product_tag-alarmas","8":"product_tag-alarmas-e-intrusion","9":"product_tag-seguridad","11":"first","12":"instock","13":"sale","14":"taxable","15":"shipping-taxable","16":"purchasable","17":"product-type-simple"},"aioseo_notices":[],"_links":{"self":[{"href":"https:\/\/tecsecmty.com\/index.php\/wp-json\/wp\/v2\/product\/3137","targetHints":{"allow":["GET"]}}],"collection":[{"href":"https:\/\/tecsecmty.com\/index.php\/wp-json\/wp\/v2\/product"}],"about":[{"href":"https:\/\/tecsecmty.com\/index.php\/wp-json\/wp\/v2\/types\/product"}],"replies":[{"embeddable":true,"href":"https:\/\/tecsecmty.com\/index.php\/wp-json\/wp\/v2\/comments?post=3137"}],"version-history":[{"count":0,"href":"https:\/\/tecsecmty.com\/index.php\/wp-json\/wp\/v2\/product\/3137\/revisions"}],"wp:featuredmedia":[{"embeddable":true,"href":"https:\/\/tecsecmty.com\/index.php\/wp-json\/wp\/v2\/media\/3136"}],"wp:attachment":[{"href":"https:\/\/tecsecmty.com\/index.php\/wp-json\/wp\/v2\/media?parent=3137"}],"wp:term":[{"taxonomy":"product_brand","embeddable":true,"href":"https:\/\/tecsecmty.com\/index.php\/wp-json\/wp\/v2\/product_brand?post=3137"},{"taxonomy":"product_cat","embeddable":true,"href":"https:\/\/tecsecmty.com\/index.php\/wp-json\/wp\/v2\/product_cat?post=3137"},{"taxonomy":"product_tag","embeddable":true,"href":"https:\/\/tecsecmty.com\/index.php\/wp-json\/wp\/v2\/product_tag?post=3137"}],"curies":[{"name":"wp","href":"https:\/\/api.w.org\/{rel}","templated":true}]}}